-- https://www.phpmyadmin.net/
--

START TRANSACTION;



--
-- Database: `nytakst_wp`
--

-- --------------------------------------------------------

--
-- Table structure for table `wp_nytakstactionscheduler_actions`
--

CREATE TABLE `wp_nytakstactionscheduler_actions` (
  `action_id` bigint(20) UNSIGNED NOT NULL,
  `hook` varchar(191) COLLATE utf8mb4_unicode_520_ci NOT NULL,
  `status` varchar(20) COLLATE utf8mb4_unicode_520_ci NOT NULL,
  `scheduled_date_gmt` datetime NOT NULL DEFAULT '0000-00-00 00:00:00',
  `scheduled_date_local` datetime NOT NULL DEFAULT '0000-00-00 00:00:00',
  `args` varchar(191) COLLATE utf8mb4_unicode_520_ci DEFAULT NULL,
  `schedule` longtext COLLATE utf8mb4_unicode_520_ci,
  `group_id` bigint(20) UNSIGNED NOT NULL DEFAULT '0',
  `attempts` int(11) NOT NULL DEFAULT '0',
  `last_attempt_gmt` datetime NOT NULL DEFAULT '0000-00-00 00:00:00',
  `last_attempt_local` datetime NOT NULL DEFAULT '0000-00-00 00:00:00',
  `claim_id` bigint(20) UNSIGNED NOT NULL DEFAULT '0',
  `extended_args` varchar(8000) COLLATE utf8mb4_unicode_520_ci DEFAULT NULL
) ENGINE=InnoDB DEFAULT CHARSET=utf8mb4 COLLATE=utf8mb4_unicode_520_ci;

--
-- Dumping data for table `wp_nytakstactionscheduler_actions`
--

INSERT INTO `wp_nytakstactionscheduler_actions` (`action_id`, `hook`, `status`, `scheduled_date_gmt`, `scheduled_date_local`, `args`, `schedule`, `group_id`, `attempts`, `last_attempt_gmt`, `last_attempt_local`, `claim_id`, `extended_args`) VALUES
(2626, 'wpforms_send_usage_data', 'complete', '2025-04-25 11:52:26', '2025-04-25 11:52:26', '{\"tasks_meta_id\":null}', 'O:32:\"ActionScheduler_IntervalSchedule\":5:{s:22:\"\0*\0scheduled_timestamp\";i:1745581946;s:18:\"\0*\0first_timestamp\";i:1622168952;s:13:\"\0*\0recurrence\";i:604800;s:49:\"\0ActionScheduler_IntervalSchedule\0start_timestamp\";i:1745581946;s:53:\"\0ActionScheduler_IntervalSchedule\0interval_in_seconds\";i:604800;}', 2, 1, '2025-04-25 11:54:12', '2025-04-25 11:54:12', 0, NULL),
(2627, 'wpforms_email_summaries_fetch_info_blocks', 'complete', '2025-04-25 13:22:58', '2025-04-25 13:22:58', '{\"tasks_meta_id\":null}', 'O:32:\"ActionScheduler_IntervalSchedule\":5:{s:22:\"\0*\0scheduled_timestamp\";i:1745587378;s:18:\"\0*\0first_timestamp\";i:1621571433;s:13:\"\0*\0recurrence\";i:604800;s:49:\"\0ActionScheduler_IntervalSchedule\0start_timestamp\";i:1745587378;s:53:\"\0ActionScheduler_IntervalSchedule\0interval_in_seconds\";i:604800;}', 2, 1, '2025-04-25 13:26:03', '2025-04-25 13:26:03', 0, NULL),
(2628, 'wpforms_admin_addons_cache_update', 'complete', '2025-04-25 13:22:59', '2025-04-25 13:22:59', '{\"tasks_meta_id\":6}', 'O:32:\"ActionScheduler_IntervalSchedule\":5:{s:22:\"\0*\0scheduled_timestamp\";i:1745587379;s:18:\"\0*\0first_timestamp\";i:1622177948;s:13:\"\0*\0recurrence\";i:604800;s:49:\"\0ActionScheduler_IntervalSchedule\0start_timestamp\";i:1745587379;s:53:\"\0ActionScheduler_IntervalSchedule\0interval_in_seconds\";i:604800;}', 2, 1, '2025-04-25 13:26:03', '2025-04-25 13:26:03', 0, NULL),
(2629, 'wpforms_builder_help_cache_update', 'complete', '2025-04-25 13:22:59', '2025-04-25 13:22:59', '{\"tasks_meta_id\":7}', 'O:32:\"ActionScheduler_IntervalSchedule\":5:{s:22:\"\0*\0scheduled_timestamp\";i:1745587379;s:18:\"\0*\0first_timestamp\";i:1622177966;s:13:\"\0*\0recurrence\";i:604800;s:49:\"\0ActionScheduler_IntervalSchedule\0start_timestamp\";i:1745587379;s:53:\"\0ActionScheduler_IntervalSchedule\0interval_in_seconds\";i:604800;}', 2, 1, '2025-04-25 13:26:03', '2025-04-25 13:26:03', 0, NULL),
(2631, 'wpforms_process_entry_emails_meta_cleanup', 'complete', '2025-04-21 10:00:00', '2025-04-21 10:00:00', '{\"tasks_meta_id\":5}', 'O:32:\"ActionScheduler_IntervalSchedule\":5:{s:22:\"\0*\0scheduled_timestamp\";i:1745229600;s:18:\"\0*\0first_timestamp\";i:1621641600;s:13:\"\0*\0recurrence\";i:86400;s:49:\"\0ActionScheduler_IntervalSchedule\0start_timestamp\";i:1745229600;s:53:\"\0ActionScheduler_IntervalSchedule\0interval_in_seconds\";i:86400;}', 2, 1, '2025-04-21 10:03:52', '2025-04-21 10:03:52', 0, NULL),
(2632, 'wpforms_process_entry_emails_meta_cleanup', 'complete', '2025-04-22 10:03:52', '2025-04-22 10:03:52', '{\"tasks_meta_id\":5}', 'O:32:\"ActionScheduler_IntervalSchedule\":5:{s:22:\"\0*\0scheduled_timestamp\";i:1745316232;s:18:\"\0*\0first_timestamp\";i:1621641600;s:13:\"\0*\0recurrence\";i:86400;s:49:\"\0ActionScheduler_IntervalSchedule\0start_timestamp\";i:1745316232;s:53:\"\0ActionScheduler_IntervalSchedule\0interval_in_seconds\";i:86400;}', 2, 1, '2025-04-22 10:05:52', '2025-04-22 10:05:52', 0, NULL),
(2633, 'wpforms_process_entry_emails_meta_cleanup', 'complete', '2025-04-23 10:05:52', '2025-04-23 10:05:52', '{\"tasks_meta_id\":5}', 'O:32:\"ActionScheduler_IntervalSchedule\":5:{s:22:\"\0*\0scheduled_timestamp\";i:1745402752;s:18:\"\0*\0first_timestamp\";i:1621641600;s:13:\"\0*\0recurrence\";i:86400;s:49:\"\0ActionScheduler_IntervalSchedule\0start_timestamp\";i:1745402752;s:53:\"\0ActionScheduler_IntervalSchedule\0interval_in_seconds\";i:86400;}', 2, 1, '2025-04-23 10:07:07', '2025-04-23 10:07:07', 0, NULL),
(2634, 'wpforms_process_entry_emails_meta_cleanup', 'complete', '2025-04-24 10:07:07', '2025-04-24 10:07:07', '{\"tasks_meta_id\":5}', 'O:32:\"ActionScheduler_IntervalSchedule\":5:{s:22:\"\0*\0scheduled_timestamp\";i:1745489227;s:18:\"\0*\0first_timestamp\";i:1621641600;s:13:\"\0*\0recurrence\";i:86400;s:49:\"\0ActionScheduler_IntervalSchedule\0start_timestamp\";i:1745489227;s:53:\"\0ActionScheduler_IntervalSchedule\0interval_in_seconds\";i:86400;}', 2, 1, '2025-04-24 10:08:37', '2025-04-24 10:08:37', 0, NULL),
(2635, 'wpforms_process_entry_emails_meta_cleanup', 'complete', '2025-04-25 10:08:37', '2025-04-25 10:08:37', '{\"tasks_meta_id\":5}', 'O:32:\"ActionScheduler_IntervalSchedule\":5:{s:22:\"\0*\0scheduled_timestamp\";i:1745575717;s:18:\"\0*\0first_timestamp\";i:1621641600;s:13:\"\0*\0recurrence\";i:86400;s:49:\"\0ActionScheduler_IntervalSchedule\0start_timestamp\";i:1745575717;s:53:\"\0ActionScheduler_IntervalSchedule\0interval_in_seconds\";i:86400;}', 2, 1, '2025-04-25 10:09:28', '2025-04-25 10:09:28', 0, NULL),
(2636, 'wpforms_process_entry_emails_meta_cleanup', 'complete', '2025-04-26 10:09:28', '2025-04-26 10:09:28', '{\"tasks_meta_id\":5}', 'O:32:\"ActionScheduler_IntervalSchedule\":5:{s:22:\"\0*\0scheduled_timestamp\";i:1745662168;s:18:\"\0*\0first_timestamp\";i:1621641600;s:13:\"\0*\0recurrence\";i:86400;s:49:\"\0ActionScheduler_IntervalSchedule\0start_timestamp\";i:1745662168;s:53:\"\0ActionScheduler_IntervalSchedule\0interval_in_seconds\";i:86400;}', 2, 1, '2025-04-26 10:10:15', '2025-04-26 10:10:15', 0, NULL),
(2637, 'wpforms_send_usage_data', 'complete', '2025-05-02 11:54:12', '2025-05-02 11:54:12', '{\"tasks_meta_id\":null}', 'O:32:\"ActionScheduler_IntervalSchedule\":5:{s:22:\"\0*\0scheduled_timestamp\";i:1746186852;s:18:\"\0*\0first_timestamp\";i:1622168952;s:13:\"\0*\0recurrence\";i:604800;s:49:\"\0ActionScheduler_IntervalSchedule\0start_timestamp\";i:1746186852;s:53:\"\0ActionScheduler_IntervalSchedule\0interval_in_seconds\";i:604800;}', 2, 1, '2025-05-02 11:54:36', '2025-05-02 11:54:36', 0, NULL),
(2638, 'wpforms_email_summaries_fetch_info_blocks', 'complete', '2025-05-02 13:26:03', '2025-05-02 13:26:03', '{\"tasks_meta_id\":null}', 'O:32:\"ActionScheduler_IntervalSchedule\":5:{s:22:\"\0*\0scheduled_timestamp\";i:1746192363;s:18:\"\0*\0first_timestamp\";i:1621571433;s:13:\"\0*\0recurrence\";i:604800;s:49:\"\0ActionScheduler_IntervalSchedule\0start_timestamp\";i:1746192363;s:53:\"\0ActionScheduler_IntervalSchedule\0interval_in_seconds\";i:604800;}', 2, 1, '2025-05-02 13:27:15', '2025-05-02 13:27:15', 0, NULL),
(2639, 'wpforms_admin_addons_cache_update', 'complete', '2025-05-02 13:26:03', '2025-05-02 13:26:03', '{\"tasks_meta_id\":6}', 'O:32:\"ActionScheduler_IntervalSchedule\":5:{s:22:\"\0*\0scheduled_timestamp\";i:1746192363;s:18:\"\0*\0first_timestamp\";i:1622177948;s:13:\"\0*\0recurrence\";i:604800;s:49:\"\0ActionScheduler_IntervalSchedule\0start_timestamp\";i:1746192363;s:53:\"\0ActionScheduler_IntervalSchedule\0interval_in_seconds\";i:604800;}', 2, 1, '2025-05-02 13:27:15', '2025-05-02 13:27:15', 0, NULL),
(2640, 'wpforms_builder_help_cache_update', 'complete', '2025-05-02 13:26:03', '2025-05-02 13:26:03', '{\"tasks_meta_id\":7}', 'O:32:\"ActionScheduler_IntervalSchedule\":5:{s:22:\"\0*\0scheduled_timestamp\";i:1746192363;s:18:\"\0*\0first_timestamp\";i:1622177966;s:13:\"\0*\0recurrence\";i:604800;s:49:\"\0ActionScheduler_IntervalSchedule\0start_timestamp\";i:1746192363;s:53:\"\0ActionScheduler_IntervalSchedule\0interval_in_seconds\";i:604800;}', 2, 1, '2025-05-02 13:27:15', '2025-05-02 13:27:15', 0, NULL),
(2641, 'wpforms_process_entry_emails_meta_cleanup', 'complete', '2025-04-27 10:10:15', '2025-04-27 10:10:15', '{\"tasks_meta_id\":5}', 'O:32:\"ActionScheduler_IntervalSchedule\":5:{s:22:\"\0*\0scheduled_timestamp\";i:1745748615;s:18:\"\0*\0first_timestamp\";i:1621641600;s:13:\"\0*\0recurrence\";i:86400;s:49:\"\0ActionScheduler_IntervalSchedule\0start_timestamp\";i:1745748615;s:53:\"\0ActionScheduler_IntervalSchedule\0interval_in_seconds\";i:86400;}', 2, 1, '2025-04-27 10:10:51', '2025-04-27 10:10:51', 0, NULL),
(2642, 'wpforms_process_entry_emails_meta_cleanup', 'complete', '2025-04-28 10:10:51', '2025-04-28 10:10:51', '{\"tasks_meta_id\":5}', 'O:32:\"ActionScheduler_IntervalSchedule\":5:{s:22:\"\0*\0scheduled_timestamp\";i:1745835051;s:18:\"\0*\0first_timestamp\";i:1621641600;s:13:\"\0*\0recurrence\";i:86400;s:49:\"\0ActionScheduler_IntervalSchedule\0start_timestamp\";i:1745835051;s:53:\"\0ActionScheduler_IntervalSchedule\0interval_in_seconds\";i:86400;}', 2, 1, '2025-04-28 10:17:48', '2025-04-28 10:17:48', 0, NULL),
(2643, 'wpforms_process_entry_emails_meta_cleanup', 'complete', '2025-04-29 10:17:48', '2025-04-29 10:17:48', '{\"tasks_meta_id\":5}', 'O:32:\"ActionScheduler_IntervalSchedule\":5:{s:22:\"\0*\0scheduled_timestamp\";i:1745921868;s:18:\"\0*\0first_timestamp\";i:1621641600;s:13:\"\0*\0recurrence\";i:86400;s:49:\"\0ActionScheduler_IntervalSchedule\0start_timestamp\";i:1745921868;s:53:\"\0ActionScheduler_IntervalSchedule\0interval_in_seconds\";i:86400;}', 2, 1, '2025-04-29 10:18:24', '2025-04-29 10:18:24', 0, NULL),
(2644, 'wpforms_process_entry_emails_meta_cleanup', 'complete', '2025-04-30 10:18:24', '2025-04-30 10:18:24', '{\"tasks_meta_id\":5}', 'O:32:\"ActionScheduler_IntervalSchedule\":5:{s:22:\"\0*\0scheduled_timestamp\";i:1746008304;s:18:\"\0*\0first_timestamp\";i:1621641600;s:13:\"\0*\0recurrence\";i:86400;s:49:\"\0ActionScheduler_IntervalSchedule\0start_timestamp\";i:1746008304;s:53:\"\0ActionScheduler_IntervalSchedule\0interval_in_seconds\";i:86400;}', 2, 1, '2025-04-30 10:20:30', '2025-04-30 10:20:30', 0, NULL),
(2645, 'wpforms_process_entry_emails_meta_cleanup', 'complete', '2025-05-01 10:20:30', '2025-05-01 10:20:30', '{\"tasks_meta_id\":5}', 'O:32:\"ActionScheduler_IntervalSchedule\":5:{s:22:\"\0*\0scheduled_timestamp\";i:1746094830;s:18:\"\0*\0first_timestamp\";i:1621641600;s:13:\"\0*\0recurrence\";i:86400;s:49:\"\0ActionScheduler_IntervalSchedule\0start_timestamp\";i:1746094830;s:53:\"\0ActionScheduler_IntervalSchedule\0interval_in_seconds\";i:86400;}', 2, 1, '2025-05-01 10:23:29', '2025-05-01 10:23:29', 0, NULL),
(2646, 'wpforms_process_entry_emails_meta_cleanup', 'complete', '2025-05-02 10:23:29', '2025-05-02 10:23:29', '{\"tasks_meta_id\":5}', 'O:32:\"ActionScheduler_IntervalSchedule\":5:{s:22:\"\0*\0scheduled_timestamp\";i:1746181409;s:18:\"\0*\0first_timestamp\";i:1621641600;s:13:\"\0*\0recurrence\";i:86400;s:49:\"\0ActionScheduler_IntervalSchedule\0start_timestamp\";i:1746181409;s:53:\"\0ActionScheduler_IntervalSchedule\0interval_in_seconds\";i:86400;}', 2, 1, '2025-05-02 10:27:06', '2025-05-02 10:27:06', 0, NULL),
(2647, 'wpforms_process_entry_emails_meta_cleanup', 'complete', '2025-05-03 10:27:06', '2025-05-03 10:27:06', '{\"tasks_meta_id\":5}', 'O:32:\"ActionScheduler_IntervalSchedule\":5:{s:22:\"\0*\0scheduled_timestamp\";i:1746268026;s:18:\"\0*\0first_timestamp\";i:1621641600;s:13:\"\0*\0recurrence\";i:86400;s:49:\"\0ActionScheduler_IntervalSchedule\0start_timestamp\";i:1746268026;s:53:\"\0ActionScheduler_IntervalSchedule\0interval_in_seconds\";i:86400;}', 2, 1, '2025-05-03 10:29:09', '2025-05-03 10:29:09', 0, NULL),
(2648, 'wpforms_send_usage_data', 'complete', '2025-05-09 11:54:36', '2025-05-09 11:54:36', '{\"tasks_meta_id\":null}', 'O:32:\"ActionScheduler_IntervalSchedule\":5:{s:22:\"\0*\0scheduled_timestamp\";i:1746791676;s:18:\"\0*\0first_timestamp\";i:1622168952;s:13:\"\0*\0recurrence\";i:604800;s:49:\"\0ActionScheduler_IntervalSchedule\0start_timestamp\";i:1746791676;s:53:\"\0ActionScheduler_IntervalSchedule\0interval_in_seconds\";i:604800;}', 2, 1, '2025-05-10 17:55:10', '2025-05-10 17:55:10', 0, NULL),
(2649, 'wpforms_email_summaries_fetch_info_blocks', 'complete', '2025-05-09 13:27:15', '2025-05-09 13:27:15', '{\"tasks_meta_id\":null}', 'O:32:\"ActionScheduler_IntervalSchedule\":5:{s:22:\"\0*\0scheduled_timestamp\";i:1746797235;s:18:\"\0*\0first_timestamp\";i:1621571433;s:13:\"\0*\0recurrence\";i:604800;s:49:\"\0ActionScheduler_IntervalSchedule\0start_timestamp\";i:1746797235;s:53:\"\0ActionScheduler_IntervalSchedule\0interval_in_seconds\";i:604800;}', 2, 1, '2025-05-10 17:56:20', '2025-05-10 17:56:20', 0, NULL),
(2650, 'wpforms_admin_addons_cache_update', 'complete', '2025-05-09 13:27:15', '2025-05-09 13:27:15', '{\"tasks_meta_id\":6}', 'O:32:\"ActionScheduler_IntervalSchedule\":5:{s:22:\"\0*\0scheduled_timestamp\";i:1746797235;s:18:\"\0*\0first_timestamp\";i:1622177948;s:13:\"\0*\0recurrence\";i:604800;s:49:\"\0ActionScheduler_IntervalSchedule\0start_timestamp\";i:1746797235;s:53:\"\0ActionScheduler_IntervalSchedule\0interval_in_seconds\";i:604800;}', 2, 1, '2025-05-10 17:56:20', '2025-05-10 17:56:20', 0, NULL),
(2651, 'wpforms_builder_help_cache_update', 'complete', '2025-05-09 13:27:15', '2025-05-09 13:27:15', '{\"tasks_meta_id\":7}', 'O:32:\"ActionScheduler_IntervalSchedule\":5:{s:22:\"\0*\0scheduled_timestamp\";i:1746797235;s:18:\"\0*\0first_timestamp\";i:1622177966;s:13:\"\0*\0recurrence\";i:604800;s:49:\"\0ActionScheduler_IntervalSchedule\0start_timestamp\";i:1746797235;s:53:\"\0ActionScheduler_IntervalSchedule\0interval_in_seconds\";i:604800;}', 2, 1, '2025-05-10 17:56:20', '2025-05-10 17:56:20', 0, NULL),
(2652, 'wpforms_process_entry_emails_meta_cleanup', 'complete', '2025-05-04 10:29:09', '2025-05-04 10:29:09', '{\"tasks_meta_id\":5}', 'O:32:\"ActionScheduler_IntervalSchedule\":5:{s:22:\"\0*\0scheduled_timestamp\";i:1746354549;s:18:\"\0*\0first_timestamp\";i:1621641600;s:13:\"\0*\0recurrence\";i:86400;s:49:\"\0ActionScheduler_IntervalSchedule\0start_timestamp\";i:1746354549;s:53:\"\0ActionScheduler_IntervalSchedule\0interval_in_seconds\";i:86400;}', 2, 1, '2025-05-04 10:30:23', '2025-05-04 10:30:23', 0, NULL),
(2653, 'wpforms_process_entry_emails_meta_cleanup', 'complete', '2025-05-05 10:30:23', '2025-05-05 10:30:23', '{\"tasks_meta_id\":5}', 'O:32:\"ActionScheduler_IntervalSchedule\":5:{s:22:\"\0*\0scheduled_timestamp\";i:1746441023;s:18:\"\0*\0first_timestamp\";i:1621641600;s:13:\"\0*\0recurrence\";i:86400;s:49:\"\0ActionScheduler_IntervalSchedule\0start_timestamp\";i:1746441023;s:53:\"\0ActionScheduler_IntervalSchedule\0interval_in_seconds\";i:86400;}', 2, 1, '2025-05-05 10:30:23', '2025-05-05 10:30:23', 0, NULL),
(2654, 'wpforms_process_entry_emails_meta_cleanup', 'complete', '2025-05-05 10:30:23', '2025-05-05 10:30:23', '{\"tasks_meta_id\":5}', 'O:32:\"ActionScheduler_IntervalSchedule\":5:{s:22:\"\0*\0scheduled_timestamp\";i:1746441023;s:18:\"\0*\0first_timestamp\";i:1621641600;s:13:\"\0*\0recurrence\";i:86400;s:49:\"\0ActionScheduler_IntervalSchedule\0start_timestamp\";i:1746441023;s:53:\"\0ActionScheduler_IntervalSchedule\0interval_in_seconds\";i:86400;}', 2, 1, '2025-05-05 10:30:23', '2025-05-05 10:30:23', 0, NULL),
(2655, 'wpforms_process_entry_emails_meta_cleanup', 'complete', '2025-05-05 10:30:23', '2025-05-05 10:30:23', '{\"tasks_meta_id\":5}', 'O:32:\"ActionScheduler_IntervalSchedule\":5:{s:22:\"\0*\0scheduled_timestamp\";i:1746441023;s:18:\"\0*\0first_timestamp\";i:1621641600;s:13:\"\0*\0recurrence\";i:86400;s:49:\"\0ActionScheduler_IntervalSchedule\0start_timestamp\";i:1746441023;s:53:\"\0ActionScheduler_IntervalSchedule\0interval_in_seconds\";i:86400;}', 2, 1, '2025-05-05 10:30:23', '2025-05-05 10:30:23', 0, NULL),
(2656, 'wpforms_process_entry_emails_meta_cleanup', 'complete', '2025-05-05 10:30:23', '2025-05-05 10:30:23', '{\"tasks_meta_id\":5}', 'O:32:\"ActionScheduler_IntervalSchedule\":5:{s:22:\"\0*\0scheduled_timestamp\";i:1746441023;s:18:\"\0*\0first_timestamp\";i:1621641600;s:13:\"\0*\0recurrence\";i:86400;s:49:\"\0ActionScheduler_IntervalSchedule\0start_timestamp\";i:1746441023;s:53:\"\0ActionScheduler_IntervalSchedule\0interval_in_seconds\";i:86400;}', 2, 1, '2025-05-05 10:30:23', '2025-05-05 10:30:23', 0, NULL),
(2657, 'wpforms_process_entry_emails_meta_cleanup', 'complete', '2025-05-05 10:30:23', '2025-05-05 10:30:23', '{\"tasks_meta_id\":5}', 'O:32:\"ActionScheduler_IntervalSchedule\":5:{s:22:\"\0*\0scheduled_timestamp\";i:1746441023;s:18:\"\0*\0first_timestamp\";i:1621641600;s:13:\"\0*\0recurrence\";i:86400;s:49:\"\0ActionScheduler_IntervalSchedule\0start_timestamp\";i:1746441023;s:53:\"\0ActionScheduler_IntervalSchedule\0interval_in_seconds\";i:86400;}', 2, 1, '2025-05-05 10:30:23', '2025-05-05 10:30:23', 0, NULL),
(2658, 'wpforms_process_entry_emails_meta_cleanup', 'complete', '2025-05-05 10:30:23', '2025-05-05 10:30:23', '{\"tasks_meta_id\":5}', 'O:32:\"ActionScheduler_IntervalSchedule\":5:{s:22:\"\0*\0scheduled_timestamp\";i:1746441023;s:18:\"\0*\0first_timestamp\";i:1621641600;s:13:\"\0*\0recurrence\";i:86400;s:49:\"\0ActionScheduler_IntervalSchedule\0start_timestamp\";i:1746441023;s:53:\"\0ActionScheduler_IntervalSchedule\0interval_in_seconds\";i:86400;}', 2, 1, '2025-05-05 10:30:23', '2025-05-05 10:30:23', 0, NULL),
(2659, 'wpforms_process_entry_emails_meta_cleanup', 'complete', '2025-05-05 10:30:23', '2025-05-05 10:30:23', '{\"tasks_meta_id\":5}', 'O:32:\"ActionScheduler_IntervalSchedule\":5:{s:22:\"\0*\0scheduled_timestamp\";i:1746441023;s:18:\"\0*\0first_timestamp\";i:1621641600;s:13:\"\0*\0recurrence\";i:86400;s:49:\"\0ActionScheduler_IntervalSchedule\0start_timestamp\";i:1746441023;s:53:\"\0ActionScheduler_IntervalSchedule\0interval_in_seconds\";i:86400;}', 2, 1, '2025-05-05 10:30:23', '2025-05-05 10:30:23', 0, NULL),
(2660, 'wpforms_process_entry_emails_meta_cleanup', 'complete', '2025-05-05 10:30:23', '2025-05-05 10:30:23', '{\"tasks_meta_id\":5}', 'O:32:\"ActionScheduler_IntervalSchedule\":5:{s:22:\"\0*\0scheduled_timestamp\";i:1746441023;s:18:\"\0*\0first_timestamp\";i:1621641600;s:13:\"\0*\0recurrence\";i:86400;s:49:\"\0ActionScheduler_IntervalSchedule\0start_timestamp\";i:1746441023;s:53:\"\0ActionScheduler_IntervalSchedule\0interval_in_seconds\";i:86400;}', 2, 1, '2025-05-05 10:30:23', '2025-05-05 10:30:23', 0, NULL),
(2661, 'wpforms_process_entry_emails_meta_cleanup', 'complete', '2025-05-05 10:30:23', '2025-05-05 10:30:23', '{\"tasks_meta_id\":5}', 'O:32:\"ActionScheduler_IntervalSchedule\":5:{s:22:\"\0*\0scheduled_timestamp\";i:1746441023;s:18:\"\0*\0first_timestamp\";i:1621641600;s:13:\"\0*\0recurrence\";i:86400;s:49:\"\0ActionScheduler_IntervalSchedule\0start_timestamp\";i:1746441023;s:53:\"\0ActionScheduler_IntervalSchedule\0interval_in_seconds\";i:86400;}', 2, 1, '2025-05-05 10:30:23', '2025-05-05 10:30:23', 0, NULL),
(2662, 'wpforms_process_entry_emails_meta_cleanup', 'complete', '2025-05-05 10:30:23', '2025-05-05 10:30:23', '{\"tasks_meta_id\":5}', 'O:32:\"ActionScheduler_IntervalSchedule\":5:{s:22:\"\0*\0scheduled_timestamp\";i:1746441023;s:18:\"\0*\0first_timestamp\";i:1621641600;s:13:\"\0*\0recurrence\";i:86400;s:49:\"\0ActionScheduler_IntervalSchedule\0start_timestamp\";i:1746441023;s:53:\"\0ActionScheduler_IntervalSchedule\0interval_in_seconds\";i:86400;}', 2, 1, '2025-05-05 10:30:23', '2025-05-05 10:30:23', 0, NULL),
(2663, 'wpforms_process_entry_emails_meta_cleanup', 'complete', '2025-05-05 10:30:23', '2025-05-05 10:30:23', '{\"tasks_meta_id\":5}', 'O:32:\"ActionScheduler_IntervalSchedule\":5:{s:22:\"\0*\0scheduled_timestamp\";i:1746441023;s:18:\"\0*\0first_timestamp\";i:1621641600;s:13:\"\0*\0recurrence\";i:86400;s:49:\"\0ActionScheduler_IntervalSchedule\0start_timestamp\";i:1746441023;s:53:\"\0ActionScheduler_IntervalSchedule\0interval_in_seconds\";i:86400;}', 2, 1, '2025-05-05 10:30:24', '2025-05-05 10:30:24', 0, NULL),
(2664, 'wpforms_process_entry_emails_meta_cleanup', 'complete', '2025-05-06 10:30:24', '2025-05-06 10:30:24', '{\"tasks_meta_id\":5}', 'O:32:\"ActionScheduler_IntervalSchedule\":5:{s:22:\"\0*\0scheduled_timestamp\";i:1746527424;s:18:\"\0*\0first_timestamp\";i:1621641600;s:13:\"\0*\0recurrence\";i:86400;s:49:\"\0ActionScheduler_IntervalSchedule\0start_timestamp\";i:1746527424;s:53:\"\0ActionScheduler_IntervalSchedule\0interval_in_seconds\";i:86400;}', 2, 1, '2025-05-06 10:30:53', '2025-05-06 10:30:53', 0, NULL),
(2665, 'wpforms_process_entry_emails_meta_cleanup', 'complete', '2025-05-07 10:30:53', '2025-05-07 10:30:53', '{\"tasks_meta_id\":5}', 'O:32:\"ActionScheduler_IntervalSchedule\":5:{s:22:\"\0*\0scheduled_timestamp\";i:1746613853;s:18:\"\0*\0first_timestamp\";i:1621641600;s:13:\"\0*\0recurrence\";i:86400;s:49:\"\0ActionScheduler_IntervalSchedule\0start_timestamp\";i:1746613853;s:53:\"\0ActionScheduler_IntervalSchedule\0interval_in_seconds\";i:86400;}', 2, 1, '2025-05-07 10:31:55', '2025-05-07 10:31:55', 0, NULL),
(2666, 'wpforms_process_entry_emails_meta_cleanup', 'complete', '2025-05-08 10:31:55', '2025-05-08 10:31:55', '{\"tasks_meta_id\":5}', 'O:32:\"ActionScheduler_IntervalSchedule\":5:{s:22:\"\0*\0scheduled_timestamp\";i:1746700315;s:18:\"\0*\0first_timestamp\";i:1621641600;s:13:\"\0*\0recurrence\";i:86400;s:49:\"\0ActionScheduler_IntervalSchedule\0start_timestamp\";i:1746700315;s:53:\"\0ActionScheduler_IntervalSchedule\0interval_in_seconds\";i:86400;}', 2, 1, '2025-05-10 17:56:20', '2025-05-10 17:56:20', 0, NULL),
(2667, 'wpforms_admin_notifications_update', 'complete', '0000-00-00 00:00:00', '0000-00-00 00:00:00', '{\"tasks_meta_id\":9}', 'O:28:\"ActionScheduler_NullSchedule\":0:{}', 2, 1, '2025-05-10 17:56:20', '2025-05-10 17:56:20', 0, NULL),
(2668, 'wpforms_send_usage_data', 'complete', '2025-05-17 17:55:10', '2025-05-17 17:55:10', '{\"tasks_meta_id\":null}', 'O:32:\"ActionScheduler_IntervalSchedule\":5:{s:22:\"\0*\0scheduled_timestamp\";i:1747504510;s:18:\"\0*\0first_timestamp\";i:1622168952;s:13:\"\0*\0recurrence\";i:604800;s:49:\"\0ActionScheduler_IntervalSchedule\0start_timestamp\";i:1747504510;s:53:\"\0ActionScheduler_IntervalSchedule\0interval_in_seconds\";i:604800;}', 2, 1, '2025-05-17 18:00:05', '2025-05-17 18:00:05', 0, NULL),
(2669, 'wpforms_email_summaries_fetch_info_blocks', 'complete', '2025-05-17 17:56:20', '2025-05-17 17:56:20', '{\"tasks_meta_id\":null}', 'O:32:\"ActionScheduler_IntervalSchedule\":5:{s:22:\"\0*\0scheduled_timestamp\";i:1747504580;s:18:\"\0*\0first_timestamp\";i:1621571433;s:13:\"\0*\0recurrence\";i:604800;s:49:\"\0ActionScheduler_IntervalSchedule\0start_timestamp\";i:1747504580;s:53:\"\0ActionScheduler_IntervalSchedule\0interval_in_seconds\";i:604800;}', 2, 1, '2025-05-17 18:00:05', '2025-05-17 18:00:05', 0, NULL),
(2670, 'wpforms_admin_addons_cache_update', 'complete', '2025-05-17 17:56:20', '2025-05-17 17:56:20', '{\"tasks_meta_id\":6}', 'O:32:\"ActionScheduler_IntervalSchedule\":5:{s:22:\"\0*\0scheduled_timestamp\";i:1747504580;s:18:\"\0*\0first_timestamp\";i:1622177948;s:13:\"\0*\0recurrence\";i:604800;s:49:\"\0ActionScheduler_IntervalSchedule\0start_timestamp\";i:1747504580;s:53:\"\0ActionScheduler_IntervalSchedule\0interval_in_seconds\";i:604800;}', 2, 1, '2025-05-17 18:00:05', '2025-05-17 18:00:05', 0, NULL),
(2671, 'wpforms_builder_help_cache_update', 'complete', '2025-05-17 17:56:20', '2025-05-17 17:56:20', '{\"tasks_meta_id\":7}', 'O:32:\"ActionScheduler_IntervalSchedule\":5:{s:22:\"\0*\0scheduled_timestamp\";i:1747504580;s:18:\"\0*\0first_timestamp\";i:1622177966;s:13:\"\0*\0recurrence\";i:604800;s:49:\"\0ActionScheduler_IntervalSchedule\0start_timestamp\";i:1747504580;s:53:\"\0ActionScheduler_IntervalSchedule\0interval_in_seconds\";i:604800;}', 2, 1, '2025-05-17 18:00:05', '2025-05-17 18:00:05', 0, NULL),
(2672, 'wpforms_process_entry_emails_meta_cleanup', 'complete', '2025-05-11 17:56:20', '2025-05-11 17:56:20', '{\"tasks_meta_id\":5}', 'O:32:\"ActionScheduler_IntervalSchedule\":5:{s:22:\"\0*\0scheduled_timestamp\";i:1746986180;s:18:\"\0*\0first_timestamp\";i:1621641600;s:13:\"\0*\0recurrence\";i:86400;s:49:\"\0ActionScheduler_IntervalSchedule\0start_timestamp\";i:1746986180;s:53:\"\0ActionScheduler_IntervalSchedule\0interval_in_seconds\";i:86400;}', 2, 1, '2025-05-11 17:56:21', '2025-05-11 17:56:21', 0, NULL),
(2673, 'wpforms_process_entry_emails_meta_cleanup', 'complete', '2025-05-12 17:56:21', '2025-05-12 17:56:21', '{\"tasks_meta_id\":5}', 'O:32:\"ActionScheduler_IntervalSchedule\":5:{s:22:\"\0*\0scheduled_timestamp\";i:1747072581;s:18:\"\0*\0first_timestamp\";i:1621641600;s:13:\"\0*\0recurrence\";i:86400;s:49:\"\0ActionScheduler_IntervalSchedule\0start_timestamp\";i:1747072581;s:53:\"\0ActionScheduler_IntervalSchedule\0interval_in_seconds\";i:86400;}', 2, 1, '2025-05-12 17:56:23', '2025-05-12 17:56:23', 0, NULL),
(2674, 'wpforms_process_entry_emails_meta_cleanup', 'complete', '2025-05-13 17:56:23', '2025-05-13 17:56:23', '{\"tasks_meta_id\":5}', 'O:32:\"ActionScheduler_IntervalSchedule\":5:{s:22:\"\0*\0scheduled_timestamp\";i:1747158983;s:18:\"\0*\0first_timestamp\";i:1621641600;s:13:\"\0*\0recurrence\";i:86400;s:49:\"\0ActionScheduler_IntervalSchedule\0start_timestamp\";i:1747158983;s:53:\"\0ActionScheduler_IntervalSchedule\0interval_in_seconds\";i:86400;}', 2, 1, '2025-05-13 17:56:35', '2025-05-13 17:56:35', 0, NULL),
(2675, 'wpforms_process_entry_emails_meta_cleanup', 'complete', '2025-05-14 17:56:35', '2025-05-14 17:56:35', '{\"tasks_meta_id\":5}', 'O:32:\"ActionScheduler_IntervalSchedule\":5:{s:22:\"\0*\0scheduled_timestamp\";i:1747245395;s:18:\"\0*\0first_timestamp\";i:1621641600;s:13:\"\0*\0recurrence\";i:86400;s:49:\"\0ActionScheduler_IntervalSchedule\0start_timestamp\";i:1747245395;s:53:\"\0ActionScheduler_IntervalSchedule\0interval_in_seconds\";i:86400;}', 2, 1, '2025-05-14 17:57:14', '2025-05-14 17:57:14', 0, NULL),
(2676, 'wpforms_process_entry_emails_meta_cleanup', 'complete', '2025-05-15 17:57:14', '2025-05-15 17:57:14', '{\"tasks_meta_id\":5}', 'O:32:\"ActionScheduler_IntervalSchedule\":5:{s:22:\"\0*\0scheduled_timestamp\";i:1747331834;s:18:\"\0*\0first_timestamp\";i:1621641600;s:13:\"\0*\0recurrence\";i:86400;s:49:\"\0ActionScheduler_IntervalSchedule\0start_timestamp\";i:1747331834;s:53:\"\0ActionScheduler_IntervalSchedule\0interval_in_seconds\";i:86400;}', 2, 1, '2025-05-15 18:04:35', '2025-05-15 18:04:35', 0, NULL),
(2677, 'wpforms_process_entry_emails_meta_cleanup', 'complete', '2025-05-16 18:04:35', '2025-05-16 18:04:35', '{\"tasks_meta_id\":5}', 'O:32:\"ActionScheduler_IntervalSchedule\":5:{s:22:\"\0*\0scheduled_timestamp\";i:1747418675;s:18:\"\0*\0first_timestamp\";i:1621641600;s:13:\"\0*\0recurrence\";i:86400;s:49:\"\0ActionScheduler_IntervalSchedule\0start_timestamp\";i:1747418675;s:53:\"\0ActionScheduler_IntervalSchedule\0interval_in_seconds\";i:86400;}', 2, 1, '2025-05-16 18:11:02', '2025-05-16 18:11:02', 0, NULL),
(2678, 'wpforms_process_entry_emails_meta_cleanup', 'complete', '2025-05-17 18:11:02', '2025-05-17 18:11:02', '{\"tasks_meta_id\":5}', 'O:32:\"ActionScheduler_IntervalSchedule\":5:{s:22:\"\0*\0scheduled_timestamp\";i:1747505462;s:18:\"\0*\0first_timestamp\";i:1621641600;s:13:\"\0*\0recurrence\";i:86400;s:49:\"\0ActionScheduler_IntervalSchedule\0start_timestamp\";i:1747505462;s:53:\"\0ActionScheduler_IntervalSchedule\0interval_in_seconds\";i:86400;}', 2, 1, '2025-05-17 18:25:24', '2025-05-17 18:25:24', 0, NULL),
(2679, 'wpforms_send_usage_data', 'pending', '2025-05-24 18:00:05', '2025-05-24 18:00:05', '{\"tasks_meta_id\":null}', 'O:32:\"ActionScheduler_IntervalSchedule\":5:{s:22:\"\0*\0scheduled_timestamp\";i:1748109605;s:18:\"\0*\0first_timestamp\";i:1622168952;s:13:\"\0*\0recurrence\";i:604800;s:49:\"\0ActionScheduler_IntervalSchedule\0start_timestamp\";i:1748109605;s:53:\"\0ActionScheduler_IntervalSchedule\0interval_in_seconds\";i:604800;}', 2, 0, '0000-00-00 00:00:00', '0000-00-00 00:00:00', 0, NULL),
(2680, 'wpforms_email_summaries_fetch_info_blocks', 'pending', '2025-05-24 18:00:05', '2025-05-24 18:00:05', '{\"tasks_meta_id\":null}', 'O:32:\"ActionScheduler_IntervalSchedule\":5:{s:22:\"\0*\0scheduled_timestamp\";i:1748109605;s:18:\"\0*\0first_timestamp\";i:1621571433;s:13:\"\0*\0recurrence\";i:604800;s:49:\"\0ActionScheduler_IntervalSchedule\0start_timestamp\";i:1748109605;s:53:\"\0ActionScheduler_IntervalSchedule\0interval_in_seconds\";i:604800;}', 2, 0, '0000-00-00 00:00:00', '0000-00-00 00:00:00', 0, NULL),
(2681, 'wpforms_admin_addons_cache_update', 'pending', '2025-05-24 18:00:05', '2025-05-24 18:00:05', '{\"tasks_meta_id\":6}', 'O:32:\"ActionScheduler_IntervalSchedule\":5:{s:22:\"\0*\0scheduled_timestamp\";i:1748109605;s:18:\"\0*\0first_timestamp\";i:1622177948;s:13:\"\0*\0recurrence\";i:604800;s:49:\"\0ActionScheduler_IntervalSchedule\0start_timestamp\";i:1748109605;s:53:\"\0ActionScheduler_IntervalSchedule\0interval_in_seconds\";i:604800;}', 2, 0, '0000-00-00 00:00:00', '0000-00-00 00:00:00', 0, NULL),
(2682, 'wpforms_builder_help_cache_update', 'pending', '2025-05-24 18:00:05', '2025-05-24 18:00:05', '{\"tasks_meta_id\":7}', 'O:32:\"ActionScheduler_IntervalSchedule\":5:{s:22:\"\0*\0scheduled_timestamp\";i:1748109605;s:18:\"\0*\0first_timestamp\";i:1622177966;s:13:\"\0*\0recurrence\";i:604800;s:49:\"\0ActionScheduler_IntervalSchedule\0start_timestamp\";i:1748109605;s:53:\"\0ActionScheduler_IntervalSchedule\0interval_in_seconds\";i:604800;}', 2, 0, '0000-00-00 00:00:00', '0000-00-00 00:00:00', 0, NULL),
(2683, 'wpforms_process_entry_emails_meta_cleanup', 'complete', '2025-05-18 18:25:24', '2025-05-18 18:25:24', '{\"tasks_meta_id\":5}', 'O:32:\"ActionScheduler_IntervalSchedule\":5:{s:22:\"\0*\0scheduled_timestamp\";i:1747592724;s:18:\"\0*\0first_timestamp\";i:1621641600;s:13:\"\0*\0recurrence\";i:86400;s:49:\"\0ActionScheduler_IntervalSchedule\0start_timestamp\";i:1747592724;s:53:\"\0ActionScheduler_IntervalSchedule\0interval_in_seconds\";i:86400;}', 2, 1, '2025-05-18 18:27:08', '2025-05-18 18:27:08', 0, NULL),
(2684, 'wpforms_process_entry_emails_meta_cleanup', 'complete', '2025-05-19 18:27:08', '2025-05-19 18:27:08', '{\"tasks_meta_id\":5}', 'O:32:\"ActionScheduler_IntervalSchedule\":5:{s:22:\"\0*\0scheduled_timestamp\";i:1747679228;s:18:\"\0*\0first_timestamp\";i:1621641600;s:13:\"\0*\0recurrence\";i:86400;s:49:\"\0ActionScheduler_IntervalSchedule\0start_timestamp\";i:1747679228;s:53:\"\0ActionScheduler_IntervalSchedule\0interval_in_seconds\";i:86400;}', 2, 1, '2025-05-19 18:27:20', '2025-05-19 18:27:20', 0, NULL),
(2685, 'wpforms_process_entry_emails_meta_cleanup', 'complete', '2025-05-20 18:27:20', '2025-05-20 18:27:20', '{\"tasks_meta_id\":5}', 'O:32:\"ActionScheduler_IntervalSchedule\":5:{s:22:\"\0*\0scheduled_timestamp\";i:1747765640;s:18:\"\0*\0first_timestamp\";i:1621641600;s:13:\"\0*\0recurrence\";i:86400;s:49:\"\0ActionScheduler_IntervalSchedule\0start_timestamp\";i:1747765640;s:53:\"\0ActionScheduler_IntervalSchedule\0interval_in_seconds\";i:86400;}', 2, 1, '2025-05-20 18:27:40', '2025-05-20 18:27:40', 0, NULL),
(2686, 'wpforms_process_entry_emails_meta_cleanup', 'pending', '2025-05-21 18:27:40', '2025-05-21 18:27:40', '{\"tasks_meta_id\":5}', 'O:32:\"ActionScheduler_IntervalSchedule\":5:{s:22:\"\0*\0scheduled_timestamp\";i:1747852060;s:18:\"\0*\0first_timestamp\";i:1621641600;s:13:\"\0*\0recurrence\";i:86400;s:49:\"\0ActionScheduler_IntervalSchedule\0start_timestamp\";i:1747852060;s:53:\"\0ActionScheduler_IntervalSchedule\0interval_in_seconds\";i:86400;}', 2, 0, '0000-00-00 00:00:00', '0000-00-00 00:00:00', 0, NULL);

-- --------------------------------------------------------

--
-- Table structure for table `wp_nytakstactionscheduler_claims`
--

CREATE TABLE `wp_nytakstactionscheduler_claims` (
  `claim_id` bigint(20) UNSIGNED NOT NULL,
  `date_created_gmt` datetime NOT NULL DEFAULT '0000-00-00 00:00:00'
) ENGINE=InnoDB DEFAULT CHARSET=utf8mb4 COLLATE=utf8mb4_unicode_520_ci;

-- --------------------------------------------------------

--
-- Table structure for table `wp_nytakstactionscheduler_groups`
--

CREATE TABLE `wp_nytakstactionscheduler_groups` (
  `group_id` bigint(20) UNSIGNED NOT NULL,
  `slug` varchar(255) COLLATE utf8mb4_unicode_520_ci NOT NULL
) ENGINE=InnoDB DEFAULT CHARSET=utf8mb4 COLLATE=utf8mb4_unicode_520_ci;

--
-- Dumping data for table `wp_nytakstactionscheduler_groups`
--

INSERT INTO `wp_nytakstactionscheduler_groups` (`group_id`, `slug`) VALUES
(1, 'action-scheduler-migration'),
(2, 'wpforms');

-- --------------------------------------------------------

--
-- Table structure for table `wp_nytakstactionscheduler_logs`
--

CREATE TABLE `wp_nytakstactionscheduler_logs` (
  `log_id` bigint(20) UNSIGNED NOT NULL,
  `action_id` bigint(20) UNSIGNED NOT NULL,
  `message` text COLLATE utf8mb4_unicode_520_ci NOT NULL,
  `log_date_gmt` datetime NOT NULL DEFAULT '0000-00-00 00:00:00',
  `log_date_local` datetime NOT NULL DEFAULT '0000-00-00 00:00:00'
) ENGINE=InnoDB DEFAULT CHARSET=utf8mb4 COLLATE=utf8mb4_unicode_520_ci;

--
-- Dumping data for table `wp_nytakstactionscheduler_logs`
--

INSERT INTO `wp_nytakstactionscheduler_logs` (`log_id`, `action_id`, `message`, `log_date_gmt`, `log_date_local`) VALUES
(7699, 2626, 'action created', '2025-04-18 11:52:26', '2025-04-18 11:52:26'),
(7702, 2627, 'action created', '2025-04-18 13:22:58', '2025-04-18 13:22:58'),
(7705, 2628, 'action created', '2025-04-18 13:22:59', '2025-04-18 13:22:59'),
(7708, 2629, 'action created', '2025-04-18 13:22:59', '2025-04-18 13:22:59'),
(7714, 2631, 'action created', '2025-04-20 10:00:00', '2025-04-20 10:00:00'),
(7715, 2631, 'action started via WP Cron', '2025-04-21 10:03:52', '2025-04-21 10:03:52'),
(7716, 2631, 'action complete via WP Cron', '2025-04-21 10:03:52', '2025-04-21 10:03:52'),
(7717, 2632, 'action created', '2025-04-21 10:03:52', '2025-04-21 10:03:52'),
(7718, 2632, 'action started via WP Cron', '2025-04-22 10:05:52', '2025-04-22 10:05:52'),
(7719, 2632, 'action complete via WP Cron', '2025-04-22 10:05:52', '2025-04-22 10:05:52'),
(7720, 2633, 'action created', '2025-04-22 10:05:52', '2025-04-22 10:05:52'),
(7721, 2633, 'action started via WP Cron', '2025-04-23 10:07:07', '2025-04-23 10:07:07'),
(7722, 2633, 'action complete via WP Cron', '2025-04-23 10:07:07', '2025-04-23 10:07:07'),
(7723, 2634, 'action created', '2025-04-23 10:07:07', '2025-04-23 10:07:07'),
(7724, 2634, 'action started via WP Cron', '2025-04-24 10:08:36', '2025-04-24 10:08:36'),
(7725, 2634, 'action complete via WP Cron', '2025-04-24 10:08:37', '2025-04-24 10:08:37'),
(7726, 2635, 'action created', '2025-04-24 10:08:37', '2025-04-24 10:08:37'),
(7727, 2635, 'action started via WP Cron', '2025-04-25 10:09:28', '2025-04-25 10:09:28'),
(7728, 2635, 'action complete via WP Cron', '2025-04-25 10:09:28', '2025-04-25 10:09:28'),
(7729, 2636, 'action created', '2025-04-25 10:09:28', '2025-04-25 10:09:28'),
(7730, 2626, 'action started via WP Cron', '2025-04-25 11:54:11', '2025-04-25 11:54:11'),
(7731, 2626, 'action complete via WP Cron', '2025-04-25 11:54:12', '2025-04-25 11:54:12'),
(7732, 2637, 'action created', '2025-04-25 11:54:12', '2025-04-25 11:54:12'),
(7733, 2627, 'action started via WP Cron', '2025-04-25 13:26:03', '2025-04-25 13:26:03'),
(7734, 2627, 'action complete via WP Cron', '2025-04-25 13:26:03', '2025-04-25 13:26:03'),
(7735, 2638, 'action created', '2025-04-25 13:26:03', '2025-04-25 13:26:03'),
(7736, 2628, 'action started via WP Cron', '2025-04-25 13:26:03', '2025-04-25 13:26:03'),
(7737, 2628, 'action complete via WP Cron', '2025-04-25 13:26:03', '2025-04-25 13:26:03'),
(7738, 2639, 'action created', '2025-04-25 13:26:03', '2025-04-25 13:26:03'),
(7739, 2629, 'action started via WP Cron', '2025-04-25 13:26:03', '2025-04-25 13:26:03'),
(7740, 2629, 'action complete via WP Cron', '2025-04-25 13:26:03', '2025-04-25 13:26:03'),
(7741, 2640, 'action created', '2025-04-25 13:26:03', '2025-04-25 13:26:03'),
(7742, 2636, 'action started via WP Cron', '2025-04-26 10:10:15', '2025-04-26 10:10:15'),
(7743, 2636, 'action complete via WP Cron', '2025-04-26 10:10:15', '2025-04-26 10:10:15'),
(7744, 2641, 'action created', '2025-04-26 10:10:15', '2025-04-26 10:10:15'),
(7745, 2641, 'action started via WP Cron', '2025-04-27 10:10:51', '2025-04-27 10:10:51'),
(7746, 2641, 'action complete via WP Cron', '2025-04-27 10:10:51', '2025-04-27 10:10:51'),
(7747, 2642, 'action created', '2025-04-27 10:10:51', '2025-04-27 10:10:51'),
(7748, 2642, 'action started via WP Cron', '2025-04-28 10:17:48', '2025-04-28 10:17:48'),
(7749, 2642, 'action complete via WP Cron', '2025-04-28 10:17:48', '2025-04-28 10:17:48'),
(7750, 2643, 'action created', '2025-04-28 10:17:48', '2025-04-28 10:17:48'),
(7751, 2643, 'action started via WP Cron', '2025-04-29 10:18:24', '2025-04-29 10:18:24'),
(7752, 2643, 'action complete via WP Cron', '2025-04-29 10:18:24', '2025-04-29 10:18:24'),
(7753, 2644, 'action created', '2025-04-29 10:18:24', '2025-04-29 10:18:24'),
(7754, 2644, 'action started via WP Cron', '2025-04-30 10:20:30', '2025-04-30 10:20:30'),
(7755, 2644, 'action complete via WP Cron', '2025-04-30 10:20:30', '2025-04-30 10:20:30'),
(7756, 2645, 'action created', '2025-04-30 10:20:30', '2025-04-30 10:20:30'),
(7757, 2645, 'action started via WP Cron', '2025-05-01 10:23:29', '2025-05-01 10:23:29'),
(7758, 2645, 'action complete via WP Cron', '2025-05-01 10:23:29', '2025-05-01 10:23:29'),
(7759, 2646, 'action created', '2025-05-01 10:23:29', '2025-05-01 10:23:29'),
(7760, 2646, 'action started via WP Cron', '2025-05-02 10:27:06', '2025-05-02 10:27:06'),
(7761, 2646, 'action complete via WP Cron', '2025-05-02 10:27:06', '2025-05-02 10:27:06'),
(7762, 2647, 'action created', '2025-05-02 10:27:06', '2025-05-02 10:27:06'),
(7763, 2637, 'action started via WP Cron', '2025-05-02 11:54:36', '2025-05-02 11:54:36'),
(7764, 2637, 'action complete via WP Cron', '2025-05-02 11:54:36', '2025-05-02 11:54:36'),
(7765, 2648, 'action created', '2025-05-02 11:54:36', '2025-05-02 11:54:36'),
(7766, 2638, 'action started via WP Cron', '2025-05-02 13:27:15', '2025-05-02 13:27:15'),
(7767, 2638, 'action complete via WP Cron', '2025-05-02 13:27:15', '2025-05-02 13:27:15'),
(7768, 2649, 'action created', '2025-05-02 13:27:15', '2025-05-02 13:27:15'),
(7769, 2639, 'action started via WP Cron', '2025-05-02 13:27:15', '2025-05-02 13:27:15'),
(7770, 2639, 'action complete via WP Cron', '2025-05-02 13:27:15', '2025-05-02 13:27:15'),
(7771, 2650, 'action created', '2025-05-02 13:27:15', '2025-05-02 13:27:15'),
(7772, 2640, 'action started via WP Cron', '2025-05-02 13:27:15', '2025-05-02 13:27:15'),
(7773, 2640, 'action complete via WP Cron', '2025-05-02 13:27:15', '2025-05-02 13:27:15'),
(7774, 2651, 'action created', '2025-05-02 13:27:15', '2025-05-02 13:27:15'),
(7775, 2647, 'action started via WP Cron', '2025-05-03 10:29:09', '2025-05-03 10:29:09'),
(7776, 2647, 'action complete via WP Cron', '2025-05-03 10:29:09', '2025-05-03 10:29:09'),
(7777, 2652, 'action created', '2025-05-03 10:29:09', '2025-05-03 10:29:09'),
(7778, 2652, 'action started via WP Cron', '2025-05-04 10:30:23', '2025-05-04 10:30:23'),
(7779, 2652, 'action complete via WP Cron', '2025-05-04 10:30:23', '2025-05-04 10:30:23'),
(7780, 2653, 'action created', '2025-05-04 10:30:23', '2025-05-04 10:30:23'),
(7781, 2653, 'action started via WP Cron', '2025-05-05 10:30:23', '2025-05-05 10:30:23'),
(7782, 2653, 'action complete via WP Cron', '2025-05-05 10:30:23', '2025-05-05 10:30:23'),
(7783, 2654, 'action created', '2025-05-05 10:30:23', '2025-05-05 10:30:23'),
(7784, 2654, 'action started via WP Cron', '2025-05-05 10:30:23', '2025-05-05 10:30:23'),
(7785, 2654, 'action complete via WP Cron', '2025-05-05 10:30:23', '2025-05-05 10:30:23'),
(7786, 2655, 'action created', '2025-05-05 10:30:23', '2025-05-05 10:30:23'),
(7787, 2655, 'action started via WP Cron', '2025-05-05 10:30:23', '2025-05-05 10:30:23'),
(7788, 2655, 'action complete via WP Cron', '2025-05-05 10:30:23', '2025-05-05 10:30:23'),
(7789, 2656, 'action created', '2025-05-05 10:30:23', '2025-05-05 10:30:23'),
(7790, 2656, 'action started via WP Cron', '2025-05-05 10:30:23', '2025-05-05 10:30:23'),
(7791, 2656, 'action complete via WP Cron', '2025-05-05 10:30:23', '2025-05-05 10:30:23'),
(7792, 2657, 'action created', '2025-05-05 10:30:23', '2025-05-05 10:30:23'),
(7793, 2657, 'action started via WP Cron', '2025-05-05 10:30:23', '2025-05-05 10:30:23'),
(7794, 2657, 'action complete via WP Cron', '2025-05-05 10:30:23', '2025-05-05 10:30:23'),
(7795, 2658, 'action created', '2025-05-05 10:30:23', '2025-05-05 10:30:23'),
(7796, 2658, 'action started via WP Cron', '2025-05-05 10:30:23', '2025-05-05 10:30:23'),
(7797, 2658, 'action complete via WP Cron', '2025-05-05 10:30:23', '2025-05-05 10:30:23'),
(7798, 2659, 'action created', '2025-05-05 10:30:23', '2025-05-05 10:30:23'),
(7799, 2659, 'action started via WP Cron', '2025-05-05 10:30:23', '2025-05-05 10:30:23'),
(7800, 2659, 'action complete via WP Cron', '2025-05-05 10:30:23', '2025-05-05 10:30:23'),
(7801, 2660, 'action created', '2025-05-05 10:30:23', '2025-05-05 10:30:23'),
(7802, 2660, 'action started via WP Cron', '2025-05-05 10:30:23', '2025-05-05 10:30:23'),
(7803, 2660, 'action complete via WP Cron', '2025-05-05 10:30:23', '2025-05-05 10:30:23'),
(7804, 2661, 'action created', '2025-05-05 10:30:23', '2025-05-05 10:30:23'),
(7805, 2661, 'action started via WP Cron', '2025-05-05 10:30:23', '2025-05-05 10:30:23'),
(7806, 2661, 'action complete via WP Cron', '2025-05-05 10:30:23', '2025-05-05 10:30:23'),
(7807, 2662, 'action created', '2025-05-05 10:30:23', '2025-05-05 10:30:23'),
(7808, 2662, 'action started via WP Cron', '2025-05-05 10:30:23', '2025-05-05 10:30:23'),
(7809, 2662, 'action complete via WP Cron', '2025-05-05 10:30:23', '2025-05-05 10:30:23'),
(7810, 2663, 'action created', '2025-05-05 10:30:23', '2025-05-05 10:30:23'),
(7811, 2663, 'action started via WP Cron', '2025-05-05 10:30:23', '2025-05-05 10:30:23'),
(7812, 2663, 'action complete via WP Cron', '2025-05-05 10:30:23', '2025-05-05 10:30:23'),
(7813, 2664, 'action created', '2025-05-05 10:30:24', '2025-05-05 10:30:24'),
(7814, 2664, 'action started via WP Cron', '2025-05-06 10:30:53', '2025-05-06 10:30:53'),
(7815, 2664, 'action complete via WP Cron', '2025-05-06 10:30:53', '2025-05-06 10:30:53'),
(7816, 2665, 'action created', '2025-05-06 10:30:53', '2025-05-06 10:30:53'),
(7817, 2665, 'action started via WP Cron', '2025-05-07 10:31:55', '2025-05-07 10:31:55'),
(7818, 2665, 'action complete via WP Cron', '2025-05-07 10:31:55', '2025-05-07 10:31:55'),
(7819, 2666, 'action created', '2025-05-07 10:31:55', '2025-05-07 10:31:55'),
(7820, 2667, 'action created', '2025-05-09 13:26:11', '2025-05-09 13:26:11'),
(7821, 2648, 'action started via WP Cron', '2025-05-10 17:55:10', '2025-05-10 17:55:10'),
(7822, 2648, 'action complete via WP Cron', '2025-05-10 17:55:10', '2025-05-10 17:55:10'),
(7823, 2668, 'action created', '2025-05-10 17:55:10', '2025-05-10 17:55:10'),
(7824, 2649, 'action started via WP Cron', '2025-05-10 17:56:19', '2025-05-10 17:56:19'),
(7825, 2649, 'action complete via WP Cron', '2025-05-10 17:56:20', '2025-05-10 17:56:20'),
(7826, 2669, 'action created', '2025-05-10 17:56:20', '2025-05-10 17:56:20'),
(7827, 2650, 'action started via WP Cron', '2025-05-10 17:56:20', '2025-05-10 17:56:20'),
(7828, 2650, 'action complete via WP Cron', '2025-05-10 17:56:20', '2025-05-10 17:56:20'),
(7829, 2670, 'action created', '2025-05-10 17:56:20', '2025-05-10 17:56:20'),
(7830, 2651, 'action started via WP Cron', '2025-05-10 17:56:20', '2025-05-10 17:56:20'),
(7831, 2651, 'action complete via WP Cron', '2025-05-10 17:56:20', '2025-05-10 17:56:20'),
(7832, 2671, 'action created', '2025-05-10 17:56:20', '2025-05-10 17:56:20'),
(7833, 2666, 'action started via WP Cron', '2025-05-10 17:56:20', '2025-05-10 17:56:20'),
(7834, 2666, 'action complete via WP Cron', '2025-05-10 17:56:20', '2025-05-10 17:56:20'),
(7835, 2672, 'action created', '2025-05-10 17:56:20', '2025-05-10 17:56:20'),
(7836, 2667, 'action started via WP Cron', '2025-05-10 17:56:20', '2025-05-10 17:56:20'),
(7837, 2667, 'action complete via WP Cron', '2025-05-10 17:56:20', '2025-05-10 17:56:20'),
(7838, 2672, 'action started via WP Cron', '2025-05-11 17:56:21', '2025-05-11 17:56:21'),
(7839, 2672, 'action complete via WP Cron', '2025-05-11 17:56:21', '2025-05-11 17:56:21'),
(7840, 2673, 'action created', '2025-05-11 17:56:21', '2025-05-11 17:56:21'),
(7841, 2673, 'action started via WP Cron', '2025-05-12 17:56:23', '2025-05-12 17:56:23'),
(7842, 2673, 'action complete via WP Cron', '2025-05-12 17:56:23', '2025-05-12 17:56:23'),
(7843, 2674, 'action created', '2025-05-12 17:56:23', '2025-05-12 17:56:23'),
(7844, 2674, 'action started via WP Cron', '2025-05-13 17:56:35', '2025-05-13 17:56:35'),
(7845, 2674, 'action complete via WP Cron', '2025-05-13 17:56:35', '2025-05-13 17:56:35'),
(7846, 2675, 'action created', '2025-05-13 17:56:35', '2025-05-13 17:56:35'),
(7847, 2675, 'action started via WP Cron', '2025-05-14 17:57:14', '2025-05-14 17:57:14'),
(7848, 2675, 'action complete via WP Cron', '2025-05-14 17:57:14', '2025-05-14 17:57:14'),
(7849, 2676, 'action created', '2025-05-14 17:57:14', '2025-05-14 17:57:14'),
(7850, 2676, 'action started via WP Cron', '2025-05-15 18:04:35', '2025-05-15 18:04:35'),
(7851, 2676, 'action complete via WP Cron', '2025-05-15 18:04:35', '2025-05-15 18:04:35'),
(7852, 2677, 'action created', '2025-05-15 18:04:35', '2025-05-15 18:04:35'),
(7853, 2677, 'action started via WP Cron', '2025-05-16 18:11:02', '2025-05-16 18:11:02'),
(7854, 2677, 'action complete via WP Cron', '2025-05-16 18:11:02', '2025-05-16 18:11:02'),
(7855, 2678, 'action created', '2025-05-16 18:11:02', '2025-05-16 18:11:02'),
(7856, 2668, 'action started via WP Cron', '2025-05-17 18:00:05', '2025-05-17 18:00:05'),
(7857, 2668, 'action complete via WP Cron', '2025-05-17 18:00:05', '2025-05-17 18:00:05'),
(7858, 2679, 'action created', '2025-05-17 18:00:05', '2025-05-17 18:00:05'),
(7859, 2669, 'action started via WP Cron', '2025-05-17 18:00:05', '2025-05-17 18:00:05'),
(7860, 2669, 'action complete via WP Cron', '2025-05-17 18:00:05', '2025-05-17 18:00:05'),
(7861, 2680, 'action created', '2025-05-17 18:00:05', '2025-05-17 18:00:05'),
(7862, 2670, 'action started via WP Cron', '2025-05-17 18:00:05', '2025-05-17 18:00:05'),
(7863, 2670, 'action complete via WP Cron', '2025-05-17 18:00:05', '2025-05-17 18:00:05'),
(7864, 2681, 'action created', '2025-05-17 18:00:05', '2025-05-17 18:00:05'),
(7865, 2671, 'action started via WP Cron', '2025-05-17 18:00:05', '2025-05-17 18:00:05'),
(7866, 2671, 'action complete via WP Cron', '2025-05-17 18:00:05', '2025-05-17 18:00:05'),
(7867, 2682, 'action created', '2025-05-17 18:00:06', '2025-05-17 18:00:06'),
(7868, 2678, 'action started via WP Cron', '2025-05-17 18:25:24', '2025-05-17 18:25:24'),
(7869, 2678, 'action complete via WP Cron', '2025-05-17 18:25:24', '2025-05-17 18:25:24'),
(7870, 2683, 'action created', '2025-05-17 18:25:24', '2025-05-17 18:25:24'),
(7871, 2683, 'action started via WP Cron', '2025-05-18 18:27:08', '2025-05-18 18:27:08'),
(7872, 2683, 'action complete via WP Cron', '2025-05-18 18:27:08', '2025-05-18 18:27:08'),
(7873, 2684, 'action created', '2025-05-18 18:27:08', '2025-05-18 18:27:08'),
(7874, 2684, 'action started via WP Cron', '2025-05-19 18:27:20', '2025-05-19 18:27:20'),
(7875, 2684, 'action complete via WP Cron', '2025-05-19 18:27:20', '2025-05-19 18:27:20'),
(7876, 2685, 'action created', '2025-05-19 18:27:20', '2025-05-19 18:27:20'),
(7877, 2685, 'action started via WP Cron', '2025-05-20 18:27:40', '2025-05-20 18:27:40'),
(7878, 2685, 'action complete via WP Cron', '2025-05-20 18:27:40', '2025-05-20 18:27:40'),
(7879, 2686, 'action created', '2025-05-20 18:27:40', '2025-05-20 18:27:40');

-- --------------------------------------------------------

--
-- Table structure for table `wp_nytakstcommentmeta`
--

CREATE TABLE `wp_nytakstcommentmeta` (
  `meta_id` bigint(20) UNSIGNED NOT NULL,
  `comment_id` bigint(20) UNSIGNED NOT NULL DEFAULT '0',
  `meta_key` varchar(255) COLLATE utf8mb4_unicode_ci DEFAULT NULL,
  `meta_value` longtext COLLATE utf8mb4_unicode_ci
) ENGINE=MyISAM DEFAULT CHARSET=utf8mb4 COLLATE=utf8mb4_unicode_ci;

--
-- Dumping data for table `wp_nytakstcommentmeta`
--

INSERT INTO `wp_nytakstcommentmeta` (`meta_id`, `comment_id`, `meta_key`, `meta_value`) VALUES
(3, 19, '_wp_trash_meta_status', '0'),
(4, 19, '_wp_trash_meta_time', '1746797417'),
(5, 18, '_wp_trash_meta_status', '0'),
(6, 18, '_wp_trash_meta_time', '1746797417'),
(7, 17, '_wp_trash_meta_status', '0'),
(8, 17, '_wp_trash_meta_time', '1746797417'),
(9, 16, '_wp_trash_meta_status', '0'),
(10, 16, '_wp_trash_meta_time', '1746797417'),
(11, 15, '_wp_trash_meta_status', '0'),
(12, 15, '_wp_trash_meta_time', '1746797417'),
(13, 14, '_wp_trash_meta_status', '0'),
(14, 14, '_wp_trash_meta_time', '1746797417'),
(15, 13, '_wp_trash_meta_status', '0'),
(16, 13, '_wp_trash_meta_time', '1746797417'),
(17, 12, '_wp_trash_meta_status', '0'),
(18, 12, '_wp_trash_meta_time', '1746797417'),
(19, 11, '_wp_trash_meta_status', '0'),
(20, 11, '_wp_trash_meta_time', '1746797417'),
(21, 10, '_wp_trash_meta_status', '0'),
(22, 10, '_wp_trash_meta_time', '1746797417'),
(23, 9, '_wp_trash_meta_status', '0'),
(24, 9, '_wp_trash_meta_time', '1746797417'),
(25, 8, '_wp_trash_meta_status', '0'),
(26, 8, '_wp_trash_meta_time', '1746797417'),
(27, 7, '_wp_trash_meta_status', '0'),
(28, 7, '_wp_trash_meta_time', '1746797417'),
(29, 6, '_wp_trash_meta_status', '0'),
(30, 6, '_wp_trash_meta_time', '1746797417'),
(31, 5, '_wp_trash_meta_status', '0'),
(32, 5, '_wp_trash_meta_time', '1746797417'),
(33, 4, '_wp_trash_meta_status', '0'),
(34, 4, '_wp_trash_meta_time', '1746797417'),
(35, 3, '_wp_trash_meta_status', '0'),
(36, 3, '_wp_trash_meta_time', '1746797417'),
(37, 2, '_wp_trash_meta_status', '0'),
(38, 2, '_wp_trash_meta_time', '1746797417');

-- --------------------------------------------------------

--
-- Table structure for table `wp_nytakstcomments`
--

CREATE TABLE `wp_nytakstcomments` (
  `comment_ID` bigint(20) UNSIGNED NOT NULL,
  `comment_post_ID` bigint(20) UNSIGNED NOT NULL DEFAULT '0',
  `comment_author` tinytext COLLATE utf8mb4_unicode_ci NOT NULL,
  `comment_author_email` varchar(100) COLLATE utf8mb4_unicode_ci NOT NULL DEFAULT '',
  `comment_author_url` varchar(200) COLLATE utf8mb4_unicode_ci NOT NULL DEFAULT '',
  `comment_author_IP` varchar(100) COLLATE utf8mb4_unicode_ci NOT NULL DEFAULT '',
  `comment_date` datetime NOT NULL DEFAULT '0000-00-00 00:00:00',
  `comment_date_gmt` datetime NOT NULL DEFAULT '0000-00-00 00:00:00',
  `comment_content` text COLLATE utf8mb4_unicode_ci NOT NULL,
  `comment_karma` int(11) NOT NULL DEFAULT '0',
  `comment_approved` varchar(20) COLLATE utf8mb4_unicode_ci NOT NULL DEFAULT '1',
  `comment_agent` varchar(255) COLLATE utf8mb4_unicode_ci NOT NULL DEFAULT '',
  `comment_type` varchar(20) COLLATE utf8mb4_unicode_ci NOT NULL DEFAULT 'comment',
  `comment_parent` bigint(20) UNSIGNED NOT NULL DEFAULT '0',
  `user_id` bigint(20) UNSIGNED NOT NULL DEFAULT '0'
) ENGINE=MyISAM DEFAULT CHARSET=utf8mb4 COLLATE=utf8mb4_unicode_ci;

--
-- Dumping data for table `wp_nytakstcomments`
--

INSERT INTO `wp_nytakstcomments` (`comment_ID`, `comment_post_ID`, `comment_author`, `comment_author_email`, `comment_author_url`, `comment_author_IP`, `comment_date`, `comment_date_gmt`, `comment_content`, `comment_karma`, `comment_approved`, `comment_agent`, `comment_type`, `comment_parent`, `user_id`) VALUES
(2, 7, 'zelma', '35276@gmail.com', 'http://bitly.ws/znHX', '45.158.48.52', '2023-01-27 09:38:08', '2023-01-27 09:38:08', 'Waiting patiently for you to come home and fuck me! http://bitly.ws/znHX', 0, 'trash', 'Mozilla/5.0 (Windows NT 6.3; Win64; x64) AppleWebKit/537.36 (KHTML, like Gecko) Chrome/91.0.4472.114 Safari/537.36', 'comment', 0, 0),
(3, 29, 'plinko casino game real money', '', 'https://onlinecasinoareal.com/', '179.60.183.250', '2023-02-08 06:44:33', '2023-02-08 06:44:33', '[&#8230;] real money casino pa [&#8230;]', 0, 'trash', 'Mozilla/5.0 (Macintosh; Intel Mac OS X 10_13) AppleWebKit/603.1.13 (KHTML, like Gecko) Version/10.1 Safari/603.1.13', 'pingback', 0, 0),
(4, 8, 'jeannette', '87821@gmail.com', 'https://is.gd/dBsd60', '37.139.179.19', '2023-02-25 18:04:52', '2023-02-25 18:04:52', 'Play with my tits? https://is.gd/dBsd60', 0, 'trash', 'Mozilla/5.0 (Windows NT 6.3; Win64; x64) AppleWebKit/537.36 (KHTML, like Gecko) Chrome/91.0.4472.114 Safari/537.36', 'comment', 0, 0),
(5, 9, 'erica', '5640@gmail.com', 'https://is.gd/dBsd60', '91.244.13.58', '2023-02-28 11:25:14', '2023-02-28 11:25:14', 'I\'m ready for you https://is.gd/dBsd60', 0, 'trash', 'Mozilla/5.0 (Windows NT 6.3; Win64; x64) AppleWebKit/537.36 (KHTML, like Gecko) Chrome/91.0.4472.114 Safari/537.36', 'comment', 0, 0),
(6, 9, 'lois', '59251@gmail.com', 'https://is.gd/dBsd60', '91.244.13.58', '2023-03-05 22:32:44', '2023-03-05 22:32:44', 'Join me in the shower Daddy, I need your strong hands to scrub me down! https://is.gd/dBsd60', 0, 'trash', 'Mozilla/5.0 (Windows NT 6.3; Win64; x64) AppleWebKit/537.36 (KHTML, like Gecko) Chrome/91.0.4472.114 Safari/537.36', 'comment', 0, 0),
(7, 8, 'marcella', '26131@gmail.com', 'http://tiny.cc/gz35vz', '91.244.13.58', '2023-03-11 04:08:43', '2023-03-11 04:08:43', 'I’ll spread my legs if you’ll spread my pussy http://tiny.cc/gz35vz', 0, 'trash', 'Mozilla/5.0 (Windows NT 6.3; Win64; x64) AppleWebKit/537.36 (KHTML, like Gecko) Chrome/91.0.4472.114 Safari/537.36', 'comment', 0, 0),
(8, 9, 'marylou', '78492@gmail.com', 'http://tiny.cc/gz35vz', '91.244.13.58', '2023-03-13 17:57:49', '2023-03-13 17:57:49', 'Would you let me bounce up and down on your cock? http://tiny.cc/gz35vz', 0, 'trash', 'Mozilla/5.0 (Windows NT 6.3; Win64; x64) AppleWebKit/537.36 (KHTML, like Gecko) Chrome/91.0.4472.114 Safari/537.36', 'comment', 0, 0),
(9, 8, 'odessa', '5768@gmail.com', 'http://prephe.ro/y6sn', '91.244.13.58', '2023-03-16 08:07:01', '2023-03-16 08:07:01', 'Feel free to join me on a naked nature walk. http://prephe.ro/y6sn', 0, 'trash', 'Mozilla/5.0 (Windows NT 6.3; Win64; x64) AppleWebKit/537.36 (KHTML, like Gecko) Chrome/91.0.4472.114 Safari/537.36', 'comment', 0, 0),
(10, 9, 'sara', '82830@gmail.com', 'http://prephe.ro/Bdsn', '91.244.13.247', '2023-03-25 00:29:09', '2023-03-25 00:29:09', 'May I borrow your tongue? http://prephe.ro/Bdsn', 0, 'trash', 'Mozilla/5.0 (Windows NT 6.3; Win64; x64) AppleWebKit/537.36 (KHTML, like Gecko) Chrome/91.0.4472.114 Safari/537.36', 'comment', 0, 0),
(11, 8, 'kate', '6440@gmail.com', 'http://prephe.ro/Bdsn', '92.43.80.160', '2023-03-27 13:54:48', '2023-03-27 13:54:48', 'When I think about you I touch myself http://prephe.ro/Bdsn', 0, 'trash', 'Mozilla/5.0 (Windows NT 6.3; Win64; x64) AppleWebKit/537.36 (KHTML, like Gecko) Chrome/91.0.4472.114 Safari/537.36', 'comment', 0, 0),
(12, 8, 'kristi', '64382@gmail.com', 'http://prephe.ro/Bdsn', '91.244.12.175', '2023-04-03 08:54:32', '2023-04-03 08:54:32', 'Time to sit on you? http://prephe.ro/Bdsn', 0, 'trash', 'Mozilla/5.0 (Windows NT 6.3; Win64; x64) AppleWebKit/537.36 (KHTML, like Gecko) Chrome/91.0.4472.114 Safari/537.36', 'comment', 0, 0),
(13, 9, 'dominique', '49370@gmail.com', 'http://prephe.ro/Bdsn', '91.244.12.175', '2023-04-06 04:51:27', '2023-04-06 04:51:27', 'Cum on my tits or mouth? http://prephe.ro/Bdsn', 0, 'trash', 'Mozilla/5.0 (Windows NT 6.3; Win64; x64) AppleWebKit/537.36 (KHTML, like Gecko) Chrome/91.0.4472.114 Safari/537.36', 'comment', 0, 0),
(14, 7, 'edith', '65905@gmail.com', 'http://prephe.ro/naqn', '91.244.12.175', '2023-05-06 19:01:41', '2023-05-06 19:01:41', 'My room is a little nippy… can you tell http://prephe.ro/naqn', 0, 'trash', 'Mozilla/5.0 (Windows NT 6.3; Win64; x64) AppleWebKit/537.36 (KHTML, like Gecko) Chrome/91.0.4472.114 Safari/537.36', 'comment', 0, 0),
(15, 7, 'Extended Opportunity', '79515@gmail.com', '', '109.72.127.188', '2024-02-04 23:29:00', '2024-02-04 23:29:00', 'Hey Guys,\r\n\r\nWarning: From February 2024, all existing email autoresponders will become obsolete!\r\n\r\nIn fact, if you want to send marketing emails, promotional emails, or any other sort of emails starting in February 2024, you’ll need to comply with Gmail’s and Yahoo’s draconic new directives.\r\n \r\nThey require regular marketers like you and I to setup complex code on sending domains… and existing autoresponders like Aweber and GetResponse are not helping: they’re requesting you do all the work, and their training is filled with complex instructions and flowcharts… \r\n \r\nHow would you like to send unlimited emails at the push of a button all with done-for-you DMARC, DKIM, SPF, custom IPs and dedicated SMTP sending servers?\r\n\r\nWhat I mean by all of that tech talk above, is that with ProfitMarc, we give you pre-set, pre-configured, DONE-FOR-YOU email sending addresses you can just load up and mail straight away.\r\n\r\nWe don’t even have any “setup tutorials” like other autoresponders either, because guess what: we already did all the setup for you!\r\n\r\nAll of our built-in sending addresses and servers are already pre-warmed with Gmail and Yahoo and they’re loving us: 99% inbox rate is the average!\r\n \r\n⇒ Grab your copy here! ⇒ https://ext-opp.com/ProfitMarc', 0, 'trash', 'Mozilla/5.0 (Windows NT 6.3; Win64; x64) AppleWebKit/537.36 (KHTML, like Gecko) Chrome/91.0.4472.114 Safari/537.36', 'comment', 0, 0),
(16, 7, 'Extended Opportunity', '16461@gmail.com', '', '185.125.50.5', '2024-04-05 02:27:42', '2024-04-05 02:27:42', 'This Dude Creates Bitc0in Out Of Thin Air [CRAZY]\r\n\r\nI didn’t believe it either at first…\r\n\r\nUntil i saw it works in action &gt;&gt; https://ext-opp.com/Coinz\r\n\r\nYou see, Bitc0in and the entire Crypt0 market is about to go through the rough… \r\n\r\nSome smart people will get in now, and make massive gains,\r\nAnd some will stand and watch people make money… \r\n\r\nUltimately, I want you to get in now… \r\n\r\nBut here is the issue… \r\n\r\nIf you put any kind of money in it now, it would be a huge risk. \r\nEspecially if you put in money that you can’t afford to lose… \r\n\r\nBut what my friend, Seyi, did is insane… \r\n\r\nHe created the world’s first AI app that literally generates Bitc0in and ETH out of thin air… \r\n\r\nAll you need to do is just connect your wallet, and that’s it… \r\n\r\n- You don’t need to analyze the market \r\n- You don’t need mining equipments \r\n- You don’t need to trade \r\n- And you don’t need to invest even a penny\r\n\r\nTo create your account with Coinz, and start receiving daily Bitc0in &amp; etheruem for 100% free click here &gt;&gt; https://ext-opp.com/Coinz\r\n\r\nBut don’t delay, because the price of Coinz will double very soon… \r\n\r\nCheers', 0, 'trash', 'Mozilla/5.0 (Windows NT 6.3; Win64; x64) AppleWebKit/537.36 (KHTML, like Gecko) Chrome/91.0.4472.114 Safari/537.36', 'comment', 0, 0),
(17, 8, 'Extended Opportunity', '78059@gmail.com', '', '185.125.50.5', '2024-04-17 00:08:42', '2024-04-17 00:08:42', 'An Ultimate Web-Hosting Solution For Business Owners https://ext-opp.com/HostsMaster', 0, 'trash', 'Mozilla/5.0 (Windows NT 6.3; Win64; x64) AppleWebKit/537.36 (KHTML, like Gecko) Chrome/91.0.4472.114 Safari/537.36', 'comment', 0, 0),
(18, 7, 'Extended Opportunity', '17339@gmail.com', '', '185.125.50.5', '2024-04-25 23:37:30', '2024-04-25 23:37:30', 'Word\'s First NLP &amp; ML Based Email, Voice &amp; Video Marketing Autoresponder Thats Boost Email Delivery, Click &amp; Open Rates Instantly https://ext-opp.com/VidMailsAI', 0, 'trash', 'Mozilla/5.0 (Windows NT 6.3; Win64; x64) AppleWebKit/537.36 (KHTML, like Gecko) Chrome/91.0.4472.114 Safari/537.36', 'comment', 0, 0),
(19, 12, 'promethazine price', '', 'https://antiasthmameds.top/promethazine', '64.43.122.176', '2024-07-22 11:05:31', '2024-07-22 11:05:31', '[&#8230;] promethazine 25mg [&#8230;]', 0, 'trash', 'Mozilla/5.0 (Macintosh; Intel Mac OS X 10_13) AppleWebKit/603.1.13 (KHTML, like Gecko) Version/10.1 Safari/603.1.13', 'pingback', 0, 0);

-- --------------------------------------------------------

--
-- Table structure for table `wp_nytakstlinks`
--

CREATE TABLE `wp_nytakstlinks` (
  `link_id` bigint(20) UNSIGNED NOT NULL,
  `link_url` varchar(255) COLLATE utf8mb4_unicode_ci NOT NULL DEFAULT '',
  `link_name` varchar(255) COLLATE utf8mb4_unicode_ci NOT NULL DEFAULT '',
  `link_image` varchar(255) COLLATE utf8mb4_unicode_ci NOT NULL DEFAULT '',
  `link_target` varchar(25) COLLATE utf8mb4_unicode_ci NOT NULL DEFAULT '',
  `link_description` varchar(255) COLLATE utf8mb4_unicode_ci NOT NULL DEFAULT '',
  `link_visible` varchar(20) COLLATE utf8mb4_unicode_ci NOT NULL DEFAULT 'Y',
  `link_owner` bigint(20) UNSIGNED NOT NULL DEFAULT '1',
  `link_rating` int(11) NOT NULL DEFAULT '0',
  `link_updated` datetime NOT NULL DEFAULT '0000-00-00 00:00:00',
  `link_rel` varchar(255) COLLATE utf8mb4_unicode_ci NOT NULL DEFAULT '',
  `link_notes` mediumtext COLLATE utf8mb4_unicode_ci NOT NULL,
  `link_rss` varchar(255) COLLATE utf8mb4_unicode_ci NOT NULL DEFAULT ''
) ENGINE=MyISAM DEFAULT CHARSET=utf8mb4 COLLATE=utf8mb4_unicode_ci;

-- --------------------------------------------------------

--
-- Table structure for table `wp_nytakstoptions`
--

CREATE TABLE `wp_nytakstoptions` (
  `option_id` bigint(20) UNSIGNED NOT NULL,
  `option_name` varchar(191) COLLATE utf8mb4_unicode_ci DEFAULT NULL,
  `option_value` longtext COLLATE utf8mb4_unicode_ci,
  `autoload` varchar(20) COLLATE utf8mb4_unicode_ci NOT NULL DEFAULT 'yes'
) ENGINE=MyISAM DEFAULT CHARSET=utf8mb4 COLLATE=utf8mb4_unicode_ci;

--
-- Dumping data for table `wp_nytakstoptions`
--

INSERT INTO `wp_nytakstoptions` (`option_id`, `option_name`, `option_value`, `autoload`) VALUES
(1, 'siteurl', 'http://www.e3click.com', 'yes'),
(2, 'home', 'http://www.e3click.com', 'yes'),
(3, 'blogname', 'e3click', 'yes'),
(4, 'blogdescription', '.com', 'yes'),
(5, 'users_can_register', '0', 'yes'),
(6, 'admin_email', 'frank@frx.no', 'yes'),
(7, 'start_of_week', '1', 'yes'),
(8, 'use_balanceTags', '0', 'yes'),
(9, 'use_smilies', '1', 'yes'),
(10, 'require_name_email', '1', 'yes'),
(11, 'comments_notify', '1', 'yes'),
(12, 'posts_per_rss', '10', 'yes'),
(13, 'rss_use_excerpt', '0', 'yes'),
(14, 'mailserver_url', 'mail.example.com', 'yes'),
(15, 'mailserver_login', 'login@example.com', 'yes'),
(16, 'mailserver_pass', 'password', 'yes'),
(17, 'mailserver_port', '110', 'yes'),
(18, 'default_category', '1', 'yes'),
(19, 'default_comment_status', '', 'yes'),
(20, 'default_ping_status', '', 'yes'),
(21, 'default_pingback_flag', '', 'yes'),
(22, 'posts_per_page', '4', 'yes'),
(23, 'date_format', 'F j, Y', 'yes'),
(24, 'time_format', 'g:i a', 'yes'),
(25, 'links_updated_date_format', 'F j, Y g:i a', 'yes'),
(26, 'comment_moderation', '', 'yes'),
(27, 'moderation_notify', '1', 'yes'),
(28, 'permalink_structure', '/%postname%/', 'yes'),
(29, 'hack_file', '0', 'yes'),
(30, 'blog_charset', 'UTF-8', 'yes'),
(31, 'moderation_keys', '', 'no'),
(32, 'active_plugins', 'a:1:{i:0;s:19:\"wpforms/wpforms.php\";}', 'yes'),
(33, 'category_base', '', 'yes'),
(34, 'ping_sites', 'http://rpc.pingomatic.com/', 'yes'),
(35, 'comment_max_links', '2', 'yes'),
(36, 'gmt_offset', '0', 'yes'),
(37, 'default_email_category', '1', 'yes'),
(38, 'recently_edited', 'a:5:{i:0;s:79:\"/home/nytakst/public_html/e3click.com/wp-content/themes/gk-portfolio/footer.php\";i:2;s:78:\"/home/nytakst/public_html/e3click.com/wp-content/themes/gk-portfolio/style.css\";i:3;s:82:\"/home/nytakst/public_html/e3click.com/wp-content/themes/gk-portfolio/functions.php\";i:4;s:85:\"/home/nytakst/public_html/e3click.com/wp-content/themes/gk-portfolio/front-end-js.php\";i:5;s:86:\"/home/nytakst/public_html/e3click.com/wp-content/themes/gk-portfolio/front-end-css.php\";}', 'no'),
(39, 'template', 'twentyfourteen', 'yes'),
(40, 'stylesheet', 'twentyfourteen', 'yes'),
(25696, 'finished_updating_comment_type', '1', 'yes'),
(43, 'comment_registration', '', 'yes'),
(44, 'html_type', 'text/html', 'yes'),
(45, 'use_trackback', '0', 'yes'),
(46, 'default_role', 'subscriber', 'yes'),
(47, 'db_version', '53496', 'yes'),
(48, 'uploads_use_yearmonth_folders', '1', 'yes'),
(49, 'upload_path', '', 'yes'),
(50, 'blog_public', '0', 'yes'),
(51, 'default_link_category', '2', 'yes'),
(52, 'show_on_front', 'page', 'yes'),
(53, 'tag_base', '', 'yes'),
(54, 'show_avatars', '1', 'yes'),
(55, 'avatar_rating', 'G', 'yes'),
(56, 'upload_url_path', '', 'yes'),
(57, 'thumbnail_size_w', '150', 'yes'),
(58, 'thumbnail_size_h', '150', 'yes'),
(59, 'thumbnail_crop', '1', 'yes'),
(60, 'medium_size_w', '300', 'yes'),
(61, 'medium_size_h', '300', 'yes'),
(62, 'avatar_default', 'mystery', 'yes'),
(63, 'large_size_w', '1024', 'yes'),
(64, 'large_size_h', '1024', 'yes'),
(65, 'image_default_link_type', 'none', 'yes'),
(66, 'image_default_size', '', 'yes'),
(67, 'image_default_align', '', 'yes'),
(68, 'close_comments_for_old_posts', '', 'yes'),
(69, 'close_comments_days_old', '14', 'yes'),
(70, 'thread_comments', '1', 'yes'),
(71, 'thread_comments_depth', '5', 'yes'),
(72, 'page_comments', '', 'yes'),
(73, 'comments_per_page', '50', 'yes'),
(74, 'default_comments_page', 'newest', 'yes'),
(75, 'comment_order', 'asc', 'yes'),
(76, 'sticky_posts', 'a:0:{}', 'yes'),
(77, 'widget_categories', 'a:1:{s:12:\"_multiwidget\";i:1;}', 'yes'),
(78, 'widget_text', 'a:2:{i:1;a:0:{}s:12:\"_multiwidget\";i:1;}', 'yes'),
(79, 'widget_rss', 'a:2:{i:1;a:0:{}s:12:\"_multiwidget\";i:1;}', 'yes'),
(80, 'uninstall_plugins', 'a:0:{}', 'no'),
(81, 'timezone_string', '', 'yes'),
(82, 'page_for_posts', '0', 'yes'),
(83, 'page_on_front', '2', 'yes'),
(84, 'default_post_format', '0', 'yes'),
(85, 'link_manager_enabled', '0', 'yes'),
(86, 'finished_splitting_shared_terms', '1', 'yes'),
(87, 'site_icon', '74', 'yes'),
(88, 'medium_large_size_w', '768', 'yes'),
(89, 'medium_large_size_h', '0', 'yes'),
(90, 'initial_db_version', '35700', 'yes'),
(91, 'wp_nytakstuser_roles', 'a:5:{s:13:\"administrator\";a:2:{s:4:\"name\";s:13:\"Administrator\";s:12:\"capabilities\";a:61:{s:13:\"switch_themes\";b:1;s:11:\"edit_themes\";b:1;s:16:\"activate_plugins\";b:1;s:12:\"edit_plugins\";b:1;s:10:\"edit_users\";b:1;s:10:\"edit_files\";b:1;s:14:\"manage_options\";b:1;s:17:\"moderate_comments\";b:1;s:17:\"manage_categories\";b:1;s:12:\"manage_links\";b:1;s:12:\"upload_files\";b:1;s:6:\"import\";b:1;s:15:\"unfiltered_html\";b:1;s:10:\"edit_posts\";b:1;s:17:\"edit_others_posts\";b:1;s:20:\"edit_published_posts\";b:1;s:13:\"publish_posts\";b:1;s:10:\"edit_pages\";b:1;s:4:\"read\";b:1;s:8:\"level_10\";b:1;s:7:\"level_9\";b:1;s:7:\"level_8\";b:1;s:7:\"level_7\";b:1;s:7:\"level_6\";b:1;s:7:\"level_5\";b:1;s:7:\"level_4\";b:1;s:7:\"level_3\";b:1;s:7:\"level_2\";b:1;s:7:\"level_1\";b:1;s:7:\"level_0\";b:1;s:17:\"edit_others_pages\";b:1;s:20:\"edit_published_pages\";b:1;s:13:\"publish_pages\";b:1;s:12:\"delete_pages\";b:1;s:19:\"delete_others_pages\";b:1;s:22:\"delete_published_pages\";b:1;s:12:\"delete_posts\";b:1;s:19:\"delete_others_posts\";b:1;s:22:\"delete_published_posts\";b:1;s:20:\"delete_private_posts\";b:1;s:18:\"edit_private_posts\";b:1;s:18:\"read_private_posts\";b:1;s:20:\"delete_private_pages\";b:1;s:18:\"edit_private_pages\";b:1;s:18:\"read_private_pages\";b:1;s:12:\"delete_users\";b:1;s:12:\"create_users\";b:1;s:17:\"unfiltered_upload\";b:1;s:14:\"edit_dashboard\";b:1;s:14:\"update_plugins\";b:1;s:14:\"delete_plugins\";b:1;s:15:\"install_plugins\";b:1;s:13:\"update_themes\";b:1;s:14:\"install_themes\";b:1;s:11:\"update_core\";b:1;s:10:\"list_users\";b:1;s:12:\"remove_users\";b:1;s:13:\"promote_users\";b:1;s:18:\"edit_theme_options\";b:1;s:13:\"delete_themes\";b:1;s:6:\"export\";b:1;}}s:6:\"editor\";a:2:{s:4:\"name\";s:6:\"Editor\";s:12:\"capabilities\";a:34:{s:17:\"moderate_comments\";b:1;s:17:\"manage_categories\";b:1;s:12:\"manage_links\";b:1;s:12:\"upload_files\";b:1;s:15:\"unfiltered_html\";b:1;s:10:\"edit_posts\";b:1;s:17:\"edit_others_posts\";b:1;s:20:\"edit_published_posts\";b:1;s:13:\"publish_posts\";b:1;s:10:\"edit_pages\";b:1;s:4:\"read\";b:1;s:7:\"level_7\";b:1;s:7:\"level_6\";b:1;s:7:\"level_5\";b:1;s:7:\"level_4\";b:1;s:7:\"level_3\";b:1;s:7:\"level_2\";b:1;s:7:\"level_1\";b:1;s:7:\"level_0\";b:1;s:17:\"edit_others_pages\";b:1;s:20:\"edit_published_pages\";b:1;s:13:\"publish_pages\";b:1;s:12:\"delete_pages\";b:1;s:19:\"delete_others_pages\";b:1;s:22:\"delete_published_pages\";b:1;s:12:\"delete_posts\";b:1;s:19:\"delete_others_posts\";b:1;s:22:\"delete_published_posts\";b:1;s:20:\"delete_private_posts\";b:1;s:18:\"edit_private_posts\";b:1;s:18:\"read_private_posts\";b:1;s:20:\"delete_private_pages\";b:1;s:18:\"edit_private_pages\";b:1;s:18:\"read_private_pages\";b:1;}}s:6:\"author\";a:2:{s:4:\"name\";s:6:\"Author\";s:12:\"capabilities\";a:10:{s:12:\"upload_files\";b:1;s:10:\"edit_posts\";b:1;s:20:\"edit_published_posts\";b:1;s:13:\"publish_posts\";b:1;s:4:\"read\";b:1;s:7:\"level_2\";b:1;s:7:\"level_1\";b:1;s:7:\"level_0\";b:1;s:12:\"delete_posts\";b:1;s:22:\"delete_published_posts\";b:1;}}s:11:\"contributor\";a:2:{s:4:\"name\";s:11:\"Contributor\";s:12:\"capabilities\";a:5:{s:10:\"edit_posts\";b:1;s:4:\"read\";b:1;s:7:\"level_1\";b:1;s:7:\"level_0\";b:1;s:12:\"delete_posts\";b:1;}}s:10:\"subscriber\";a:2:{s:4:\"name\";s:10:\"Subscriber\";s:12:\"capabilities\";a:2:{s:4:\"read\";b:1;s:7:\"level_0\";b:1;}}}', 'yes'),
(92, 'widget_search', 'a:1:{s:12:\"_multiwidget\";i:1;}', 'yes'),
(93, 'widget_recent-posts', 'a:1:{s:12:\"_multiwidget\";i:1;}', 'yes'),
(94, 'widget_recent-comments', 'a:1:{s:12:\"_multiwidget\";i:1;}', 'yes'),
(95, 'widget_archives', 'a:1:{s:12:\"_multiwidget\";i:1;}', 'yes'),
(96, 'widget_meta', 'a:1:{s:12:\"_multiwidget\";i:1;}', 'yes'),
(97, 'sidebars_widgets', 'a:5:{s:19:\"wp_inactive_widgets\";a:0:{}s:9:\"sidebar-1\";a:0:{}s:9:\"sidebar-2\";a:0:{}s:9:\"sidebar-3\";a:0:{}s:13:\"array_version\";i:3;}', 'yes'),
(198, 'recently_activated', 'a:0:{}', 'yes'),
(197, 'category_children', 'a:0:{}', 'yes'),
(172, 'theme_mods_gk-portfolio', 'a:10:{i:0;b:0;s:18:\"nav_menu_locations\";a:3:{s:7:\"primary\";i:2;s:6:\"social\";i:2;s:6:\"footer\";i:3;}s:14:\"portfolio_logo\";s:67:\"http://www.e3click.com/wp-content/uploads/2016/01/e3_logo_click.png\";s:16:\"background_image\";s:59:\"http://www.e3click.com/wp-content/uploads/2016/01/black.png\";s:23:\"portfolio_logo_autosize\";b:1;s:20:\"portfolio_item_hover\";i:1;s:34:\"portfolio_frontpage_animation_type\";i:5;s:32:\"portfolio_post_preview_animation\";s:20:\"animation-slide-down\";s:18:\"custom_css_post_id\";i:-1;s:16:\"sidebars_widgets\";a:2:{s:4:\"time\";i:1621410187;s:4:\"data\";a:2:{s:19:\"wp_inactive_widgets\";a:0:{}s:6:\"bottom\";a:0:{}}}}', 'yes'),
(99, 'widget_pages', 'a:1:{s:12:\"_multiwidget\";i:1;}', 'yes'),
(100, 'widget_calendar', 'a:1:{s:12:\"_multiwidget\";i:1;}', 'yes'),
(101, 'widget_tag_cloud', 'a:1:{s:12:\"_multiwidget\";i:1;}', 'yes'),
(102, 'widget_nav_menu', 'a:1:{s:12:\"_multiwidget\";i:1;}', 'yes'),
(103, 'cron', 'a:12:{i:1747837743;a:1:{s:26:\"action_scheduler_run_queue\";a:1:{s:32:\"0d04ed39571b55704c122d726248bbac\";a:3:{s:8:\"schedule\";s:12:\"every_minute\";s:4:\"args\";a:1:{i:0;s:7:\"WP Cron\";}s:8:\"interval\";i:60;}}}i:1747838531;a:1:{s:34:\"wp_privacy_delete_old_export_files\";a:1:{s:32:\"40cd750bba9870f18aada2478b24840a\";a:3:{s:8:\"schedule\";s:6:\"hourly\";s:4:\"args\";a:0:{}s:8:\"interval\";i:3600;}}}i:1747856531;a:1:{s:18:\"wp_https_detection\";a:1:{s:32:\"40cd750bba9870f18aada2478b24840a\";a:3:{s:8:\"schedule\";s:10:\"twicedaily\";s:4:\"args\";a:0:{}s:8:\"interval\";i:43200;}}}i:1747860977;a:2:{s:17:\"wp_update_plugins\";a:1:{s:32:\"40cd750bba9870f18aada2478b24840a\";a:3:{s:8:\"schedule\";s:10:\"twicedaily\";s:4:\"args\";a:0:{}s:8:\"interval\";i:43200;}}s:16:\"wp_update_themes\";a:1:{s:32:\"40cd750bba9870f18aada2478b24840a\";a:3:{s:8:\"schedule\";s:10:\"twicedaily\";s:4:\"args\";a:0:{}s:8:\"interval\";i:43200;}}}i:1747861002;a:1:{s:19:\"wp_scheduled_delete\";a:1:{s:32:\"40cd750bba9870f18aada2478b24840a\";a:3:{s:8:\"schedule\";s:5:\"daily\";s:4:\"args\";a:0:{}s:8:\"interval\";i:86400;}}}i:1747865126;a:1:{s:30:\"wp_scheduled_auto_draft_delete\";a:1:{s:32:\"40cd750bba9870f18aada2478b24840a\";a:3:{s:8:\"schedule\";s:5:\"daily\";s:4:\"args\";a:0:{}s:8:\"interval\";i:86400;}}}i:1747877577;a:1:{s:21:\"wp_update_user_counts\";a:1:{s:32:\"40cd750bba9870f18aada2478b24840a\";a:3:{s:8:\"schedule\";s:10:\"twicedaily\";s:4:\"args\";a:0:{}s:8:\"interval\";i:43200;}}}i:1747899731;a:2:{s:30:\"wp_site_health_scheduled_check\";a:1:{s:32:\"40cd750bba9870f18aada2478b24840a\";a:3:{s:8:\"schedule\";s:6:\"weekly\";s:4:\"args\";a:0:{}s:8:\"interval\";i:604800;}}s:32:\"recovery_mode_clean_expired_keys\";a:1:{s:32:\"40cd750bba9870f18aada2478b24840a\";a:3:{s:8:\"schedule\";s:5:\"daily\";s:4:\"args\";a:0:{}s:8:\"interval\";i:86400;}}}i:1747899732;a:1:{s:25:\"delete_expired_transients\";a:1:{s:32:\"40cd750bba9870f18aada2478b24840a\";a:3:{s:8:\"schedule\";s:5:\"daily\";s:4:\"args\";a:0:{}s:8:\"interval\";i:86400;}}}i:1747976829;a:1:{s:16:\"wp_version_check\";a:1:{s:32:\"40cd750bba9870f18aada2478b24840a\";a:3:{s:8:\"schedule\";s:10:\"twicedaily\";s:4:\"args\";a:0:{}s:8:\"interval\";i:43200;}}}i:1748268000;a:1:{s:28:\"wpforms_email_summaries_cron\";a:1:{s:32:\"40cd750bba9870f18aada2478b24840a\";a:3:{s:8:\"schedule\";s:30:\"wpforms_email_summaries_weekly\";s:4:\"args\";a:0:{}s:8:\"interval\";i:604800;}}}s:7:\"version\";i:2;}', 'yes'),
(141, 'theme_mods_twentysixteen', 'a:1:{s:16:\"sidebars_widgets\";a:2:{s:4:\"time\";i:1452200438;s:4:\"data\";a:2:{s:19:\"wp_inactive_widgets\";a:0:{}s:9:\"sidebar-1\";a:6:{i:0;s:8:\"search-2\";i:1;s:14:\"recent-posts-2\";i:2;s:17:\"recent-comments-2\";i:3;s:10:\"archives-2\";i:4;s:12:\"categories-2\";i:5;s:6:\"meta-2\";}}}}', 'yes'),
(136, '_transient_twentysixteen_categories', '1', 'yes'),
(152, 'nav_menu_options', 'a:2:{i:0;b:0;s:8:\"auto_add\";a:0:{}}', 'yes'),
(142, 'current_theme', 'Twenty Fourteen', 'yes'),
(143, 'theme_mods_hemingway', 'a:2:{i:0;b:0;s:16:\"sidebars_widgets\";a:2:{s:4:\"time\";i:1452201521;s:4:\"data\";a:5:{s:19:\"wp_inactive_widgets\";a:0:{}s:8:\"footer-a\";a:6:{i:0;s:8:\"search-2\";i:1;s:14:\"recent-posts-2\";i:2;s:17:\"recent-comments-2\";i:3;s:10:\"archives-2\";i:4;s:12:\"categories-2\";i:5;s:6:\"meta-2\";}s:8:\"footer-b\";N;s:8:\"footer-c\";N;s:7:\"sidebar\";N;}}}', 'yes'),
(144, 'theme_switched', '', 'yes'),
(145, 'widget_hemingway_dribbble_widget', 'a:1:{s:12:\"_multiwidget\";i:1;}', 'yes'),
(146, 'widget_hemingway_video_widget', 'a:1:{s:12:\"_multiwidget\";i:1;}', 'yes'),
(203, 'rewrite_rules', 'a:94:{s:11:\"^wp-json/?$\";s:22:\"index.php?rest_route=/\";s:14:\"^wp-json/(.*)?\";s:33:\"index.php?rest_route=/$matches[1]\";s:21:\"^index.php/wp-json/?$\";s:22:\"index.php?rest_route=/\";s:24:\"^index.php/wp-json/(.*)?\";s:33:\"index.php?rest_route=/$matches[1]\";s:17:\"^wp-sitemap\\.xml$\";s:23:\"index.php?sitemap=index\";s:17:\"^wp-sitemap\\.xsl$\";s:36:\"index.php?sitemap-stylesheet=sitemap\";s:23:\"^wp-sitemap-index\\.xsl$\";s:34:\"index.php?sitemap-stylesheet=index\";s:48:\"^wp-sitemap-([a-z]+?)-([a-z\\d_-]+?)-(\\d+?)\\.xml$\";s:75:\"index.php?sitemap=$matches[1]&sitemap-subtype=$matches[2]&paged=$matches[3]\";s:34:\"^wp-sitemap-([a-z]+?)-(\\d+?)\\.xml$\";s:47:\"index.php?sitemap=$matches[1]&paged=$matches[2]\";s:47:\"category/(.+?)/feed/(feed|rdf|rss|rss2|atom)/?$\";s:52:\"index.php?category_name=$matches[1]&feed=$matches[2]\";s:42:\"category/(.+?)/(feed|rdf|rss|rss2|atom)/?$\";s:52:\"index.php?category_name=$matches[1]&feed=$matches[2]\";s:23:\"category/(.+?)/embed/?$\";s:46:\"index.php?category_name=$matches[1]&embed=true\";s:35:\"category/(.+?)/page/?([0-9]{1,})/?$\";s:53:\"index.php?category_name=$matches[1]&paged=$matches[2]\";s:17:\"category/(.+?)/?$\";s:35:\"index.php?category_name=$matches[1]\";s:44:\"tag/([^/]+)/feed/(feed|rdf|rss|rss2|atom)/?$\";s:42:\"index.php?tag=$matches[1]&feed=$matches[2]\";s:39:\"tag/([^/]+)/(feed|rdf|rss|rss2|atom)/?$\";s:42:\"index.php?tag=$matches[1]&feed=$matches[2]\";s:20:\"tag/([^/]+)/embed/?$\";s:36:\"index.php?tag=$matches[1]&embed=true\";s:32:\"tag/([^/]+)/page/?([0-9]{1,})/?$\";s:43:\"index.php?tag=$matches[1]&paged=$matches[2]\";s:14:\"tag/([^/]+)/?$\";s:25:\"index.php?tag=$matches[1]\";s:45:\"type/([^/]+)/feed/(feed|rdf|rss|rss2|atom)/?$\";s:50:\"index.php?post_format=$matches[1]&feed=$matches[2]\";s:40:\"type/([^/]+)/(feed|rdf|rss|rss2|atom)/?$\";s:50:\"index.php?post_format=$matches[1]&feed=$matches[2]\";s:21:\"type/([^/]+)/embed/?$\";s:44:\"index.php?post_format=$matches[1]&embed=true\";s:33:\"type/([^/]+)/page/?([0-9]{1,})/?$\";s:51:\"index.php?post_format=$matches[1]&paged=$matches[2]\";s:15:\"type/([^/]+)/?$\";s:33:\"index.php?post_format=$matches[1]\";s:12:\"robots\\.txt$\";s:18:\"index.php?robots=1\";s:13:\"favicon\\.ico$\";s:19:\"index.php?favicon=1\";s:48:\".*wp-(atom|rdf|rss|rss2|feed|commentsrss2)\\.php$\";s:18:\"index.php?feed=old\";s:20:\".*wp-app\\.php(/.*)?$\";s:19:\"index.php?error=403\";s:18:\".*wp-register.php$\";s:23:\"index.php?register=true\";s:32:\"feed/(feed|rdf|rss|rss2|atom)/?$\";s:27:\"index.php?&feed=$matches[1]\";s:27:\"(feed|rdf|rss|rss2|atom)/?$\";s:27:\"index.php?&feed=$matches[1]\";s:8:\"embed/?$\";s:21:\"index.php?&embed=true\";s:20:\"page/?([0-9]{1,})/?$\";s:28:\"index.php?&paged=$matches[1]\";s:27:\"comment-page-([0-9]{1,})/?$\";s:38:\"index.php?&page_id=2&cpage=$matches[1]\";s:41:\"comments/feed/(feed|rdf|rss|rss2|atom)/?$\";s:42:\"index.php?&feed=$matches[1]&withcomments=1\";s:36:\"comments/(feed|rdf|rss|rss2|atom)/?$\";s:42:\"index.php?&feed=$matches[1]&withcomments=1\";s:17:\"comments/embed/?$\";s:21:\"index.php?&embed=true\";s:44:\"search/(.+)/feed/(feed|rdf|rss|rss2|atom)/?$\";s:40:\"index.php?s=$matches[1]&feed=$matches[2]\";s:39:\"search/(.+)/(feed|rdf|rss|rss2|atom)/?$\";s:40:\"index.php?s=$matches[1]&feed=$matches[2]\";s:20:\"search/(.+)/embed/?$\";s:34:\"index.php?s=$matches[1]&embed=true\";s:32:\"search/(.+)/page/?([0-9]{1,})/?$\";s:41:\"index.php?s=$matches[1]&paged=$matches[2]\";s:14:\"search/(.+)/?$\";s:23:\"index.php?s=$matches[1]\";s:47:\"author/([^/]+)/feed/(feed|rdf|rss|rss2|atom)/?$\";s:50:\"index.php?author_name=$matches[1]&feed=$matches[2]\";s:42:\"author/([^/]+)/(feed|rdf|rss|rss2|atom)/?$\";s:50:\"index.php?author_name=$matches[1]&feed=$matches[2]\";s:23:\"author/([^/]+)/embed/?$\";s:44:\"index.php?author_name=$matches[1]&embed=true\";s:35:\"author/([^/]+)/page/?([0-9]{1,})/?$\";s:51:\"index.php?author_name=$matches[1]&paged=$matches[2]\";s:17:\"author/([^/]+)/?$\";s:33:\"index.php?author_name=$matches[1]\";s:69:\"([0-9]{4})/([0-9]{1,2})/([0-9]{1,2})/feed/(feed|rdf|rss|rss2|atom)/?$\";s:80:\"index.php?year=$matches[1]&monthnum=$matches[2]&day=$matches[3]&feed=$matches[4]\";s:64:\"([0-9]{4})/([0-9]{1,2})/([0-9]{1,2})/(feed|rdf|rss|rss2|atom)/?$\";s:80:\"index.php?year=$matches[1]&monthnum=$matches[2]&day=$matches[3]&feed=$matches[4]\";s:45:\"([0-9]{4})/([0-9]{1,2})/([0-9]{1,2})/embed/?$\";s:74:\"index.php?year=$matches[1]&monthnum=$matches[2]&day=$matches[3]&embed=true\";s:57:\"([0-9]{4})/([0-9]{1,2})/([0-9]{1,2})/page/?([0-9]{1,})/?$\";s:81:\"index.php?year=$matches[1]&monthnum=$matches[2]&day=$matches[3]&paged=$matches[4]\";s:39:\"([0-9]{4})/([0-9]{1,2})/([0-9]{1,2})/?$\";s:63:\"index.php?year=$matches[1]&monthnum=$matches[2]&day=$matches[3]\";s:56:\"([0-9]{4})/([0-9]{1,2})/feed/(feed|rdf|rss|rss2|atom)/?$\";s:64:\"index.php?year=$matches[1]&monthnum=$matches[2]&feed=$matches[3]\";s:51:\"([0-9]{4})/([0-9]{1,2})/(feed|rdf|rss|rss2|atom)/?$\";s:64:\"index.php?year=$matches[1]&monthnum=$matches[2]&feed=$matches[3]\";s:32:\"([0-9]{4})/([0-9]{1,2})/embed/?$\";s:58:\"index.php?year=$matches[1]&monthnum=$matches[2]&embed=true\";s:44:\"([0-9]{4})/([0-9]{1,2})/page/?([0-9]{1,})/?$\";s:65:\"index.php?year=$matches[1]&monthnum=$matches[2]&paged=$matches[3]\";s:26:\"([0-9]{4})/([0-9]{1,2})/?$\";s:47:\"index.php?year=$matches[1]&monthnum=$matches[2]\";s:43:\"([0-9]{4})/feed/(feed|rdf|rss|rss2|atom)/?$\";s:43:\"index.php?year=$matches[1]&feed=$matches[2]\";s:38:\"([0-9]{4})/(feed|rdf|rss|rss2|atom)/?$\";s:43:\"index.php?year=$matches[1]&feed=$matches[2]\";s:19:\"([0-9]{4})/embed/?$\";s:37:\"index.php?year=$matches[1]&embed=true\";s:31:\"([0-9]{4})/page/?([0-9]{1,})/?$\";s:44:\"index.php?year=$matches[1]&paged=$matches[2]\";s:13:\"([0-9]{4})/?$\";s:26:\"index.php?year=$matches[1]\";s:27:\".?.+?/attachment/([^/]+)/?$\";s:32:\"index.php?attachment=$matches[1]\";s:37:\".?.+?/attachment/([^/]+)/trackback/?$\";s:37:\"index.php?attachment=$matches[1]&tb=1\";s:57:\".?.+?/attachment/([^/]+)/feed/(feed|rdf|rss|rss2|atom)/?$\";s:49:\"index.php?attachment=$matches[1]&feed=$matches[2]\";s:52:\".?.+?/attachment/([^/]+)/(feed|rdf|rss|rss2|atom)/?$\";s:49:\"index.php?attachment=$matches[1]&feed=$matches[2]\";s:52:\".?.+?/attachment/([^/]+)/comment-page-([0-9]{1,})/?$\";s:50:\"index.php?attachment=$matches[1]&cpage=$matches[2]\";s:33:\".?.+?/attachment/([^/]+)/embed/?$\";s:43:\"index.php?attachment=$matches[1]&embed=true\";s:16:\"(.?.+?)/embed/?$\";s:41:\"index.php?pagename=$matches[1]&embed=true\";s:20:\"(.?.+?)/trackback/?$\";s:35:\"index.php?pagename=$matches[1]&tb=1\";s:40:\"(.?.+?)/feed/(feed|rdf|rss|rss2|atom)/?$\";s:47:\"index.php?pagename=$matches[1]&feed=$matches[2]\";s:35:\"(.?.+?)/(feed|rdf|rss|rss2|atom)/?$\";s:47:\"index.php?pagename=$matches[1]&feed=$matches[2]\";s:28:\"(.?.+?)/page/?([0-9]{1,})/?$\";s:48:\"index.php?pagename=$matches[1]&paged=$matches[2]\";s:35:\"(.?.+?)/comment-page-([0-9]{1,})/?$\";s:48:\"index.php?pagename=$matches[1]&cpage=$matches[2]\";s:24:\"(.?.+?)(?:/([0-9]+))?/?$\";s:47:\"index.php?pagename=$matches[1]&page=$matches[2]\";s:27:\"[^/]+/attachment/([^/]+)/?$\";s:32:\"index.php?attachment=$matches[1]\";s:37:\"[^/]+/attachment/([^/]+)/trackback/?$\";s:37:\"index.php?attachment=$matches[1]&tb=1\";s:57:\"[^/]+/attachment/([^/]+)/feed/(feed|rdf|rss|rss2|atom)/?$\";s:49:\"index.php?attachment=$matches[1]&feed=$matches[2]\";s:52:\"[^/]+/attachment/([^/]+)/(feed|rdf|rss|rss2|atom)/?$\";s:49:\"index.php?attachment=$matches[1]&feed=$matches[2]\";s:52:\"[^/]+/attachment/([^/]+)/comment-page-([0-9]{1,})/?$\";s:50:\"index.php?attachment=$matches[1]&cpage=$matches[2]\";s:33:\"[^/]+/attachment/([^/]+)/embed/?$\";s:43:\"index.php?attachment=$matches[1]&embed=true\";s:16:\"([^/]+)/embed/?$\";s:37:\"index.php?name=$matches[1]&embed=true\";s:20:\"([^/]+)/trackback/?$\";s:31:\"index.php?name=$matches[1]&tb=1\";s:40:\"([^/]+)/feed/(feed|rdf|rss|rss2|atom)/?$\";s:43:\"index.php?name=$matches[1]&feed=$matches[2]\";s:35:\"([^/]+)/(feed|rdf|rss|rss2|atom)/?$\";s:43:\"index.php?name=$matches[1]&feed=$matches[2]\";s:28:\"([^/]+)/page/?([0-9]{1,})/?$\";s:44:\"index.php?name=$matches[1]&paged=$matches[2]\";s:35:\"([^/]+)/comment-page-([0-9]{1,})/?$\";s:44:\"index.php?name=$matches[1]&cpage=$matches[2]\";s:24:\"([^/]+)(?:/([0-9]+))?/?$\";s:43:\"index.php?name=$matches[1]&page=$matches[2]\";s:16:\"[^/]+/([^/]+)/?$\";s:32:\"index.php?attachment=$matches[1]\";s:26:\"[^/]+/([^/]+)/trackback/?$\";s:37:\"index.php?attachment=$matches[1]&tb=1\";s:46:\"[^/]+/([^/]+)/feed/(feed|rdf|rss|rss2|atom)/?$\";s:49:\"index.php?attachment=$matches[1]&feed=$matches[2]\";s:41:\"[^/]+/([^/]+)/(feed|rdf|rss|rss2|atom)/?$\";s:49:\"index.php?attachment=$matches[1]&feed=$matches[2]\";s:41:\"[^/]+/([^/]+)/comment-page-([0-9]{1,})/?$\";s:50:\"index.php?attachment=$matches[1]&cpage=$matches[2]\";s:22:\"[^/]+/([^/]+)/embed/?$\";s:43:\"index.php?attachment=$matches[1]&embed=true\";}', 'yes'),
(150, 'theme_mods_oblique', 'a:6:{i:0;b:0;s:10:\"logo_style\";s:10:\"hide-title\";s:18:\"nav_menu_locations\";a:2:{s:7:\"primary\";i:2;s:6:\"social\";i:2;}s:12:\"header_image\";s:72:\"http://www.e3click.com/wp-content/uploads/2016/01/cropped-Untitled-1.gif\";s:17:\"header_image_data\";O:8:\"stdClass\":5:{s:13:\"attachment_id\";i:10;s:3:\"url\";s:72:\"http://www.e3click.com/wp-content/uploads/2016/01/cropped-Untitled-1.gif\";s:13:\"thumbnail_url\";s:72:\"http://www.e3click.com/wp-content/uploads/2016/01/cropped-Untitled-1.gif\";s:6:\"height\";i:850;s:5:\"width\";i:1920;}s:16:\"sidebars_widgets\";a:2:{s:4:\"time\";i:1452204661;s:4:\"data\";a:2:{s:19:\"wp_inactive_widgets\";a:0:{}s:9:\"sidebar-1\";a:6:{i:0;s:8:\"search-2\";i:1;s:14:\"recent-posts-2\";i:2;s:17:\"recent-comments-2\";i:3;s:10:\"archives-2\";i:4;s:12:\"categories-2\";i:5;s:6:\"meta-2\";}}}}', 'yes'),
(25701, 'recovery_keys', 'a:0:{}', 'yes'),
(25702, 'https_detection_errors', 'a:0:{}', 'yes'),
(25719, 'fresh_site', '0', 'yes'),
(681696, 'user_count', '1', 'no'),
(25709, 'theme_mods_twentyfourteen', 'a:3:{i:0;b:0;s:18:\"nav_menu_locations\";a:2:{s:7:\"primary\";i:2;s:9:\"secondary\";i:3;}s:18:\"custom_css_post_id\";i:-1;}', 'yes'),
(25710, 'widget_widget_twentyfourteen_ephemera', 'a:1:{s:12:\"_multiwidget\";i:1;}', 'yes'),
(25839, 'wpforms_email_summaries_fetch_info_blocks_last_run', '1747504805', 'yes'),
(25854, 'wpforms_notifications', 'a:4:{s:6:\"update\";i:1746899780;s:4:\"feed\";a:0:{}s:6:\"events\";a:0:{}s:9:\"dismissed\";a:0:{}}', 'yes'),
(25867, 'action_scheduler_migration_status', 'complete', 'yes'),
(25776, '_transient_health-check-site-status-result', '{\"good\":12,\"recommended\":7,\"critical\":3}', 'yes'),
(28435, 'wpforms_send_usage_last_run', '1747504805', 'yes'),
(681869, '_transient_twentyfourteen_category_count', '1', 'yes'),
(681693, '_site_transient_update_core', 'O:8:\"stdClass\":4:{s:7:\"updates\";a:8:{i:0;O:8:\"stdClass\":10:{s:8:\"response\";s:7:\"upgrade\";s:8:\"download\";s:59:\"https://downloads.wordpress.org/release/wordpress-6.8.1.zip\";s:6:\"locale\";s:5:\"en_US\";s:8:\"packages\";O:8:\"stdClass\":5:{s:4:\"full\";s:59:\"https://downloads.wordpress.org/release/wordpress-6.8.1.zip\";s:10:\"no_content\";s:70:\"https://downloads.wordpress.org/release/wordpress-6.8.1-no-content.zip\";s:11:\"new_bundled\";s:71:\"https://downloads.wordpress.org/release/wordpress-6.8.1-new-bundled.zip\";s:7:\"partial\";s:0:\"\";s:8:\"rollback\";s:0:\"\";}s:7:\"current\";s:5:\"6.8.1\";s:7:\"version\";s:5:\"6.8.1\";s:11:\"php_version\";s:6:\"7.2.24\";s:13:\"mysql_version\";s:5:\"5.5.5\";s:11:\"new_bundled\";s:3:\"6.7\";s:15:\"partial_version\";s:0:\"\";}i:1;O:8:\"stdClass\":11:{s:8:\"response\";s:10:\"autoupdate\";s:8:\"download\";s:51:\"https://downloads.w.org/release/wordpress-6.8.1.zip\";s:6:\"locale\";s:5:\"en_US\";s:8:\"packages\";O:8:\"stdClass\":5:{s:4:\"full\";s:51:\"https://downloads.w.org/release/wordpress-6.8.1.zip\";s:10:\"no_content\";s:62:\"https://downloads.w.org/release/wordpress-6.8.1-no-content.zip\";s:11:\"new_bundled\";s:63:\"https://downloads.w.org/release/wordpress-6.8.1-new-bundled.zip\";s:7:\"partial\";s:0:\"\";s:8:\"rollback\";s:0:\"\";}s:7:\"current\";s:5:\"6.8.1\";s:7:\"version\";s:5:\"6.8.1\";s:11:\"php_version\";s:6:\"7.2.24\";s:13:\"mysql_version\";s:5:\"5.5.5\";s:11:\"new_bundled\";s:3:\"6.7\";s:15:\"partial_version\";s:0:\"\";s:9:\"new_files\";s:1:\"1\";}i:2;O:8:\"stdClass\":11:{s:8:\"response\";s:10:\"autoupdate\";s:8:\"download\";s:51:\"https://downloads.w.org/release/wordpress-6.7.2.zip\";s:6:\"locale\";s:5:\"en_US\";s:8:\"packages\";O:8:\"stdClass\":5:{s:4:\"full\";s:51:\"https://downloads.w.org/release/wordpress-6.7.2.zip\";s:10:\"no_content\";s:62:\"https://downloads.w.org/release/wordpress-6.7.2-no-content.zip\";s:11:\"new_bundled\";s:63:\"https://downloads.w.org/release/wordpress-6.7.2-new-bundled.zip\";s:7:\"partial\";s:0:\"\";s:8:\"rollback\";s:0:\"\";}s:7:\"current\";s:5:\"6.7.2\";s:7:\"version\";s:5:\"6.7.2\";s:11:\"php_version\";s:6:\"7.2.24\";s:13:\"mysql_version\";s:5:\"5.5.5\";s:11:\"new_bundled\";s:3:\"6.7\";s:15:\"partial_version\";s:0:\"\";s:9:\"new_files\";s:1:\"1\";}i:3;O:8:\"stdClass\":11:{s:8:\"response\";s:10:\"autoupdate\";s:8:\"download\";s:51:\"https://downloads.w.org/release/wordpress-6.7.1.zip\";s:6:\"locale\";s:5:\"en_US\";s:8:\"packages\";O:8:\"stdClass\":5:{s:4:\"full\";s:51:\"https://downloads.w.org/release/wordpress-6.7.1.zip\";s:10:\"no_content\";s:62:\"https://downloads.w.org/release/wordpress-6.7.1-no-content.zip\";s:11:\"new_bundled\";s:63:\"https://downloads.w.org/release/wordpress-6.7.1-new-bundled.zip\";s:7:\"partial\";s:0:\"\";s:8:\"rollback\";s:0:\"\";}s:7:\"current\";s:5:\"6.7.1\";s:7:\"version\";s:5:\"6.7.1\";s:11:\"php_version\";s:6:\"7.2.24\";s:13:\"mysql_version\";s:5:\"5.5.5\";s:11:\"new_bundled\";s:3:\"6.7\";s:15:\"partial_version\";s:0:\"\";s:9:\"new_files\";s:1:\"1\";}i:4;O:8:\"stdClass\":11:{s:8:\"response\";s:10:\"autoupdate\";s:8:\"download\";s:51:\"https://downloads.w.org/release/wordpress-6.6.2.zip\";s:6:\"locale\";s:5:\"en_US\";s:8:\"packages\";O:8:\"stdClass\":5:{s:4:\"full\";s:51:\"https://downloads.w.org/release/wordpress-6.6.2.zip\";s:10:\"no_content\";s:62:\"https://downloads.w.org/release/wordpress-6.6.2-no-content.zip\";s:11:\"new_bundled\";s:63:\"https://downloads.w.org/release/wordpress-6.6.2-new-bundled.zip\";s:7:\"partial\";s:0:\"\";s:8:\"rollback\";s:0:\"\";}s:7:\"current\";s:5:\"6.6.2\";s:7:\"version\";s:5:\"6.6.2\";s:11:\"php_version\";s:6:\"7.2.24\";s:13:\"mysql_version\";s:5:\"5.5.5\";s:11:\"new_bundled\";s:3:\"6.7\";s:15:\"partial_version\";s:0:\"\";s:9:\"new_files\";s:1:\"1\";}i:5;O:8:\"stdClass\":11:{s:8:\"response\";s:10:\"autoupdate\";s:8:\"download\";s:51:\"https://downloads.w.org/release/wordpress-6.5.5.zip\";s:6:\"locale\";s:5:\"en_US\";s:8:\"packages\";O:8:\"stdClass\":5:{s:4:\"full\";s:51:\"https://downloads.w.org/release/wordpress-6.5.5.zip\";s:10:\"no_content\";s:62:\"https://downloads.w.org/release/wordpress-6.5.5-no-content.zip\";s:11:\"new_bundled\";s:63:\"https://downloads.w.org/release/wordpress-6.5.5-new-bundled.zip\";s:7:\"partial\";s:0:\"\";s:8:\"rollback\";s:0:\"\";}s:7:\"current\";s:5:\"6.5.5\";s:7:\"version\";s:5:\"6.5.5\";s:11:\"php_version\";s:5:\"7.0.0\";s:13:\"mysql_version\";s:5:\"5.5.5\";s:11:\"new_bundled\";s:3:\"6.7\";s:15:\"partial_version\";s:0:\"\";s:9:\"new_files\";s:1:\"1\";}i:6;O:8:\"stdClass\":11:{s:8:\"response\";s:10:\"autoupdate\";s:8:\"download\";s:51:\"https://downloads.w.org/release/wordpress-6.4.5.zip\";s:6:\"locale\";s:5:\"en_US\";s:8:\"packages\";O:8:\"stdClass\":5:{s:4:\"full\";s:51:\"https://downloads.w.org/release/wordpress-6.4.5.zip\";s:10:\"no_content\";s:62:\"https://downloads.w.org/release/wordpress-6.4.5-no-content.zip\";s:11:\"new_bundled\";s:63:\"https://downloads.w.org/release/wordpress-6.4.5-new-bundled.zip\";s:7:\"partial\";s:0:\"\";s:8:\"rollback\";s:0:\"\";}s:7:\"current\";s:5:\"6.4.5\";s:7:\"version\";s:5:\"6.4.5\";s:11:\"php_version\";s:5:\"7.0.0\";s:13:\"mysql_version\";s:3:\"5.0\";s:11:\"new_bundled\";s:3:\"6.7\";s:15:\"partial_version\";s:0:\"\";s:9:\"new_files\";s:1:\"1\";}i:7;O:8:\"stdClass\":11:{s:8:\"response\";s:10:\"autoupdate\";s:8:\"download\";s:51:\"https://downloads.w.org/release/wordpress-6.3.5.zip\";s:6:\"locale\";s:5:\"en_US\";s:8:\"packages\";O:8:\"stdClass\":5:{s:4:\"full\";s:51:\"https://downloads.w.org/release/wordpress-6.3.5.zip\";s:10:\"no_content\";s:62:\"https://downloads.w.org/release/wordpress-6.3.5-no-content.zip\";s:11:\"new_bundled\";s:63:\"https://downloads.w.org/release/wordpress-6.3.5-new-bundled.zip\";s:7:\"partial\";s:0:\"\";s:8:\"rollback\";s:0:\"\";}s:7:\"current\";s:5:\"6.3.5\";s:7:\"version\";s:5:\"6.3.5\";s:11:\"php_version\";s:5:\"7.0.0\";s:13:\"mysql_version\";s:3:\"5.0\";s:11:\"new_bundled\";s:3:\"6.7\";s:15:\"partial_version\";s:0:\"\";s:9:\"new_files\";s:1:\"1\";}}s:12:\"last_checked\";i:1747803999;s:15:\"version_checked\";s:5:\"6.2.6\";s:12:\"translations\";a:0:{}}', 'no'),
(681697, 'can_compress_scripts', '0', 'no'),
(681706, '_site_transient_update_themes', 'O:8:\"stdClass\":5:{s:12:\"last_checked\";i:1747817785;s:7:\"checked\";a:11:{s:12:\"gk-portfolio\";s:5:\"1.5.3\";s:9:\"hemingway\";s:5:\"2.3.2\";s:7:\"oblique\";s:4:\"1.08\";s:13:\"twentyfifteen\";s:3:\"4.0\";s:14:\"twentyfourteen\";s:3:\"4.2\";s:14:\"twentynineteen\";s:3:\"3.1\";s:13:\"twentysixteen\";s:3:\"3.5\";s:12:\"twentytwenty\";s:3:\"2.9\";s:15:\"twentytwentyone\";s:3:\"2.5\";s:17:\"twentytwentythree\";s:3:\"1.6\";s:15:\"twentytwentytwo\";s:3:\"2.0\";}s:8:\"response\";a:0:{}s:9:\"no_update\";a:10:{s:12:\"gk-portfolio\";a:6:{s:5:\"theme\";s:12:\"gk-portfolio\";s:11:\"new_version\";s:5:\"1.5.3\";s:3:\"url\";s:42:\"https://wordpress.org/themes/gk-portfolio/\";s:7:\"package\";s:60:\"https://downloads.wordpress.org/theme/gk-portfolio.1.5.3.zip\";s:8:\"requires\";b:0;s:12:\"requires_php\";b:0;}s:9:\"hemingway\";a:6:{s:5:\"theme\";s:9:\"hemingway\";s:11:\"new_version\";s:5:\"2.3.2\";s:3:\"url\";s:39:\"https://wordpress.org/themes/hemingway/\";s:7:\"package\";s:57:\"https://downloads.wordpress.org/theme/hemingway.2.3.2.zip\";s:8:\"requires\";b:0;s:12:\"requires_php\";s:3:\"5.6\";}s:13:\"twentyfifteen\";a:6:{s:5:\"theme\";s:13:\"twentyfifteen\";s:11:\"new_version\";s:3:\"4.0\";s:3:\"url\";s:43:\"https://wordpress.org/themes/twentyfifteen/\";s:7:\"package\";s:59:\"https://downloads.wordpress.org/theme/twentyfifteen.4.0.zip\";s:8:\"requires\";s:3:\"4.1\";s:12:\"requires_php\";s:5:\"5.2.4\";}s:14:\"twentyfourteen\";a:6:{s:5:\"theme\";s:14:\"twentyfourteen\";s:11:\"new_version\";s:3:\"4.2\";s:3:\"url\";s:44:\"https://wordpress.org/themes/twentyfourteen/\";s:7:\"package\";s:60:\"https://downloads.wordpress.org/theme/twentyfourteen.4.2.zip\";s:8:\"requires\";s:3:\"3.6\";s:12:\"requires_php\";s:5:\"5.2.4\";}s:14:\"twentynineteen\";a:6:{s:5:\"theme\";s:14:\"twentynineteen\";s:11:\"new_version\";s:3:\"3.1\";s:3:\"url\";s:44:\"https://wordpress.org/themes/twentynineteen/\";s:7:\"package\";s:60:\"https://downloads.wordpress.org/theme/twentynineteen.3.1.zip\";s:8:\"requires\";s:3:\"4.7\";s:12:\"requires_php\";s:5:\"5.2.4\";}s:13:\"twentysixteen\";a:6:{s:5:\"theme\";s:13:\"twentysixteen\";s:11:\"new_version\";s:3:\"3.5\";s:3:\"url\";s:43:\"https://wordpress.org/themes/twentysixteen/\";s:7:\"package\";s:59:\"https://downloads.wordpress.org/theme/twentysixteen.3.5.zip\";s:8:\"requires\";s:3:\"4.4\";s:12:\"requires_php\";s:5:\"5.2.4\";}s:12:\"twentytwenty\";a:6:{s:5:\"theme\";s:12:\"twentytwenty\";s:11:\"new_version\";s:3:\"2.9\";s:3:\"url\";s:42:\"https://wordpress.org/themes/twentytwenty/\";s:7:\"package\";s:58:\"https://downloads.wordpress.org/theme/twentytwenty.2.9.zip\";s:8:\"requires\";s:3:\"4.7\";s:12:\"requires_php\";s:5:\"5.2.4\";}s:15:\"twentytwentyone\";a:6:{s:5:\"theme\";s:15:\"twentytwentyone\";s:11:\"new_version\";s:3:\"2.5\";s:3:\"url\";s:45:\"https://wordpress.org/themes/twentytwentyone/\";s:7:\"package\";s:61:\"https://downloads.wordpress.org/theme/twentytwentyone.2.5.zip\";s:8:\"requires\";s:3:\"5.3\";s:12:\"requires_php\";s:3:\"5.6\";}s:17:\"twentytwentythree\";a:6:{s:5:\"theme\";s:17:\"twentytwentythree\";s:11:\"new_version\";s:3:\"1.6\";s:3:\"url\";s:47:\"https://wordpress.org/themes/twentytwentythree/\";s:7:\"package\";s:63:\"https://downloads.wordpress.org/theme/twentytwentythree.1.6.zip\";s:8:\"requires\";s:3:\"6.1\";s:12:\"requires_php\";s:3:\"5.6\";}s:15:\"twentytwentytwo\";a:6:{s:5:\"theme\";s:15:\"twentytwentytwo\";s:11:\"new_version\";s:3:\"2.0\";s:3:\"url\";s:45:\"https://wordpress.org/themes/twentytwentytwo/\";s:7:\"package\";s:61:\"https://downloads.wordpress.org/theme/twentytwentytwo.2.0.zip\";s:8:\"requires\";s:3:\"5.9\";s:12:\"requires_php\";s:3:\"5.6\";}}s:12:\"translations\";a:0:{}}', 'no'),
(681707, '_site_transient_update_plugins', 'O:8:\"stdClass\":4:{s:12:\"last_checked\";i:1747817784;s:8:\"response\";a:0:{}s:12:\"translations\";a:0:{}s:9:\"no_update\";a:3:{s:19:\"akismet/akismet.php\";O:8:\"stdClass\":10:{s:2:\"id\";s:21:\"w.org/plugins/akismet\";s:4:\"slug\";s:7:\"akismet\";s:6:\"plugin\";s:19:\"akismet/akismet.php\";s:11:\"new_version\";s:3:\"5.4\";s:3:\"url\";s:38:\"https://wordpress.org/plugins/akismet/\";s:7:\"package\";s:54:\"https://downloads.wordpress.org/plugin/akismet.5.4.zip\";s:5:\"icons\";a:2:{s:2:\"2x\";s:60:\"https://ps.w.org/akismet/assets/icon-256x256.png?rev=2818463\";s:2:\"1x\";s:60:\"https://ps.w.org/akismet/assets/icon-128x128.png?rev=2818463\";}s:7:\"banners\";a:2:{s:2:\"2x\";s:63:\"https://ps.w.org/akismet/assets/banner-1544x500.png?rev=2900731\";s:2:\"1x\";s:62:\"https://ps.w.org/akismet/assets/banner-772x250.png?rev=2900731\";}s:11:\"banners_rtl\";a:0:{}s:8:\"requires\";s:3:\"5.8\";}s:21:\"hello-dolly/hello.php\";O:8:\"stdClass\":10:{s:2:\"id\";s:25:\"w.org/plugins/hello-dolly\";s:4:\"slug\";s:11:\"hello-dolly\";s:6:\"plugin\";s:21:\"hello-dolly/hello.php\";s:11:\"new_version\";s:5:\"1.7.2\";s:3:\"url\";s:42:\"https://wordpress.org/plugins/hello-dolly/\";s:7:\"package\";s:60:\"https://downloads.wordpress.org/plugin/hello-dolly.1.7.3.zip\";s:5:\"icons\";a:2:{s:2:\"2x\";s:64:\"https://ps.w.org/hello-dolly/assets/icon-256x256.jpg?rev=2052855\";s:2:\"1x\";s:64:\"https://ps.w.org/hello-dolly/assets/icon-128x128.jpg?rev=2052855\";}s:7:\"banners\";a:2:{s:2:\"2x\";s:67:\"https://ps.w.org/hello-dolly/assets/banner-1544x500.jpg?rev=2645582\";s:2:\"1x\";s:66:\"https://ps.w.org/hello-dolly/assets/banner-772x250.jpg?rev=2052855\";}s:11:\"banners_rtl\";a:0:{}s:8:\"requires\";s:3:\"4.6\";}s:24:\"wpforms-lite/wpforms.php\";O:8:\"stdClass\":10:{s:2:\"id\";s:26:\"w.org/plugins/wpforms-lite\";s:4:\"slug\";s:12:\"wpforms-lite\";s:6:\"plugin\";s:24:\"wpforms-lite/wpforms.php\";s:11:\"new_version\";s:7:\"1.9.5.2\";s:3:\"url\";s:43:\"https://wordpress.org/plugins/wpforms-lite/\";s:7:\"package\";s:63:\"https://downloads.wordpress.org/plugin/wpforms-lite.1.9.5.2.zip\";s:5:\"icons\";a:2:{s:2:\"1x\";s:57:\"https://ps.w.org/wpforms-lite/assets/icon.svg?rev=3254748\";s:3:\"svg\";s:57:\"https://ps.w.org/wpforms-lite/assets/icon.svg?rev=3254748\";}s:7:\"banners\";a:2:{s:2:\"2x\";s:68:\"https://ps.w.org/wpforms-lite/assets/banner-1544x500.png?rev=3091364\";s:2:\"1x\";s:67:\"https://ps.w.org/wpforms-lite/assets/banner-772x250.png?rev=3091364\";}s:11:\"banners_rtl\";a:2:{s:2:\"2x\";s:72:\"https://ps.w.org/wpforms-lite/assets/banner-1544x500-rtl.png?rev=3254748\";s:2:\"1x\";s:71:\"https://ps.w.org/wpforms-lite/assets/banner-772x250-rtl.png?rev=3254748\";}s:8:\"requires\";s:3:\"5.5\";}}}', 'no'),
(475, 'auto_core_update_notified', 'a:4:{s:4:\"type\";s:7:\"success\";s:5:\"email\";s:12:\"frank@frx.no\";s:7:\"version\";s:5:\"5.7.5\";s:9:\"timestamp\";i:1641502153;}', 'no'),
(25697, 'db_upgraded', '', 'yes'),
(25806, 'WPLANG', '', 'yes'),
(25817, 'action_scheduler_hybrid_store_demarkation', '55', 'yes'),
(25818, 'schema-ActionScheduler_StoreSchema', '3.0.1621571899', 'yes'),
(25819, 'schema-ActionScheduler_LoggerSchema', '2.0.1621571899', 'yes'),
(25820, 'wpforms_version', '1.6.7', 'yes'),
(25821, 'wpforms_version_lite', '1.6.7', 'yes'),
(25822, 'wpforms_activated', 'a:2:{s:4:\"lite\";i:1621571899;s:3:\"pro\";i:1621572812;}', 'yes'),
(25901, 'wpforms_crypto_secret_key', 'A+oqkINDwdZxE/ib1UthOHKZ4SX4/opYpKFLCVD4vZQ=', 'yes'),
(25832, '_transient_wpforms_htaccess_file', 'a:3:{s:4:\"size\";i:737;s:5:\"mtime\";i:1747161576;s:5:\"ctime\";i:1747161576;}', 'yes'),
(25827, 'action_scheduler_lock_async-request-runner', '1747707456', 'yes'),
(25828, 'widget_wpforms-widget', 'a:1:{s:12:\"_multiwidget\";i:1;}', 'yes'),
(25833, 'wpforms_review', 'a:2:{s:4:\"time\";i:1621571901;s:9:\"dismissed\";b:0;}', 'yes'),
(25682, 'widget_media_audio', 'a:1:{s:12:\"_multiwidget\";i:1;}', 'yes'),
(25683, 'widget_media_image', 'a:1:{s:12:\"_multiwidget\";i:1;}', 'yes'),
(25684, 'widget_media_gallery', 'a:1:{s:12:\"_multiwidget\";i:1;}', 'yes'),
(25685, 'widget_media_video', 'a:1:{s:12:\"_multiwidget\";i:1;}', 'yes'),
(25686, 'widget_custom_html', 'a:1:{s:12:\"_multiwidget\";i:1;}', 'yes'),
(25687, 'wp_page_for_privacy_policy', '0', 'yes'),
(25688, 'show_comments_cookies_opt_in', '1', 'yes'),
(25689, 'admin_email_lifespan', '1762349170', 'yes'),
(25690, 'disallowed_keys', '', 'no'),
(25691, 'comment_previously_approved', '1', 'yes'),
(25692, 'auto_plugin_theme_update_emails', 'a:0:{}', 'no'),
(25693, 'auto_update_core_dev', 'enabled', 'yes'),
(25694, 'auto_update_core_minor', 'enabled', 'yes'),
(25695, 'auto_update_core_major', 'unset', 'yes'),
(681692, '_site_transient_wpforms_t15s_wpforms', 'a:1:{s:12:\"translations\";a:10:{i:0;a:9:{s:8:\"language\";s:5:\"nl_NL\";s:7:\"version\";s:3:\"1.0\";s:7:\"updated\";s:25:\"2023-06-08T15:01:47+00:00\";s:12:\"english_name\";s:5:\"Dutch\";s:11:\"native_name\";s:10:\"Nederlands\";s:7:\"package\";s:72:\"https://packages.translationspress.com/wpforms/wpforms/wpforms-nl_NL.zip\";s:3:\"iso\";a:2:{i:0;s:2:\"nl\";i:1;s:3:\"nld\";}s:4:\"type\";s:6:\"plugin\";s:4:\"slug\";s:7:\"wpforms\";}i:1;a:9:{s:8:\"language\";s:5:\"fr_FR\";s:7:\"version\";s:3:\"1.0\";s:7:\"updated\";s:25:\"2023-11-30T14:45:34+00:00\";s:12:\"english_name\";s:15:\"French (France)\";s:11:\"native_name\";s:9:\"Français\";s:7:\"package\";s:72:\"https://packages.translationspress.com/wpforms/wpforms/wpforms-fr_FR.zip\";s:3:\"iso\";a:1:{i:0;s:2:\"fr\";}s:4:\"type\";s:6:\"plugin\";s:4:\"slug\";s:7:\"wpforms\";}i:2;a:9:{s:8:\"language\";s:5:\"de_DE\";s:7:\"version\";s:3:\"1.0\";s:7:\"updated\";s:25:\"2023-11-30T14:45:34+00:00\";s:12:\"english_name\";s:6:\"German\";s:11:\"native_name\";s:7:\"Deutsch\";s:7:\"package\";s:72:\"https://packages.translationspress.com/wpforms/wpforms/wpforms-de_DE.zip\";s:3:\"iso\";a:1:{i:0;s:2:\"de\";}s:4:\"type\";s:6:\"plugin\";s:4:\"slug\";s:7:\"wpforms\";}i:3;a:9:{s:8:\"language\";s:5:\"it_IT\";s:7:\"version\";s:3:\"1.0\";s:7:\"updated\";s:25:\"2023-11-30T14:45:33+00:00\";s:12:\"english_name\";s:7:\"Italian\";s:11:\"native_name\";s:8:\"Italiano\";s:7:\"package\";s:72:\"https://packages.translationspress.com/wpforms/wpforms/wpforms-it_IT.zip\";s:3:\"iso\";a:2:{i:0;s:2:\"it\";i:1;s:3:\"ita\";}s:4:\"type\";s:6:\"plugin\";s:4:\"slug\";s:7:\"wpforms\";}i:4;a:9:{s:8:\"language\";s:2:\"ja\";s:7:\"version\";s:3:\"1.0\";s:7:\"updated\";s:25:\"2023-11-30T14:45:32+00:00\";s:12:\"english_name\";s:8:\"Japanese\";s:11:\"native_name\";s:9:\"日本語\";s:7:\"package\";s:69:\"https://packages.translationspress.com/wpforms/wpforms/wpforms-ja.zip\";s:3:\"iso\";a:1:{i:0;s:2:\"ja\";}s:4:\"type\";s:6:\"plugin\";s:4:\"slug\";s:7:\"wpforms\";}i:5;a:9:{s:8:\"language\";s:5:\"pl_PL\";s:7:\"version\";s:3:\"1.0\";s:7:\"updated\";s:25:\"2023-11-30T14:45:30+00:00\";s:12:\"english_name\";s:6:\"Polish\";s:11:\"native_name\";s:6:\"Polski\";s:7:\"package\";s:72:\"https://packages.translationspress.com/wpforms/wpforms/wpforms-pl_PL.zip\";s:3:\"iso\";a:2:{i:0;s:2:\"pl\";i:1;s:3:\"pol\";}s:4:\"type\";s:6:\"plugin\";s:4:\"slug\";s:7:\"wpforms\";}i:6;a:9:{s:8:\"language\";s:5:\"pt_BR\";s:7:\"version\";s:3:\"1.0\";s:7:\"updated\";s:25:\"2023-11-30T14:45:33+00:00\";s:12:\"english_name\";s:19:\"Portuguese (Brazil)\";s:11:\"native_name\";s:20:\"Português do Brasil\";s:7:\"package\";s:72:\"https://packages.translationspress.com/wpforms/wpforms/wpforms-pt_BR.zip\";s:3:\"iso\";a:2:{i:0;s:2:\"pt\";i:1;s:3:\"por\";}s:4:\"type\";s:6:\"plugin\";s:4:\"slug\";s:7:\"wpforms\";}i:7;a:9:{s:8:\"language\";s:5:\"ru_RU\";s:7:\"version\";s:3:\"1.0\";s:7:\"updated\";s:25:\"2023-11-30T14:45:32+00:00\";s:12:\"english_name\";s:7:\"Russian\";s:11:\"native_name\";s:14:\"Русский\";s:7:\"package\";s:72:\"https://packages.translationspress.com/wpforms/wpforms/wpforms-ru_RU.zip\";s:3:\"iso\";a:2:{i:0;s:2:\"ru\";i:1;s:3:\"rus\";}s:4:\"type\";s:6:\"plugin\";s:4:\"slug\";s:7:\"wpforms\";}i:8;a:9:{s:8:\"language\";s:5:\"es_ES\";s:7:\"version\";s:3:\"1.0\";s:7:\"updated\";s:25:\"2023-11-30T14:45:33+00:00\";s:12:\"english_name\";s:15:\"Spanish (Spain)\";s:11:\"native_name\";s:8:\"Español\";s:7:\"package\";s:72:\"https://packages.translationspress.com/wpforms/wpforms/wpforms-es_ES.zip\";s:3:\"iso\";a:3:{i:0;s:2:\"es\";i:1;s:3:\"spa\";i:2;s:3:\"spa\";}s:4:\"type\";s:6:\"plugin\";s:4:\"slug\";s:7:\"wpforms\";}i:9;a:9:{s:8:\"language\";s:5:\"tr_TR\";s:7:\"version\";s:3:\"1.0\";s:7:\"updated\";s:25:\"2023-11-30T14:45:31+00:00\";s:12:\"english_name\";s:7:\"Turkish\";s:11:\"native_name\";s:8:\"Türkçe\";s:7:\"package\";s:72:\"https://packages.translationspress.com/wpforms/wpforms/wpforms-tr_TR.zip\";s:3:\"iso\";a:2:{i:0;s:2:\"tr\";i:1;s:3:\"tur\";}s:4:\"type\";s:6:\"plugin\";s:4:\"slug\";s:7:\"wpforms\";}}}', 'no'),
(681682, '_transient_is_multi_author', '0', 'yes'),
(681683, '_transient_featured_content_ids', 'a:0:{}', 'yes'),
(681695, 'wp_force_deactivated_plugins', 'a:0:{}', 'yes'),
(681694, 'widget_block', 'a:1:{s:12:\"_multiwidget\";i:1;}', 'yes'),
(686541, '_site_transient_timeout_theme_roots', '1747819585', 'no'),
(686542, '_site_transient_theme_roots', 'a:11:{s:12:\"gk-portfolio\";s:7:\"/themes\";s:9:\"hemingway\";s:7:\"/themes\";s:7:\"oblique\";s:7:\"/themes\";s:13:\"twentyfifteen\";s:7:\"/themes\";s:14:\"twentyfourteen\";s:7:\"/themes\";s:14:\"twentynineteen\";s:7:\"/themes\";s:13:\"twentysixteen\";s:7:\"/themes\";s:12:\"twentytwenty\";s:7:\"/themes\";s:15:\"twentytwentyone\";s:7:\"/themes\";s:17:\"twentytwentythree\";s:7:\"/themes\";s:15:\"twentytwentytwo\";s:7:\"/themes\";}', 'no');

-- --------------------------------------------------------

--
-- Table structure for table `wp_nytakstpostmeta`
--

CREATE TABLE `wp_nytakstpostmeta` (
  `meta_id` bigint(20) UNSIGNED NOT NULL,
  `post_id` bigint(20) UNSIGNED NOT NULL DEFAULT '0',
  `meta_key` varchar(255) COLLATE utf8mb4_unicode_ci DEFAULT NULL,
  `meta_value` longtext COLLATE utf8mb4_unicode_ci
) ENGINE=MyISAM DEFAULT CHARSET=utf8mb4 COLLATE=utf8mb4_unicode_ci;

--
-- Dumping data for table `wp_nytakstpostmeta`
--

INSERT INTO `wp_nytakstpostmeta` (`meta_id`, `post_id`, `meta_key`, `meta_value`) VALUES
(1, 2, '_wp_page_template', 'default'),
(2, 2, '_edit_last', '1'),
(3, 2, '_edit_lock', '1621410362:1'),
(4, 1, '_edit_last', '1'),
(7, 6, '_menu_item_type', 'custom'),
(6, 1, '_edit_lock', '1452209238:1'),
(8, 6, '_menu_item_menu_item_parent', '0'),
(9, 6, '_menu_item_object_id', '6'),
(10, 6, '_menu_item_object', 'custom'),
(11, 6, '_menu_item_target', ''),
(12, 6, '_menu_item_classes', 'a:1:{i:0;s:0:\"\";}'),
(13, 6, '_menu_item_xfn', ''),
(14, 6, '_menu_item_url', 'http://www.e3click.com/e/login.php'),
(16, 7, '_wp_attached_file', '2016/01/e3click.png'),
(17, 7, '_wp_attachment_metadata', 'a:5:{s:5:\"width\";i:1950;s:6:\"height\";i:850;s:4:\"file\";s:19:\"2016/01/e3click.png\";s:5:\"sizes\";a:6:{s:9:\"thumbnail\";a:4:{s:4:\"file\";s:19:\"e3click-150x150.png\";s:5:\"width\";i:150;s:6:\"height\";i:150;s:9:\"mime-type\";s:9:\"image/png\";}s:6:\"medium\";a:4:{s:4:\"file\";s:19:\"e3click-300x131.png\";s:5:\"width\";i:300;s:6:\"height\";i:131;s:9:\"mime-type\";s:9:\"image/png\";}s:12:\"medium_large\";a:4:{s:4:\"file\";s:19:\"e3click-768x335.png\";s:5:\"width\";i:768;s:6:\"height\";i:335;s:9:\"mime-type\";s:9:\"image/png\";}s:5:\"large\";a:4:{s:4:\"file\";s:20:\"e3click-1024x446.png\";s:5:\"width\";i:1024;s:6:\"height\";i:446;s:9:\"mime-type\";s:9:\"image/png\";}s:19:\"oblique-entry-thumb\";a:4:{s:4:\"file\";s:19:\"e3click-370x161.png\";s:5:\"width\";i:370;s:6:\"height\";i:161;s:9:\"mime-type\";s:9:\"image/png\";}s:20:\"oblique-single-thumb\";a:4:{s:4:\"file\";s:20:\"e3click-1040x453.png\";s:5:\"width\";i:1040;s:6:\"height\";i:453;s:9:\"mime-type\";s:9:\"image/png\";}}s:10:\"image_meta\";a:12:{s:8:\"aperture\";i:0;s:6:\"credit\";s:0:\"\";s:6:\"camera\";s:0:\"\";s:7:\"caption\";s:0:\"\";s:17:\"created_timestamp\";i:0;s:9:\"copyright\";s:0:\"\";s:12:\"focal_length\";i:0;s:3:\"iso\";i:0;s:13:\"shutter_speed\";i:0;s:5:\"title\";s:0:\"\";s:11:\"orientation\";i:0;s:8:\"keywords\";a:0:{}}}'),
(18, 8, '_wp_attached_file', '2016/01/cropped-e3click.png'),
(19, 8, '_wp_attachment_context', 'custom-header'),
(20, 8, '_wp_attachment_metadata', 'a:5:{s:5:\"width\";i:1920;s:6:\"height\";i:850;s:4:\"file\";s:27:\"2016/01/cropped-e3click.png\";s:5:\"sizes\";a:6:{s:9:\"thumbnail\";a:4:{s:4:\"file\";s:27:\"cropped-e3click-150x150.png\";s:5:\"width\";i:150;s:6:\"height\";i:150;s:9:\"mime-type\";s:9:\"image/png\";}s:6:\"medium\";a:4:{s:4:\"file\";s:27:\"cropped-e3click-300x133.png\";s:5:\"width\";i:300;s:6:\"height\";i:133;s:9:\"mime-type\";s:9:\"image/png\";}s:12:\"medium_large\";a:4:{s:4:\"file\";s:27:\"cropped-e3click-768x340.png\";s:5:\"width\";i:768;s:6:\"height\";i:340;s:9:\"mime-type\";s:9:\"image/png\";}s:5:\"large\";a:4:{s:4:\"file\";s:28:\"cropped-e3click-1024x453.png\";s:5:\"width\";i:1024;s:6:\"height\";i:453;s:9:\"mime-type\";s:9:\"image/png\";}s:19:\"oblique-entry-thumb\";a:4:{s:4:\"file\";s:27:\"cropped-e3click-370x164.png\";s:5:\"width\";i:370;s:6:\"height\";i:164;s:9:\"mime-type\";s:9:\"image/png\";}s:20:\"oblique-single-thumb\";a:4:{s:4:\"file\";s:28:\"cropped-e3click-1040x460.png\";s:5:\"width\";i:1040;s:6:\"height\";i:460;s:9:\"mime-type\";s:9:\"image/png\";}}s:10:\"image_meta\";a:12:{s:8:\"aperture\";i:0;s:6:\"credit\";s:0:\"\";s:6:\"camera\";s:0:\"\";s:7:\"caption\";s:0:\"\";s:17:\"created_timestamp\";i:0;s:9:\"copyright\";s:0:\"\";s:12:\"focal_length\";i:0;s:3:\"iso\";i:0;s:13:\"shutter_speed\";i:0;s:5:\"title\";s:0:\"\";s:11:\"orientation\";i:0;s:8:\"keywords\";a:0:{}}}'),
(21, 8, '_wp_attachment_custom_header_last_used_oblique', '1452202338'),
(22, 8, '_wp_attachment_is_custom_header', 'oblique'),
(23, 9, '_wp_attached_file', '2016/01/Untitled-1.gif'),
(24, 9, '_wp_attachment_metadata', 'a:5:{s:5:\"width\";i:1950;s:6:\"height\";i:850;s:4:\"file\";s:22:\"2016/01/Untitled-1.gif\";s:5:\"sizes\";a:6:{s:9:\"thumbnail\";a:4:{s:4:\"file\";s:22:\"Untitled-1-150x150.gif\";s:5:\"width\";i:150;s:6:\"height\";i:150;s:9:\"mime-type\";s:9:\"image/gif\";}s:6:\"medium\";a:4:{s:4:\"file\";s:22:\"Untitled-1-300x131.gif\";s:5:\"width\";i:300;s:6:\"height\";i:131;s:9:\"mime-type\";s:9:\"image/gif\";}s:12:\"medium_large\";a:4:{s:4:\"file\";s:22:\"Untitled-1-768x335.gif\";s:5:\"width\";i:768;s:6:\"height\";i:335;s:9:\"mime-type\";s:9:\"image/gif\";}s:5:\"large\";a:4:{s:4:\"file\";s:23:\"Untitled-1-1024x446.gif\";s:5:\"width\";i:1024;s:6:\"height\";i:446;s:9:\"mime-type\";s:9:\"image/gif\";}s:19:\"oblique-entry-thumb\";a:4:{s:4:\"file\";s:22:\"Untitled-1-370x161.gif\";s:5:\"width\";i:370;s:6:\"height\";i:161;s:9:\"mime-type\";s:9:\"image/gif\";}s:20:\"oblique-single-thumb\";a:4:{s:4:\"file\";s:23:\"Untitled-1-1040x453.gif\";s:5:\"width\";i:1040;s:6:\"height\";i:453;s:9:\"mime-type\";s:9:\"image/gif\";}}s:10:\"image_meta\";a:12:{s:8:\"aperture\";i:0;s:6:\"credit\";s:0:\"\";s:6:\"camera\";s:0:\"\";s:7:\"caption\";s:0:\"\";s:17:\"created_timestamp\";i:0;s:9:\"copyright\";s:0:\"\";s:12:\"focal_length\";i:0;s:3:\"iso\";i:0;s:13:\"shutter_speed\";i:0;s:5:\"title\";s:0:\"\";s:11:\"orientation\";i:0;s:8:\"keywords\";a:0:{}}}'),
(25, 10, '_wp_attached_file', '2016/01/cropped-Untitled-1.gif'),
(26, 10, '_wp_attachment_context', 'custom-header'),
(27, 10, '_wp_attachment_metadata', 'a:5:{s:5:\"width\";i:1920;s:6:\"height\";i:850;s:4:\"file\";s:30:\"2016/01/cropped-Untitled-1.gif\";s:5:\"sizes\";a:6:{s:9:\"thumbnail\";a:4:{s:4:\"file\";s:30:\"cropped-Untitled-1-150x150.gif\";s:5:\"width\";i:150;s:6:\"height\";i:150;s:9:\"mime-type\";s:9:\"image/gif\";}s:6:\"medium\";a:4:{s:4:\"file\";s:30:\"cropped-Untitled-1-300x133.gif\";s:5:\"width\";i:300;s:6:\"height\";i:133;s:9:\"mime-type\";s:9:\"image/gif\";}s:12:\"medium_large\";a:4:{s:4:\"file\";s:30:\"cropped-Untitled-1-768x340.gif\";s:5:\"width\";i:768;s:6:\"height\";i:340;s:9:\"mime-type\";s:9:\"image/gif\";}s:5:\"large\";a:4:{s:4:\"file\";s:31:\"cropped-Untitled-1-1024x453.gif\";s:5:\"width\";i:1024;s:6:\"height\";i:453;s:9:\"mime-type\";s:9:\"image/gif\";}s:19:\"oblique-entry-thumb\";a:4:{s:4:\"file\";s:30:\"cropped-Untitled-1-370x164.gif\";s:5:\"width\";i:370;s:6:\"height\";i:164;s:9:\"mime-type\";s:9:\"image/gif\";}s:20:\"oblique-single-thumb\";a:4:{s:4:\"file\";s:31:\"cropped-Untitled-1-1040x460.gif\";s:5:\"width\";i:1040;s:6:\"height\";i:460;s:9:\"mime-type\";s:9:\"image/gif\";}}s:10:\"image_meta\";a:12:{s:8:\"aperture\";i:0;s:6:\"credit\";s:0:\"\";s:6:\"camera\";s:0:\"\";s:7:\"caption\";s:0:\"\";s:17:\"created_timestamp\";i:0;s:9:\"copyright\";s:0:\"\";s:12:\"focal_length\";i:0;s:3:\"iso\";i:0;s:13:\"shutter_speed\";i:0;s:5:\"title\";s:0:\"\";s:11:\"orientation\";i:0;s:8:\"keywords\";a:0:{}}}'),
(28, 10, '_wp_attachment_custom_header_last_used_oblique', '1452202806'),
(29, 10, '_wp_attachment_is_custom_header', 'oblique'),
(32, 12, '_edit_last', '1'),
(31, 1, '_wp_old_slug', 'hello-world'),
(36, 14, '_wp_attached_file', '2016/01/E_Logo.png'),
(34, 12, '_edit_lock', '1746797324:1'),
(37, 14, '_wp_attachment_metadata', 'a:5:{s:5:\"width\";i:5000;s:6:\"height\";i:5000;s:4:\"file\";s:18:\"2016/01/E_Logo.png\";s:5:\"sizes\";a:6:{s:9:\"thumbnail\";a:4:{s:4:\"file\";s:18:\"E_Logo-150x150.png\";s:5:\"width\";i:150;s:6:\"height\";i:150;s:9:\"mime-type\";s:9:\"image/png\";}s:6:\"medium\";a:4:{s:4:\"file\";s:18:\"E_Logo-300x300.png\";s:5:\"width\";i:300;s:6:\"height\";i:300;s:9:\"mime-type\";s:9:\"image/png\";}s:12:\"medium_large\";a:4:{s:4:\"file\";s:18:\"E_Logo-768x768.png\";s:5:\"width\";i:768;s:6:\"height\";i:768;s:9:\"mime-type\";s:9:\"image/png\";}s:5:\"large\";a:4:{s:4:\"file\";s:20:\"E_Logo-1024x1024.png\";s:5:\"width\";i:1024;s:6:\"height\";i:1024;s:9:\"mime-type\";s:9:\"image/png\";}s:19:\"oblique-entry-thumb\";a:4:{s:4:\"file\";s:18:\"E_Logo-370x370.png\";s:5:\"width\";i:370;s:6:\"height\";i:370;s:9:\"mime-type\";s:9:\"image/png\";}s:20:\"oblique-single-thumb\";a:4:{s:4:\"file\";s:20:\"E_Logo-1040x1040.png\";s:5:\"width\";i:1040;s:6:\"height\";i:1040;s:9:\"mime-type\";s:9:\"image/png\";}}s:10:\"image_meta\";a:12:{s:8:\"aperture\";i:0;s:6:\"credit\";s:0:\"\";s:6:\"camera\";s:0:\"\";s:7:\"caption\";s:0:\"\";s:17:\"created_timestamp\";i:0;s:9:\"copyright\";s:0:\"\";s:12:\"focal_length\";i:0;s:3:\"iso\";i:0;s:13:\"shutter_speed\";i:0;s:5:\"title\";s:0:\"\";s:11:\"orientation\";i:0;s:8:\"keywords\";a:0:{}}}'),
(48, 20, '_wp_attached_file', '2016/01/600.png'),
(40, 16, '_wp_attached_file', '2016/01/E_Logo_500.png'),
(41, 16, '_wp_attachment_metadata', 'a:5:{s:5:\"width\";i:500;s:6:\"height\";i:500;s:4:\"file\";s:22:\"2016/01/E_Logo_500.png\";s:5:\"sizes\";a:2:{s:9:\"thumbnail\";a:4:{s:4:\"file\";s:22:\"E_Logo_500-150x150.png\";s:5:\"width\";i:150;s:6:\"height\";i:150;s:9:\"mime-type\";s:9:\"image/png\";}s:6:\"medium\";a:4:{s:4:\"file\";s:22:\"E_Logo_500-300x300.png\";s:5:\"width\";i:300;s:6:\"height\";i:300;s:9:\"mime-type\";s:9:\"image/png\";}}s:10:\"image_meta\";a:12:{s:8:\"aperture\";i:0;s:6:\"credit\";s:0:\"\";s:6:\"camera\";s:0:\"\";s:7:\"caption\";s:0:\"\";s:17:\"created_timestamp\";i:0;s:9:\"copyright\";s:0:\"\";s:12:\"focal_length\";i:0;s:3:\"iso\";i:0;s:13:\"shutter_speed\";i:0;s:5:\"title\";s:0:\"\";s:11:\"orientation\";i:0;s:8:\"keywords\";a:0:{}}}'),
(49, 20, '_wp_attachment_metadata', 'a:5:{s:5:\"width\";i:600;s:6:\"height\";i:600;s:4:\"file\";s:15:\"2016/01/600.png\";s:5:\"sizes\";a:2:{s:9:\"thumbnail\";a:4:{s:4:\"file\";s:15:\"600-150x150.png\";s:5:\"width\";i:150;s:6:\"height\";i:150;s:9:\"mime-type\";s:9:\"image/png\";}s:6:\"medium\";a:4:{s:4:\"file\";s:15:\"600-300x300.png\";s:5:\"width\";i:300;s:6:\"height\";i:300;s:9:\"mime-type\";s:9:\"image/png\";}}s:10:\"image_meta\";a:12:{s:8:\"aperture\";i:0;s:6:\"credit\";s:0:\"\";s:6:\"camera\";s:0:\"\";s:7:\"caption\";s:0:\"\";s:17:\"created_timestamp\";i:0;s:9:\"copyright\";s:0:\"\";s:12:\"focal_length\";i:0;s:3:\"iso\";i:0;s:13:\"shutter_speed\";i:0;s:5:\"title\";s:0:\"\";s:11:\"orientation\";i:0;s:8:\"keywords\";a:0:{}}}'),
(52, 21, '_wp_attached_file', '2016/01/300.png'),
(53, 21, '_wp_attachment_metadata', 'a:5:{s:5:\"width\";i:300;s:6:\"height\";i:300;s:4:\"file\";s:15:\"2016/01/300.png\";s:5:\"sizes\";a:1:{s:9:\"thumbnail\";a:4:{s:4:\"file\";s:15:\"300-150x150.png\";s:5:\"width\";i:150;s:6:\"height\";i:150;s:9:\"mime-type\";s:9:\"image/png\";}}s:10:\"image_meta\";a:12:{s:8:\"aperture\";i:0;s:6:\"credit\";s:0:\"\";s:6:\"camera\";s:0:\"\";s:7:\"caption\";s:0:\"\";s:17:\"created_timestamp\";i:0;s:9:\"copyright\";s:0:\"\";s:12:\"focal_length\";i:0;s:3:\"iso\";i:0;s:13:\"shutter_speed\";i:0;s:5:\"title\";s:0:\"\";s:11:\"orientation\";i:0;s:8:\"keywords\";a:0:{}}}'),
(69, 28, '_wp_attached_file', '2016/01/e3_logo.png'),
(56, 22, '_wp_attached_file', '2016/01/e3clickCom.png'),
(57, 22, '_wp_attachment_metadata', 'a:5:{s:5:\"width\";i:260;s:6:\"height\";i:32;s:4:\"file\";s:22:\"2016/01/e3clickCom.png\";s:5:\"sizes\";a:1:{s:9:\"thumbnail\";a:4:{s:4:\"file\";s:21:\"e3clickCom-150x32.png\";s:5:\"width\";i:150;s:6:\"height\";i:32;s:9:\"mime-type\";s:9:\"image/png\";}}s:10:\"image_meta\";a:12:{s:8:\"aperture\";i:0;s:6:\"credit\";s:0:\"\";s:6:\"camera\";s:0:\"\";s:7:\"caption\";s:0:\"\";s:17:\"created_timestamp\";i:0;s:9:\"copyright\";s:0:\"\";s:12:\"focal_length\";i:0;s:3:\"iso\";i:0;s:13:\"shutter_speed\";i:0;s:5:\"title\";s:0:\"\";s:11:\"orientation\";i:0;s:8:\"keywords\";a:0:{}}}'),
(58, 23, '_wp_attached_file', '2016/01/e3clickCom1.png'),
(59, 23, '_wp_attachment_metadata', 'a:5:{s:5:\"width\";i:179;s:6:\"height\";i:22;s:4:\"file\";s:23:\"2016/01/e3clickCom1.png\";s:5:\"sizes\";a:1:{s:9:\"thumbnail\";a:4:{s:4:\"file\";s:22:\"e3clickCom1-150x22.png\";s:5:\"width\";i:150;s:6:\"height\";i:22;s:9:\"mime-type\";s:9:\"image/png\";}}s:10:\"image_meta\";a:12:{s:8:\"aperture\";i:0;s:6:\"credit\";s:0:\"\";s:6:\"camera\";s:0:\"\";s:7:\"caption\";s:0:\"\";s:17:\"created_timestamp\";i:0;s:9:\"copyright\";s:0:\"\";s:12:\"focal_length\";i:0;s:3:\"iso\";i:0;s:13:\"shutter_speed\";i:0;s:5:\"title\";s:0:\"\";s:11:\"orientation\";i:0;s:8:\"keywords\";a:0:{}}}'),
(60, 24, '_wp_attached_file', '2016/01/black.png'),
(61, 24, '_wp_attachment_metadata', 'a:5:{s:5:\"width\";i:50;s:6:\"height\";i:50;s:4:\"file\";s:17:\"2016/01/black.png\";s:5:\"sizes\";a:0:{}s:10:\"image_meta\";a:12:{s:8:\"aperture\";i:0;s:6:\"credit\";s:0:\"\";s:6:\"camera\";s:0:\"\";s:7:\"caption\";s:0:\"\";s:17:\"created_timestamp\";i:0;s:9:\"copyright\";s:0:\"\";s:12:\"focal_length\";i:0;s:3:\"iso\";i:0;s:13:\"shutter_speed\";i:0;s:5:\"title\";s:0:\"\";s:11:\"orientation\";i:0;s:8:\"keywords\";a:0:{}}}'),
(62, 24, '_wp_attachment_is_custom_background', 'gk-portfolio'),
(63, 25, '_wp_attached_file', '2016/01/e3logo.png'),
(64, 25, '_wp_attachment_metadata', 'a:5:{s:5:\"width\";i:179;s:6:\"height\";i:34;s:4:\"file\";s:18:\"2016/01/e3logo.png\";s:5:\"sizes\";a:1:{s:9:\"thumbnail\";a:4:{s:4:\"file\";s:17:\"e3logo-150x34.png\";s:5:\"width\";i:150;s:6:\"height\";i:34;s:9:\"mime-type\";s:9:\"image/png\";}}s:10:\"image_meta\";a:12:{s:8:\"aperture\";i:0;s:6:\"credit\";s:0:\"\";s:6:\"camera\";s:0:\"\";s:7:\"caption\";s:0:\"\";s:17:\"created_timestamp\";i:0;s:9:\"copyright\";s:0:\"\";s:12:\"focal_length\";i:0;s:3:\"iso\";i:0;s:13:\"shutter_speed\";i:0;s:5:\"title\";s:0:\"\";s:11:\"orientation\";i:0;s:8:\"keywords\";a:0:{}}}'),
(65, 26, '_wp_attached_file', '2016/01/e3clickComLogo.png'),
(66, 26, '_wp_attachment_metadata', 'a:5:{s:5:\"width\";i:168;s:6:\"height\";i:40;s:4:\"file\";s:26:\"2016/01/e3clickComLogo.png\";s:5:\"sizes\";a:1:{s:9:\"thumbnail\";a:4:{s:4:\"file\";s:25:\"e3clickComLogo-150x40.png\";s:5:\"width\";i:150;s:6:\"height\";i:40;s:9:\"mime-type\";s:9:\"image/png\";}}s:10:\"image_meta\";a:12:{s:8:\"aperture\";i:0;s:6:\"credit\";s:0:\"\";s:6:\"camera\";s:0:\"\";s:7:\"caption\";s:0:\"\";s:17:\"created_timestamp\";i:0;s:9:\"copyright\";s:0:\"\";s:12:\"focal_length\";i:0;s:3:\"iso\";i:0;s:13:\"shutter_speed\";i:0;s:5:\"title\";s:0:\"\";s:11:\"orientation\";i:0;s:8:\"keywords\";a:0:{}}}'),
(68, 12, '_wp_old_slug', 'login'),
(70, 28, '_wp_attachment_metadata', 'a:5:{s:5:\"width\";i:600;s:6:\"height\";i:600;s:4:\"file\";s:19:\"2016/01/e3_logo.png\";s:5:\"sizes\";a:2:{s:9:\"thumbnail\";a:4:{s:4:\"file\";s:19:\"e3_logo-150x150.png\";s:5:\"width\";i:150;s:6:\"height\";i:150;s:9:\"mime-type\";s:9:\"image/png\";}s:6:\"medium\";a:4:{s:4:\"file\";s:19:\"e3_logo-300x300.png\";s:5:\"width\";i:300;s:6:\"height\";i:300;s:9:\"mime-type\";s:9:\"image/png\";}}s:10:\"image_meta\";a:12:{s:8:\"aperture\";i:0;s:6:\"credit\";s:0:\"\";s:6:\"camera\";s:0:\"\";s:7:\"caption\";s:0:\"\";s:17:\"created_timestamp\";i:0;s:9:\"copyright\";s:0:\"\";s:12:\"focal_length\";i:0;s:3:\"iso\";i:0;s:13:\"shutter_speed\";i:0;s:5:\"title\";s:0:\"\";s:11:\"orientation\";i:0;s:8:\"keywords\";a:0:{}}}'),
(71, 12, '_thumbnail_id', '28'),
(73, 1, '_thumbnail_id', '21'),
(77, 29, '_edit_last', '1'),
(78, 29, '_edit_lock', '1746797342:1'),
(79, 30, '_wp_attached_file', '2016/01/tgw.png'),
(80, 30, '_wp_attachment_metadata', 'a:5:{s:5:\"width\";i:600;s:6:\"height\";i:600;s:4:\"file\";s:15:\"2016/01/tgw.png\";s:5:\"sizes\";a:2:{s:9:\"thumbnail\";a:4:{s:4:\"file\";s:15:\"tgw-150x150.png\";s:5:\"width\";i:150;s:6:\"height\";i:150;s:9:\"mime-type\";s:9:\"image/png\";}s:6:\"medium\";a:4:{s:4:\"file\";s:15:\"tgw-300x300.png\";s:5:\"width\";i:300;s:6:\"height\";i:300;s:9:\"mime-type\";s:9:\"image/png\";}}s:10:\"image_meta\";a:12:{s:8:\"aperture\";i:0;s:6:\"credit\";s:0:\"\";s:6:\"camera\";s:0:\"\";s:7:\"caption\";s:0:\"\";s:17:\"created_timestamp\";i:0;s:9:\"copyright\";s:0:\"\";s:12:\"focal_length\";i:0;s:3:\"iso\";i:0;s:13:\"shutter_speed\";i:0;s:5:\"title\";s:0:\"\";s:11:\"orientation\";i:0;s:8:\"keywords\";a:0:{}}}'),
(81, 29, '_thumbnail_id', '30'),
(84, 32, '_edit_last', '1'),
(85, 32, '_edit_lock', '1746797355:1'),
(86, 33, '_wp_attached_file', '2016/01/efl.png'),
(87, 33, '_wp_attachment_metadata', 'a:5:{s:5:\"width\";i:600;s:6:\"height\";i:600;s:4:\"file\";s:15:\"2016/01/efl.png\";s:5:\"sizes\";a:2:{s:9:\"thumbnail\";a:4:{s:4:\"file\";s:15:\"efl-150x150.png\";s:5:\"width\";i:150;s:6:\"height\";i:150;s:9:\"mime-type\";s:9:\"image/png\";}s:6:\"medium\";a:4:{s:4:\"file\";s:15:\"efl-300x300.png\";s:5:\"width\";i:300;s:6:\"height\";i:300;s:9:\"mime-type\";s:9:\"image/png\";}}s:10:\"image_meta\";a:12:{s:8:\"aperture\";i:0;s:6:\"credit\";s:0:\"\";s:6:\"camera\";s:0:\"\";s:7:\"caption\";s:0:\"\";s:17:\"created_timestamp\";i:0;s:9:\"copyright\";s:0:\"\";s:12:\"focal_length\";i:0;s:3:\"iso\";i:0;s:13:\"shutter_speed\";i:0;s:5:\"title\";s:0:\"\";s:11:\"orientation\";i:0;s:8:\"keywords\";a:0:{}}}'),
(93, 35, '_wp_attached_file', '2016/01/efl_300.png'),
(94, 35, '_wp_attachment_metadata', 'a:5:{s:5:\"width\";i:300;s:6:\"height\";i:300;s:4:\"file\";s:19:\"2016/01/efl_300.png\";s:5:\"sizes\";a:1:{s:9:\"thumbnail\";a:4:{s:4:\"file\";s:19:\"efl_300-150x150.png\";s:5:\"width\";i:150;s:6:\"height\";i:150;s:9:\"mime-type\";s:9:\"image/png\";}}s:10:\"image_meta\";a:12:{s:8:\"aperture\";i:0;s:6:\"credit\";s:0:\"\";s:6:\"camera\";s:0:\"\";s:7:\"caption\";s:0:\"\";s:17:\"created_timestamp\";i:0;s:9:\"copyright\";s:0:\"\";s:12:\"focal_length\";i:0;s:3:\"iso\";i:0;s:13:\"shutter_speed\";i:0;s:5:\"title\";s:0:\"\";s:11:\"orientation\";i:0;s:8:\"keywords\";a:0:{}}}'),
(95, 32, '_thumbnail_id', '35'),
(97, 36, '_wp_attached_file', '2016/01/e3_logo_click.png'),
(98, 36, '_wp_attachment_metadata', 'a:5:{s:5:\"width\";i:400;s:6:\"height\";i:80;s:4:\"file\";s:25:\"2016/01/e3_logo_click.png\";s:5:\"sizes\";a:2:{s:9:\"thumbnail\";a:4:{s:4:\"file\";s:24:\"e3_logo_click-150x80.png\";s:5:\"width\";i:150;s:6:\"height\";i:80;s:9:\"mime-type\";s:9:\"image/png\";}s:6:\"medium\";a:4:{s:4:\"file\";s:24:\"e3_logo_click-300x60.png\";s:5:\"width\";i:300;s:6:\"height\";i:60;s:9:\"mime-type\";s:9:\"image/png\";}}s:10:\"image_meta\";a:12:{s:8:\"aperture\";i:0;s:6:\"credit\";s:0:\"\";s:6:\"camera\";s:0:\"\";s:7:\"caption\";s:0:\"\";s:17:\"created_timestamp\";i:0;s:9:\"copyright\";s:0:\"\";s:12:\"focal_length\";i:0;s:3:\"iso\";i:0;s:13:\"shutter_speed\";i:0;s:5:\"title\";s:0:\"\";s:11:\"orientation\";i:0;s:8:\"keywords\";a:0:{}}}'),
(199, 74, '_wp_attachment_metadata', 'a:5:{s:5:\"width\";i:512;s:6:\"height\";i:512;s:4:\"file\";s:23:\"2016/01/cropped-300.png\";s:5:\"sizes\";a:7:{s:6:\"medium\";a:4:{s:4:\"file\";s:23:\"cropped-300-300x300.png\";s:5:\"width\";i:300;s:6:\"height\";i:300;s:9:\"mime-type\";s:9:\"image/png\";}s:9:\"thumbnail\";a:4:{s:4:\"file\";s:23:\"cropped-300-150x150.png\";s:5:\"width\";i:150;s:6:\"height\";i:150;s:9:\"mime-type\";s:9:\"image/png\";}s:14:\"post-thumbnail\";a:4:{s:4:\"file\";s:23:\"cropped-300-512x372.png\";s:5:\"width\";i:512;s:6:\"height\";i:372;s:9:\"mime-type\";s:9:\"image/png\";}s:13:\"site_icon-270\";a:4:{s:4:\"file\";s:23:\"cropped-300-270x270.png\";s:5:\"width\";i:270;s:6:\"height\";i:270;s:9:\"mime-type\";s:9:\"image/png\";}s:13:\"site_icon-192\";a:4:{s:4:\"file\";s:23:\"cropped-300-192x192.png\";s:5:\"width\";i:192;s:6:\"height\";i:192;s:9:\"mime-type\";s:9:\"image/png\";}s:13:\"site_icon-180\";a:4:{s:4:\"file\";s:23:\"cropped-300-180x180.png\";s:5:\"width\";i:180;s:6:\"height\";i:180;s:9:\"mime-type\";s:9:\"image/png\";}s:12:\"site_icon-32\";a:4:{s:4:\"file\";s:21:\"cropped-300-32x32.png\";s:5:\"width\";i:32;s:6:\"height\";i:32;s:9:\"mime-type\";s:9:\"image/png\";}}s:10:\"image_meta\";a:12:{s:8:\"aperture\";s:1:\"0\";s:6:\"credit\";s:0:\"\";s:6:\"camera\";s:0:\"\";s:7:\"caption\";s:0:\"\";s:17:\"created_timestamp\";s:1:\"0\";s:9:\"copyright\";s:0:\"\";s:12:\"focal_length\";s:1:\"0\";s:3:\"iso\";s:1:\"0\";s:13:\"shutter_speed\";s:1:\"0\";s:5:\"title\";s:0:\"\";s:11:\"orientation\";s:1:\"0\";s:8:\"keywords\";a:0:{}}}'),
(198, 74, '_wp_attachment_context', 'site-icon'),
(140, 51, '_menu_item_url', 'https://bmtf.no/'),
(139, 51, '_menu_item_xfn', ''),
(138, 51, '_menu_item_classes', 'a:1:{i:0;s:0:\"\";}'),
(137, 51, '_menu_item_target', '_blank'),
(136, 51, '_menu_item_object', 'custom'),
(135, 51, '_menu_item_object_id', '51'),
(134, 51, '_menu_item_menu_item_parent', '0'),
(133, 51, '_menu_item_type', 'custom'),
(197, 74, '_wp_attached_file', '2016/01/cropped-300.png'),
(160, 54, '_menu_item_type', 'custom'),
(142, 52, '_menu_item_type', 'custom'),
(143, 52, '_menu_item_menu_item_parent', '0'),
(144, 52, '_menu_item_object_id', '52'),
(145, 52, '_menu_item_object', 'custom'),
(146, 52, '_menu_item_target', '_blank'),
(147, 52, '_menu_item_classes', 'a:1:{i:0;s:0:\"\";}'),
(148, 52, '_menu_item_xfn', ''),
(149, 52, '_menu_item_url', 'https://www.finn-takstmann.no/'),
(151, 53, '_menu_item_type', 'custom'),
(152, 53, '_menu_item_menu_item_parent', '0'),
(153, 53, '_menu_item_object_id', '53'),
(154, 53, '_menu_item_object', 'custom'),
(155, 53, '_menu_item_target', '_blank'),
(156, 53, '_menu_item_classes', 'a:1:{i:0;s:0:\"\";}'),
(157, 53, '_menu_item_xfn', ''),
(158, 53, '_menu_item_url', 'https://www.mesterskolen.no/'),
(161, 54, '_menu_item_menu_item_parent', '0'),
(162, 54, '_menu_item_object_id', '54'),
(163, 54, '_menu_item_object', 'custom'),
(164, 54, '_menu_item_target', '_blank'),
(165, 54, '_menu_item_classes', 'a:1:{i:0;s:0:\"\";}'),
(166, 54, '_menu_item_xfn', ''),
(167, 54, '_menu_item_url', 'https://www.eierskifterapport.no/'),
(172, 58, '_edit_lock', '1746797399:1'),
(171, 57, '_edit_lock', '1746797389:1'),
(173, 61, '_menu_item_type', 'post_type'),
(174, 61, '_menu_item_menu_item_parent', '0'),
(175, 61, '_menu_item_object_id', '57'),
(176, 61, '_menu_item_object', 'page'),
(177, 61, '_menu_item_target', ''),
(178, 61, '_menu_item_classes', 'a:1:{i:0;s:0:\"\";}'),
(179, 61, '_menu_item_xfn', ''),
(180, 61, '_menu_item_url', ''),
(186, 58, '_edit_last', '1'),
(182, 51, '_wp_old_date', '2021-05-19'),
(183, 52, '_wp_old_date', '2021-05-19'),
(184, 53, '_wp_old_date', '2021-05-19'),
(185, 54, '_wp_old_date', '2021-05-19'),
(187, 58, '_wp_page_template', 'default'),
(202, 57, '_edit_last', '1'),
(203, 57, '_wp_page_template', 'default');

-- --------------------------------------------------------

--
-- Table structure for table `wp_nytakstposts`
--

CREATE TABLE `wp_nytakstposts` (
  `ID` bigint(20) UNSIGNED NOT NULL,
  `post_author` bigint(20) UNSIGNED NOT NULL DEFAULT '0',
  `post_date` datetime NOT NULL DEFAULT '0000-00-00 00:00:00',
  `post_date_gmt` datetime NOT NULL DEFAULT '0000-00-00 00:00:00',
  `post_content` longtext COLLATE utf8mb4_unicode_ci NOT NULL,
  `post_title` text COLLATE utf8mb4_unicode_ci NOT NULL,
  `post_excerpt` text COLLATE utf8mb4_unicode_ci NOT NULL,
  `post_status` varchar(20) COLLATE utf8mb4_unicode_ci NOT NULL DEFAULT 'publish',
  `comment_status` varchar(20) COLLATE utf8mb4_unicode_ci NOT NULL DEFAULT 'open',
  `ping_status` varchar(20) COLLATE utf8mb4_unicode_ci NOT NULL DEFAULT 'open',
  `post_password` varchar(255) COLLATE utf8mb4_unicode_ci NOT NULL DEFAULT '',
  `post_name` varchar(200) COLLATE utf8mb4_unicode_ci NOT NULL DEFAULT '',
  `to_ping` text COLLATE utf8mb4_unicode_ci NOT NULL,
  `pinged` text COLLATE utf8mb4_unicode_ci NOT NULL,
  `post_modified` datetime NOT NULL DEFAULT '0000-00-00 00:00:00',
  `post_modified_gmt` datetime NOT NULL DEFAULT '0000-00-00 00:00:00',
  `post_content_filtered` longtext COLLATE utf8mb4_unicode_ci NOT NULL,
  `post_parent` bigint(20) UNSIGNED NOT NULL DEFAULT '0',
  `guid` varchar(255) COLLATE utf8mb4_unicode_ci NOT NULL DEFAULT '',
  `menu_order` int(11) NOT NULL DEFAULT '0',
  `post_type` varchar(20) COLLATE utf8mb4_unicode_ci NOT NULL DEFAULT 'post',
  `post_mime_type` varchar(100) COLLATE utf8mb4_unicode_ci NOT NULL DEFAULT '',
  `comment_count` bigint(20) NOT NULL DEFAULT '0'
) ENGINE=MyISAM DEFAULT CHARSET=utf8mb4 COLLATE=utf8mb4_unicode_ci;

--
-- Dumping data for table `wp_nytakstposts`
--

INSERT INTO `wp_nytakstposts` (`ID`, `post_author`, `post_date`, `post_date_gmt`, `post_content`, `post_title`, `post_excerpt`, `post_status`, `comment_status`, `ping_status`, `post_password`, `post_name`, `to_ping`, `pinged`, `post_modified`, `post_modified_gmt`, `post_content_filtered`, `post_parent`, `guid`, `menu_order`, `post_type`, `post_mime_type`, `comment_count`) VALUES
(1, 1, '2016-01-07 21:56:16', '2016-01-07 21:56:16', 'Eierskifterapport', 'Eierskifterapport', '', 'publish', 'closed', 'closed', '', 'eierskifterapport', '', '', '2016-01-07 23:27:18', '2016-01-07 23:27:18', '', 0, 'http://www.e3click.com/?p=1', 0, 'post', '', 0),
(11, 1, '2016-01-07 21:58:11', '2016-01-07 21:58:11', 'Eierskifterapport', 'Eierskifterapport', '', 'inherit', 'closed', 'closed', '', '1-revision-v1', '', '', '2016-01-07 21:58:11', '2016-01-07 21:58:11', '', 1, 'http://www.e3click.com/1-revision-v1/', 0, 'revision', '', 0),
(2, 1, '2016-01-07 20:56:16', '2016-01-07 20:56:16', '\n\n<!-- wp:image {\"align\":\"center\",\"id\":14,\"width\":543,\"height\":543,\"sizeSlug\":\"large\",\"linkDestination\":\"custom\"} -->\n<div class=\"wp-block-image\"><figure class=\"aligncenter size-large is-resized\"><a href=\"https://e3click.com/e/login.php\"><img src=\"http://www.e3click.com/wp-content/uploads/2016/01/E_Logo-1024x1024.png\" alt=\"\" class=\"wp-image-14\" width=\"543\" height=\"543\"/></a></figure></div>\n<!-- /wp:image -->', '', '', 'publish', 'closed', 'closed', '', 'e3click', '', '', '2021-05-19 07:46:35', '2021-05-19 07:46:35', '', 0, 'http://www.e3click.com/?page_id=2', 0, 'page', '', 0),
(47, 1, '2021-05-19 07:45:14', '2021-05-19 07:45:14', '\n\n<!-- wp:paragraph -->\n<p></p>\n<!-- /wp:paragraph -->', 'e3click', '', 'inherit', 'closed', 'closed', '', '2-revision-v1', '', '', '2021-05-19 07:45:14', '2021-05-19 07:45:14', '', 2, 'https://www.e3click.com/?p=47', 0, 'revision', '', 0),
(48, 1, '2021-05-19 07:46:02', '2021-05-19 07:46:02', '\n\n<!-- wp:image {\"align\":\"center\",\"id\":14,\"width\":543,\"height\":543,\"sizeSlug\":\"large\",\"linkDestination\":\"none\"} -->\n<div class=\"wp-block-image\"><figure class=\"aligncenter size-large is-resized\"><img src=\"http://www.e3click.com/wp-content/uploads/2016/01/E_Logo-1024x1024.png\" alt=\"\" class=\"wp-image-14\" width=\"543\" height=\"543\"/></figure></div>\n<!-- /wp:image -->', 'e3click', '', 'inherit', 'closed', 'closed', '', '2-autosave-v1', '', '', '2021-05-19 07:46:02', '2021-05-19 07:46:02', '', 2, 'https://www.e3click.com/?p=48', 0, 'revision', '', 0),
(4, 1, '2016-01-07 20:57:31', '2016-01-07 20:57:31', 'This is an example page. It\'s different from a blog post because it will stay in one place and will show up in your site navigation (in most themes). Most people start with an About page that introduces them to potential site visitors. It might say something like this:\n\n<blockquote>Hi there! I\'m a bike messenger by day, aspiring actor by night, and this is my website. I live in Los Angeles, have a great dog named Jack, and I like pi&#241;a coladas. (And gettin\' caught in the rain.)</blockquote>\n\n...or something like this:\n\n<blockquote>The XYZ Doohickey Company was founded in 1971, and has been providing quality doohickeys to the public ever since. Located in Gotham City, XYZ employs over 2,000 people and does all kinds of awesome things for the Gotham community.</blockquote>\n\nAs a new WordPress user, you should go to <a href=\"http://www.e3click.com/wp-admin/\">your dashboard</a> to delete this page and create new pages for your content. Have fun!', 'e3click', '', 'inherit', 'closed', 'closed', '', '2-revision-v1', '', '', '2016-01-07 20:57:31', '2016-01-07 20:57:31', '', 2, 'http://www.e3click.com/2016/01/07/2-revision-v1/', 0, 'revision', '', 0),
(6, 1, '2016-01-07 21:23:36', '2016-01-07 21:23:36', '', 'Klikk her for å gå til rapportene', '', 'publish', 'closed', 'closed', '', 'login', '', '', '2016-02-08 11:26:20', '2016-02-08 11:26:20', '', 0, 'http://www.e3click.com/?p=6', 1, 'nav_menu_item', '', 0),
(5, 1, '2016-01-07 20:57:44', '2016-01-07 20:57:44', 'Welcome to WordPress. This is your first post. Edit or delete it, then start writing!', 'Hello world!', '', 'inherit', 'closed', 'closed', '', '1-revision-v1', '', '', '2016-01-07 20:57:44', '2016-01-07 20:57:44', '', 1, 'http://www.e3click.com/2016/01/07/1-revision-v1/', 0, 'revision', '', 0),
(7, 1, '2016-01-07 21:31:03', '2016-01-07 21:31:03', '', 'e3click', '', 'inherit', 'open', 'closed', '', 'e3click-2', '', '', '2016-01-07 21:31:03', '2016-01-07 21:31:03', '', 0, 'http://www.e3click.com/wp-content/uploads/2016/01/e3click.png', 0, 'attachment', 'image/png', 0),
(8, 1, '2016-01-07 21:32:15', '2016-01-07 21:32:15', '', 'cropped-e3click.png', '', 'inherit', 'open', 'closed', '', 'cropped-e3click-png', '', '', '2016-01-07 21:32:15', '2016-01-07 21:32:15', '', 0, 'http://www.e3click.com/wp-content/uploads/2016/01/cropped-e3click.png', 0, 'attachment', 'image/png', 0),
(9, 1, '2016-01-07 21:33:20', '2016-01-07 21:33:20', '', 'Untitled-1', '', 'inherit', 'open', 'closed', '', 'untitled-1', '', '', '2016-01-07 21:33:20', '2016-01-07 21:33:20', '', 0, 'http://www.e3click.com/wp-content/uploads/2016/01/Untitled-1.gif', 0, 'attachment', 'image/gif', 0),
(10, 1, '2016-01-07 21:33:39', '2016-01-07 21:33:39', '', 'cropped-Untitled-1.gif', '', 'inherit', 'open', 'closed', '', 'cropped-untitled-1-gif', '', '', '2016-01-07 21:33:39', '2016-01-07 21:33:39', '', 0, 'http://www.e3click.com/wp-content/uploads/2016/01/cropped-Untitled-1.gif', 0, 'attachment', 'image/gif', 0),
(12, 1, '2016-01-07 21:05:48', '2016-01-07 21:05:48', 'E3 er en rapport som skal dekke det en selger og en kjøper har behov for når man omsetter en bolig.\r\n\r\n&nbsp;', 'E3', '', 'draft', 'closed', 'closed', '', 'e3', '', '', '2025-05-09 13:28:44', '2025-05-09 13:28:44', '', 0, 'http://www.e3click.com/?p=12', 0, 'post', '', 0),
(13, 1, '2016-01-07 22:05:48', '2016-01-07 22:05:48', 'Login her for rapportverktøyet', 'Login', '', 'inherit', 'closed', 'closed', '', '12-revision-v1', '', '', '2016-01-07 22:05:48', '2016-01-07 22:05:48', '', 12, 'http://www.e3click.com/12-revision-v1/', 0, 'revision', '', 0),
(14, 1, '2016-01-07 22:07:52', '2016-01-07 22:07:52', '', 'E_Logo', '', 'inherit', 'open', 'closed', '', 'e_logo', '', '', '2016-01-07 22:07:52', '2016-01-07 22:07:52', '', 12, 'http://www.e3click.com/wp-content/uploads/2016/01/E_Logo.png', 0, 'attachment', 'image/png', 0),
(15, 1, '2016-01-07 22:09:08', '2016-01-07 22:09:08', '<img class=\"size-medium wp-image-14 alignright\" src=\"http://www.e3click.com/wp-content/uploads/2016/01/E_Logo-300x300.png\" alt=\"E_Logo\" width=\"300\" height=\"300\" />Login her for rapportverktøyet', 'Login', '', 'inherit', 'closed', 'closed', '', '12-revision-v1', '', '', '2016-01-07 22:09:08', '2016-01-07 22:09:08', '', 12, 'http://www.e3click.com/12-revision-v1/', 0, 'revision', '', 0),
(16, 1, '2016-01-07 22:12:37', '2016-01-07 22:12:37', '', 'E_Logo_500', '', 'inherit', 'open', 'closed', '', 'e_logo_500', '', '', '2016-01-07 22:12:37', '2016-01-07 22:12:37', '', 12, 'http://www.e3click.com/wp-content/uploads/2016/01/E_Logo_500.png', 0, 'attachment', 'image/png', 0),
(17, 1, '2016-01-07 22:13:01', '2016-01-07 22:13:01', 'Login her for rapportverktøyet<img class=\"alignnone size-medium wp-image-16\" src=\"http://www.e3click.com/wp-content/uploads/2016/01/E_Logo_500-300x300.png\" alt=\"E_Logo_500\" width=\"300\" height=\"300\" />', 'Login', '', 'inherit', 'closed', 'closed', '', '12-revision-v1', '', '', '2016-01-07 22:13:01', '2016-01-07 22:13:01', '', 12, 'http://www.e3click.com/12-revision-v1/', 0, 'revision', '', 0),
(19, 1, '2016-01-07 22:16:05', '2016-01-07 22:16:05', 'Login her for rapportverktøyet', 'Login', '', 'inherit', 'closed', 'closed', '', '12-revision-v1', '', '', '2016-01-07 22:16:05', '2016-01-07 22:16:05', '', 12, 'http://www.e3click.com/12-revision-v1/', 0, 'revision', '', 0),
(18, 1, '2016-01-07 22:15:28', '2016-01-07 22:15:28', 'Login her for rapportverktøyet<img class=\"alignnone wp-image-16 size-thumbnail\" src=\"http://www.e3click.com/wp-content/uploads/2016/01/E_Logo_500-150x150.png\" alt=\"E_Logo_500\" width=\"150\" height=\"150\" />', 'Login', '', 'inherit', 'closed', 'closed', '', '12-revision-v1', '', '', '2016-01-07 22:15:28', '2016-01-07 22:15:28', '', 12, 'http://www.e3click.com/12-revision-v1/', 0, 'revision', '', 0),
(20, 1, '2016-01-07 22:17:02', '2016-01-07 22:17:02', '', '600', '', 'inherit', 'open', 'closed', '', '600', '', '', '2016-01-07 22:17:02', '2016-01-07 22:17:02', '', 12, 'http://www.e3click.com/wp-content/uploads/2016/01/600.png', 0, 'attachment', 'image/png', 0),
(21, 1, '2016-01-07 22:18:12', '2016-01-07 22:18:12', '', '300', '', 'inherit', 'open', 'closed', '', '300', '', '', '2016-01-07 22:18:12', '2016-01-07 22:18:12', '', 12, 'http://www.e3click.com/wp-content/uploads/2016/01/300.png', 0, 'attachment', 'image/png', 0),
(22, 1, '2016-01-07 22:28:41', '2016-01-07 22:28:41', '', 'e3clickCom', '', 'inherit', 'open', 'closed', '', 'e3clickcom', '', '', '2016-01-07 22:28:41', '2016-01-07 22:28:41', '', 0, 'http://www.e3click.com/wp-content/uploads/2016/01/e3clickCom.png', 0, 'attachment', 'image/png', 0),
(23, 1, '2016-01-07 22:29:52', '2016-01-07 22:29:52', '', 'e3clickCom1', '', 'inherit', 'open', 'closed', '', 'e3clickcom1', '', '', '2016-01-07 22:29:52', '2016-01-07 22:29:52', '', 0, 'http://www.e3click.com/wp-content/uploads/2016/01/e3clickCom1.png', 0, 'attachment', 'image/png', 0),
(24, 1, '2016-01-07 22:55:59', '2016-01-07 22:55:59', '', 'black', '', 'inherit', 'open', 'closed', '', 'black', '', '', '2016-01-07 22:55:59', '2016-01-07 22:55:59', '', 0, 'http://www.e3click.com/wp-content/uploads/2016/01/black.png', 0, 'attachment', 'image/png', 0),
(25, 1, '2016-01-07 23:07:25', '2016-01-07 23:07:25', '', 'e3logo', '', 'inherit', 'open', 'closed', '', 'e3logo', '', '', '2016-01-07 23:07:25', '2016-01-07 23:07:25', '', 0, 'http://www.e3click.com/wp-content/uploads/2016/01/e3logo.png', 0, 'attachment', 'image/png', 0),
(26, 1, '2016-01-07 23:11:38', '2016-01-07 23:11:38', '', 'e3clickComLogo', '', 'inherit', 'open', 'closed', '', 'e3clickcomlogo', '', '', '2016-01-07 23:11:38', '2016-01-07 23:11:38', '', 0, 'http://www.e3click.com/wp-content/uploads/2016/01/e3clickComLogo.png', 0, 'attachment', 'image/png', 0),
(27, 1, '2016-01-07 23:20:49', '2016-01-07 23:20:49', 'E3 er en rapport som skal dekke det en selger og en kjøper har behov for når man omsetter en bolig.\r\n\r\n&nbsp;', 'E3', '', 'inherit', 'closed', 'closed', '', '12-revision-v1', '', '', '2016-01-07 23:20:49', '2016-01-07 23:20:49', '', 12, 'http://www.e3click.com/12-revision-v1/', 0, 'revision', '', 0),
(28, 1, '2016-01-07 23:25:47', '2016-01-07 23:25:47', '', 'e3_logo', '', 'inherit', 'open', 'closed', '', 'e3_logo', '', '', '2016-01-07 23:25:47', '2016-01-07 23:25:47', '', 12, 'http://www.e3click.com/wp-content/uploads/2016/01/e3_logo.png', 0, 'attachment', 'image/png', 0),
(29, 1, '2016-01-07 20:34:34', '2016-01-07 20:34:34', 'TGW er en type rapporter som benyttes for små leiligheter.', 'TGW', '', 'draft', 'closed', 'closed', '', 'tgw', '', '', '2025-05-09 13:29:02', '2025-05-09 13:29:02', '', 0, 'http://www.e3click.com/?p=29', 0, 'post', '', 0),
(30, 1, '2016-01-07 23:34:28', '2016-01-07 23:34:28', '', 'tgw', '', 'inherit', 'open', 'closed', '', 'tgw', '', '', '2016-01-07 23:34:28', '2016-01-07 23:34:28', '', 29, 'http://www.e3click.com/wp-content/uploads/2016/01/tgw.png', 0, 'attachment', 'image/png', 0),
(31, 1, '2016-01-07 23:34:34', '2016-01-07 23:34:34', 'TGW er en type rapporter som benyttes for små leiligheter.', 'TGW', '', 'inherit', 'closed', 'closed', '', '29-revision-v1', '', '', '2016-01-07 23:34:34', '2016-01-07 23:34:34', '', 29, 'http://www.e3click.com/29-revision-v1/', 0, 'revision', '', 0),
(32, 1, '2016-01-07 19:47:53', '2016-01-07 19:47:53', 'Eierskifterapport for Leilighet', 'E F L', '', 'draft', 'closed', 'closed', '', 'efl', '', '', '2025-05-09 13:29:15', '2025-05-09 13:29:15', '', 0, 'http://www.e3click.com/?p=32', 0, 'post', '', 0),
(33, 1, '2016-01-07 23:47:47', '2016-01-07 23:47:47', '', 'efl', '', 'inherit', 'open', 'closed', '', 'efl-2', '', '', '2016-01-07 23:47:47', '2016-01-07 23:47:47', '', 32, 'http://www.e3click.com/wp-content/uploads/2016/01/efl.png', 0, 'attachment', 'image/png', 0),
(34, 1, '2016-01-07 23:47:53', '2016-01-07 23:47:53', 'Eierskifterapport for Leilighet', 'E F L', '', 'inherit', 'closed', 'closed', '', '32-revision-v1', '', '', '2016-01-07 23:47:53', '2016-01-07 23:47:53', '', 32, 'http://www.e3click.com/32-revision-v1/', 0, 'revision', '', 0),
(35, 1, '2016-01-07 23:56:19', '2016-01-07 23:56:19', '', 'efl_300', '', 'inherit', 'open', 'closed', '', 'efl_300', '', '', '2016-01-07 23:56:19', '2016-01-07 23:56:19', '', 32, 'http://www.e3click.com/wp-content/uploads/2016/01/efl_300.png', 0, 'attachment', 'image/png', 0),
(36, 1, '2016-01-08 02:24:57', '2016-01-08 02:24:57', '', 'e3_logo_click', '', 'inherit', 'closed', 'closed', '', 'e3_logo_click', '', '', '2016-01-08 02:24:57', '2016-01-08 02:24:57', '', 0, 'http://www.e3click.com/wp-content/uploads/2016/01/e3_logo_click.png', 0, 'attachment', 'image/png', 0),
(52, 1, '2021-05-21 06:32:45', '2021-05-19 07:51:20', '', 'FINN TAKSTMANN', '', 'publish', 'closed', 'closed', '', 'finn-takstmann', '', '', '2021-05-21 06:32:45', '2021-05-21 06:32:45', '', 0, 'https://www.e3click.com/?p=52', 2, 'nav_menu_item', '', 0),
(51, 1, '2021-05-21 06:32:45', '2021-05-19 07:51:20', '', 'BMTF', '', 'publish', 'closed', 'closed', '', 'bmtf', '', '', '2021-05-21 06:32:45', '2021-05-21 06:32:45', '', 0, 'https://www.e3click.com/?p=51', 1, 'nav_menu_item', '', 0),
(74, 1, '2021-07-26 15:03:05', '2021-07-26 15:03:05', 'http://www.e3click.com/wp-content/uploads/2016/01/cropped-300.png', 'cropped-300.png', '', 'inherit', 'closed', 'closed', '', 'cropped-300-png', '', '', '2021-07-26 15:03:05', '2021-07-26 15:03:05', '', 0, 'http://www.e3click.com/wp-content/uploads/2016/01/cropped-300.png', 0, 'attachment', 'image/png', 0),
(49, 1, '2021-05-19 07:46:18', '2021-05-19 07:46:18', '\n\n<!-- wp:image {\"align\":\"center\",\"id\":14,\"width\":543,\"height\":543,\"sizeSlug\":\"large\",\"linkDestination\":\"custom\"} -->\n<div class=\"wp-block-image\"><figure class=\"aligncenter size-large is-resized\"><a href=\"https://e3click.com/e/login.php\"><img src=\"http://www.e3click.com/wp-content/uploads/2016/01/E_Logo-1024x1024.png\" alt=\"\" class=\"wp-image-14\" width=\"543\" height=\"543\"/></a></figure></div>\n<!-- /wp:image -->', 'e3click', '', 'inherit', 'closed', 'closed', '', '2-revision-v1', '', '', '2021-05-19 07:46:18', '2021-05-19 07:46:18', '', 2, 'https://www.e3click.com/?p=49', 0, 'revision', '', 0),
(50, 1, '2021-05-19 07:46:35', '2021-05-19 07:46:35', '\n\n<!-- wp:image {\"align\":\"center\",\"id\":14,\"width\":543,\"height\":543,\"sizeSlug\":\"large\",\"linkDestination\":\"custom\"} -->\n<div class=\"wp-block-image\"><figure class=\"aligncenter size-large is-resized\"><a href=\"https://e3click.com/e/login.php\"><img src=\"http://www.e3click.com/wp-content/uploads/2016/01/E_Logo-1024x1024.png\" alt=\"\" class=\"wp-image-14\" width=\"543\" height=\"543\"/></a></figure></div>\n<!-- /wp:image -->', '', '', 'inherit', 'closed', 'closed', '', '2-revision-v1', '', '', '2021-05-19 07:46:35', '2021-05-19 07:46:35', '', 2, 'https://www.e3click.com/?p=50', 0, 'revision', '', 0),
(53, 1, '2021-05-21 06:32:45', '2021-05-19 07:51:20', '', 'Mesterskolen', '', 'publish', 'closed', 'closed', '', 'mesterskolen', '', '', '2021-05-21 06:32:45', '2021-05-21 06:32:45', '', 0, 'https://www.e3click.com/?p=53', 3, 'nav_menu_item', '', 0),
(54, 1, '2021-05-21 06:32:45', '2021-05-19 07:52:25', '', 'Eierskifterapport', '', 'publish', 'closed', 'closed', '', 'eierskifterapport', '', '', '2021-05-21 06:32:45', '2021-05-21 06:32:45', '', 0, 'https://www.e3click.com/?p=54', 4, 'nav_menu_item', '', 0),
(55, 1, '2021-05-21 04:38:59', '2021-05-21 04:38:59', '{\"fields\":{\"0\":{\"id\":\"0\",\"type\":\"name\",\"label\":\"Navn\",\"format\":\"simple\",\"description\":\"\",\"required\":\"1\",\"size\":\"medium\",\"simple_placeholder\":\"\",\"simple_default\":\"\",\"first_placeholder\":\"\",\"first_default\":\"\",\"middle_placeholder\":\"\",\"middle_default\":\"\",\"last_placeholder\":\"\",\"last_default\":\"\",\"css\":\"\"},\"7\":{\"id\":\"7\",\"type\":\"text\",\"label\":\"Adresse\",\"description\":\"\",\"required\":\"1\",\"size\":\"medium\",\"placeholder\":\"\",\"limit_count\":\"1\",\"limit_mode\":\"characters\",\"default_value\":\"\",\"css\":\"\",\"input_mask\":\"\"},\"8\":{\"id\":\"8\",\"type\":\"text\",\"label\":\"Postnummer \\/Sted\",\"description\":\"\",\"required\":\"1\",\"size\":\"medium\",\"placeholder\":\"\",\"limit_count\":\"1\",\"limit_mode\":\"characters\",\"default_value\":\"\",\"css\":\"\",\"input_mask\":\"\"},\"5\":{\"id\":\"5\",\"type\":\"phone\",\"label\":\"Telefon\",\"format\":\"smart\",\"description\":\"\",\"required\":\"1\",\"size\":\"medium\",\"placeholder\":\"\",\"default_value\":\"\",\"css\":\"\"},\"1\":{\"id\":\"1\",\"type\":\"email\",\"label\":\"Email\",\"description\":\"\",\"required\":\"1\",\"size\":\"medium\",\"placeholder\":\"\",\"confirmation_placeholder\":\"\",\"default_value\":\"\",\"css\":\"\",\"filter_type\":\"\",\"allowlist\":\"\",\"denylist\":\"\"},\"3\":{\"id\":\"3\",\"type\":\"select\",\"label\":\"Medlemsrabatt\",\"choices\":{\"1\":{\"label\":\"Medlem i BMTF\",\"value\":\"\",\"image\":\"\"},\"2\":{\"label\":\"Ikke medlem i BMTF\",\"value\":\"\",\"image\":\"\"},\"3\":{\"label\":\"\\u00d8nsker informasjon om medlemskap..\",\"value\":\"\",\"image\":\"\"}},\"description\":\"\",\"style\":\"classic\",\"size\":\"medium\",\"placeholder\":\"\",\"css\":\"\",\"dynamic_choices\":\"\"}},\"id\":\"55\",\"field_id\":9,\"settings\":{\"form_title\":\"P\\u00e5melding til kurs i AutoCAD \",\"form_desc\":\"\",\"form_class\":\"\",\"submit_text\":\"Submit\",\"submit_text_processing\":\"Sending...\",\"submit_class\":\"\",\"antispam\":\"1\",\"notification_enable\":\"1\",\"notifications\":{\"1\":{\"notification_name\":\"Default Notification\",\"email\":\"vegard@bmtf.no, frank@frx.no\",\"subject\":\"KURS: AutoCAD\",\"sender_name\":\"AutoCAD\",\"sender_address\":\"{admin_email}\",\"replyto\":\"{field_id=\\\"1\\\"}\",\"message\":\"{all_fields}\"}},\"confirmations\":{\"1\":{\"name\":\"Default Confirmation\",\"type\":\"message\",\"message\":\"<p>Takk for at du kontakter oss! Du vil f\\u00e5 tilbakemelding innen kort tid.\\u00a0<\\/p>\",\"message_scroll\":\"1\",\"page\":\"2\",\"redirect\":\"\"}}},\"meta\":{\"template\":\"contact\"}}', 'Påmelding til kurs i AutoCAD', '', 'publish', 'closed', 'closed', '', 'autocad', '', '', '2021-05-21 06:28:56', '2021-05-21 06:28:56', '', 0, 'https://www.e3click.com/?post_type=wpforms&#038;p=55', 0, 'wpforms', '', 0),
(57, 1, '2021-05-21 05:06:55', '2021-05-21 05:06:55', '<!-- wp:heading {\"level\":1} -->\n<h1>AUTOCAD LT</h1>\n<!-- /wp:heading -->\n\n<!-- wp:heading {\"level\":3} -->\n<h3>Kurs i AutoCAD LT for byggesøknader</h3>\n<!-- /wp:heading -->\n\n<!-- wp:heading {\"level\":3} -->\n<h3>Oppstart 21 Juni 2021</h3>\n<!-- /wp:heading -->\n\n<!-- wp:list -->\n<ul><li>Ordinær kurspris &nbsp;&nbsp;&nbsp;&nbsp;&nbsp;&nbsp;&nbsp;&nbsp;&nbsp;&nbsp;&nbsp;&nbsp;&nbsp; Kr. 9&nbsp;900.- </li><li>For medlemmer &nbsp;&nbsp;&nbsp;&nbsp; &nbsp;&nbsp;&nbsp;&nbsp;&nbsp;&nbsp;&nbsp;&nbsp;&nbsp;   Kr. 7&nbsp;900.- </li></ul>\n<!-- /wp:list -->\n\n<!-- wp:paragraph -->\n<p>AutoCAD LT er en lett versjon av AutoCAD, som er betydelig rimeligere enn fullversjonen. AutoCAD er lisensbasert, slik at du betaler årlig for å bruke denne programvaren.</p>\n<!-- /wp:paragraph -->\n\n<!-- wp:paragraph -->\n<p>Fullversjonen av AutoCAD koster ca. 20&nbsp;500 kr. Pr. år, og AutoCAD LT koster ca 5&nbsp;500 kr. Pr. år. Hovedforskjellen er at du med fullversjonen kan tegne i 3D.</p>\n<!-- /wp:paragraph -->\n\n<!-- wp:paragraph -->\n<p>Når du skal sende byggesøknader vil AutoCAD LT være mer enn godt nok. Du kan tegne Plantegninger, Fasadetegninger, Snittegninger og detaljtegninger like godt som i fullversjonen av AutoCAD.</p>\n<!-- /wp:paragraph -->\n\n<!-- wp:paragraph -->\n<p>Dette kurset er lagt opp slik at du kan tegne alt du trenger til byggesøknader. Alle verktøy og kommandoer som du har behov for gjennomgås.</p>\n<!-- /wp:paragraph -->\n\n<!-- wp:list -->\n<ul><li>Du trenger ikke ha noen forkunnskap.</li><li>Kurset handler om det du trenger i forhold til byggesak.</li><li>Du har tilgang til kurset etter at du er ferdig.</li><li>Du blir mer attraktiv i markedet.</li></ul>\n<!-- /wp:list -->\n\n<!-- wp:heading {\"textAlign\":\"right\",\"level\":1} -->\n<h1 class=\"has-text-align-right\"><a href=\"https://www.e3click.com/pamelding/\"><strong>PÅMELDING</strong></a></h1>\n<!-- /wp:heading -->', 'Kurs i AutoCAD LT', '', 'draft', 'closed', 'closed', '', 'kurs-i-autocad-lt-2', '', '', '2025-05-09 13:29:49', '2025-05-09 13:29:49', '', 0, 'https://www.e3click.com/?page_id=57', 0, 'page', '', 0),
(58, 1, '2021-05-21 05:06:38', '2021-05-21 05:06:38', '<!-- wp:wpforms/form-selector {\"formId\":\"55\"} /-->', 'Påmelding AutoCad LT', '', 'draft', 'closed', 'closed', '', 'pamelding', '', '', '2025-05-09 13:29:59', '2025-05-09 13:29:59', '', 0, 'https://www.e3click.com/?page_id=58', 0, 'page', '', 0),
(59, 1, '2021-05-21 05:06:38', '2021-05-21 05:06:38', '<!-- wp:wpforms/form-selector {\"formId\":\"55\"} /-->', 'Kurs i AutoCad LT', '', 'inherit', 'closed', 'closed', '', '58-revision-v1', '', '', '2021-05-21 05:06:38', '2021-05-21 05:06:38', '', 58, 'https://www.e3click.com/?p=59', 0, 'revision', '', 0),
(60, 1, '2021-05-21 05:06:55', '2021-05-21 05:06:55', '', 'Kurs i AutoCAD LT', '', 'inherit', 'closed', 'closed', '', '57-revision-v1', '', '', '2021-05-21 05:06:55', '2021-05-21 05:06:55', '', 57, 'https://www.e3click.com/?p=60', 0, 'revision', '', 0),
(61, 1, '2021-05-21 06:32:45', '2021-05-21 05:07:37', '', 'AutoCAD LT KURS', '', 'publish', 'closed', 'closed', '', '61', '', '', '2021-05-21 06:32:45', '2021-05-21 06:32:45', '', 0, 'https://www.e3click.com/?p=61', 5, 'nav_menu_item', '', 0),
(66, 1, '2021-05-21 05:54:22', '2021-05-21 05:54:22', '<!-- wp:heading {\"level\":1} -->\n<h1>AUTOCAD LT</h1>\n<!-- /wp:heading -->\n\n<!-- wp:heading {\"level\":3} -->\n<h3>Kurs i AutoCAD LT for byggesøknader</h3>\n<!-- /wp:heading -->\n\n<!-- wp:heading {\"level\":3} -->\n<h3>Oppstart 12 Juni 2021</h3>\n<!-- /wp:heading -->\n\n<!-- wp:list -->\n<ul><li>Ordinær kurspris &nbsp;&nbsp;&nbsp;&nbsp;&nbsp;&nbsp;&nbsp;&nbsp;&nbsp;&nbsp;&nbsp;&nbsp;&nbsp; Kr. 9&nbsp;900.- inkl. mva</li><li>For medlemmer &nbsp;&nbsp;&nbsp;&nbsp; &nbsp;&nbsp;&nbsp;&nbsp;&nbsp;&nbsp;&nbsp;&nbsp;&nbsp; Kr. 7&nbsp;900.- inkl. mva.</li></ul>\n<!-- /wp:list -->\n\n<!-- wp:paragraph -->\n<p>AutoCAD LT er en lett versjon av AutoCAD, som er betydelig rimeligere enn fullversjonen. AutoCAD er lisensbasert, slik at du betaler årlig for å bruke denne programvaren.</p>\n<!-- /wp:paragraph -->\n\n<!-- wp:paragraph -->\n<p>Fullversjonen av AutoCAD koster ca. 20&nbsp;500 kr. Pr. år, og AutoCAD LT koster ca 5&nbsp;500 kr. Pr. år. Hovedforskjellen er at du med fullversjonen kan tegne i 3D.</p>\n<!-- /wp:paragraph -->\n\n<!-- wp:paragraph -->\n<p>Når du skal sende byggesøknader vil AutoCAD LT være mer enn godt nok. Du kan tegne Plantegninger, Fasadetegninger, Snittegninger og detaljtegninger like godt som i fullversjonen av AutoCAD.</p>\n<!-- /wp:paragraph -->\n\n<!-- wp:paragraph -->\n<p>Dette kurset er lagt opp slik at du kan tegne alt du trenger til byggesøknader. Alle verktøy og kommandoer som du har behov for gjennomgås.</p>\n<!-- /wp:paragraph -->\n\n<!-- wp:list -->\n<ul><li>Du trenger ikke ha noen forkunnskap.</li><li>Kurset handler om det du trenger i forhold til byggesak.</li><li>Du har tilgang til kurset etter at du er ferdig.</li><li>Du blir mer attraktiv i markedet.</li></ul>\n<!-- /wp:list -->', 'Kurs i AutoCAD LT', '', 'inherit', 'closed', 'closed', '', '57-revision-v1', '', '', '2021-05-21 05:54:22', '2021-05-21 05:54:22', '', 57, 'https://www.e3click.com/?p=66', 0, 'revision', '', 0),
(68, 1, '2021-05-21 06:02:45', '2021-05-21 06:02:45', '<!-- wp:heading {\"level\":1} -->\n<h1>AUTOCAD LT</h1>\n<!-- /wp:heading -->\n\n<!-- wp:heading {\"level\":3} -->\n<h3>Kurs i AutoCAD LT for byggesøknader</h3>\n<!-- /wp:heading -->\n\n<!-- wp:heading {\"level\":3} -->\n<h3>Oppstart 14 Juni 2021</h3>\n<!-- /wp:heading -->\n\n<!-- wp:list -->\n<ul><li>Ordinær kurspris               Kr. 9 900.- </li><li>For medlemmer                  Kr. 7 900.- </li></ul>\n<!-- /wp:list -->\n\n<!-- wp:paragraph -->\n<p>AutoCAD LT er en lett versjon av AutoCAD, som er betydelig rimeligere enn fullversjonen. AutoCAD er lisensbasert, slik at du betaler årlig for å bruke denne programvaren.</p>\n<!-- /wp:paragraph -->\n\n<!-- wp:paragraph -->\n<p>Fullversjonen av AutoCAD koster ca. 20&nbsp;500 kr. Pr. år, og AutoCAD LT koster ca 5&nbsp;500 kr. Pr. år. Hovedforskjellen er at du med fullversjonen kan tegne i 3D.</p>\n<!-- /wp:paragraph -->\n\n<!-- wp:paragraph -->\n<p>Når du skal sende byggesøknader vil AutoCAD LT være mer enn godt nok. Du kan tegne Plantegninger, Fasadetegninger, Snittegninger og detaljtegninger like godt som i fullversjonen av AutoCAD.</p>\n<!-- /wp:paragraph -->\n\n<!-- wp:paragraph -->\n<p>Dette kurset er lagt opp slik at du kan tegne alt du trenger til byggesøknader. Alle verktøy og kommandoer som du har behov for gjennomgås.</p>\n<!-- /wp:paragraph -->\n\n<!-- wp:list -->\n<ul><li>Du trenger ikke ha noen forkunnskap.</li><li>Kurset handler om det du trenger i forhold til byggesak.</li><li>Du har tilgang til kurset etter at du er ferdig.</li><li>Du blir mer attraktiv i markedet.</li></ul>\n<!-- /wp:list -->', 'Kurs i AutoCAD LT', '', 'inherit', 'closed', 'closed', '', '57-revision-v1', '', '', '2021-05-21 06:02:45', '2021-05-21 06:02:45', '', 57, 'https://www.e3click.com/?p=68', 0, 'revision', '', 0),
(63, 1, '2021-05-21 05:43:53', '2021-05-21 05:43:53', '<!-- wp:heading {\"level\":1} -->\n<h1>AUTOCAD LT</h1>\n<!-- /wp:heading -->\n\n<!-- wp:heading {\"level\":3} -->\n<h3>Kurs i AutoCAD LT for byggesøknader</h3>\n<!-- /wp:heading -->\n\n<!-- wp:heading {\"level\":3} -->\n<h3>Oppstart 12 April 2021</h3>\n<!-- /wp:heading -->\n\n<!-- wp:list -->\n<ul><li>Ordinær kurspris &nbsp;&nbsp;&nbsp;&nbsp;&nbsp;&nbsp;&nbsp;&nbsp;&nbsp;&nbsp;&nbsp;&nbsp;&nbsp; Kr. 9&nbsp;900.- inkl. mva</li><li>For medlemmer &nbsp;&nbsp;&nbsp;&nbsp; &nbsp;&nbsp;&nbsp;&nbsp;&nbsp;&nbsp;&nbsp;&nbsp;&nbsp; Kr. 7&nbsp;900.- inkl. mva.</li></ul>\n<!-- /wp:list -->\n\n<!-- wp:paragraph -->\n<p>AutoCAD LT er en lett versjon av AutoCAD, som er betydelig rimeligere enn fullversjonen. AutoCAD er lisensbasert, slik at du betaler årlig for å bruke denne programvaren.</p>\n<!-- /wp:paragraph -->\n\n<!-- wp:paragraph -->\n<p>Fullversjonen av AutoCAD koster ca. 20&nbsp;500 kr. Pr. år, og AutoCAD LT koster ca 5&nbsp;500 kr. Pr. år. Hovedforskjellen er at du med fullversjonen kan tegne i 3D.</p>\n<!-- /wp:paragraph -->\n\n<!-- wp:paragraph -->\n<p>Når du skal sende byggesøknader vil AutoCAD LT være mer enn godt nok. Du kan tegne Plantegninger, Fasadetegninger, Snittegninger og detaljtegninger like godt som i fullversjonen av AutoCAD.</p>\n<!-- /wp:paragraph -->\n\n<!-- wp:paragraph -->\n<p>Dette kurset er lagt opp slik at du kan tegne alt du trenger til byggesøknader. Alle verktøy og kommandoer som du har behov for gjennomgås.</p>\n<!-- /wp:paragraph -->\n\n<!-- wp:list -->\n<ul><li>Du trenger ikke ha noen forkunnskap.</li><li>Kurset handler om det du trenger i forhold til byggesak.</li><li>Du har tilgang til kurset etter at du er ferdig.</li><li>Du blir mer attraktiv i markedet.</li></ul>\n<!-- /wp:list -->', 'Kurs i AutoCAD LT', '', 'inherit', 'closed', 'closed', '', '57-revision-v1', '', '', '2021-05-21 05:43:53', '2021-05-21 05:43:53', '', 57, 'https://www.e3click.com/?p=63', 0, 'revision', '', 0),
(64, 1, '2021-05-21 05:45:08', '2021-05-21 05:45:08', '<!-- wp:wpforms/form-selector {\"formId\":\"55\"} /-->', 'Påmelding AutoCad LT', '', 'inherit', 'closed', 'closed', '', '58-revision-v1', '', '', '2021-05-21 05:45:08', '2021-05-21 05:45:08', '', 58, 'https://www.e3click.com/?p=64', 0, 'revision', '', 0),
(67, 1, '2021-05-21 05:55:31', '2021-05-21 05:55:31', '<!-- wp:heading {\"level\":1} -->\n<h1>AUTOCAD LT</h1>\n<!-- /wp:heading -->\n\n<!-- wp:heading {\"level\":3} -->\n<h3>Kurs i AutoCAD LT for byggesøknader</h3>\n<!-- /wp:heading -->\n\n<!-- wp:heading {\"level\":3} -->\n<h3>Oppstart 14 Juni 2021</h3>\n<!-- /wp:heading -->\n\n<!-- wp:list -->\n<ul><li>Ordinær kurspris &nbsp;&nbsp;&nbsp;&nbsp;&nbsp;&nbsp;&nbsp;&nbsp;&nbsp;&nbsp;&nbsp;&nbsp;&nbsp; Kr. 9&nbsp;900.- inkl. mva</li><li>For medlemmer &nbsp;&nbsp;&nbsp;&nbsp; &nbsp;&nbsp;&nbsp;&nbsp;&nbsp;&nbsp;&nbsp;&nbsp;&nbsp; Kr. 7&nbsp;900.- inkl. mva.</li></ul>\n<!-- /wp:list -->\n\n<!-- wp:paragraph -->\n<p>AutoCAD LT er en lett versjon av AutoCAD, som er betydelig rimeligere enn fullversjonen. AutoCAD er lisensbasert, slik at du betaler årlig for å bruke denne programvaren.</p>\n<!-- /wp:paragraph -->\n\n<!-- wp:paragraph -->\n<p>Fullversjonen av AutoCAD koster ca. 20&nbsp;500 kr. Pr. år, og AutoCAD LT koster ca 5&nbsp;500 kr. Pr. år. Hovedforskjellen er at du med fullversjonen kan tegne i 3D.</p>\n<!-- /wp:paragraph -->\n\n<!-- wp:paragraph -->\n<p>Når du skal sende byggesøknader vil AutoCAD LT være mer enn godt nok. Du kan tegne Plantegninger, Fasadetegninger, Snittegninger og detaljtegninger like godt som i fullversjonen av AutoCAD.</p>\n<!-- /wp:paragraph -->\n\n<!-- wp:paragraph -->\n<p>Dette kurset er lagt opp slik at du kan tegne alt du trenger til byggesøknader. Alle verktøy og kommandoer som du har behov for gjennomgås.</p>\n<!-- /wp:paragraph -->\n\n<!-- wp:list -->\n<ul><li>Du trenger ikke ha noen forkunnskap.</li><li>Kurset handler om det du trenger i forhold til byggesak.</li><li>Du har tilgang til kurset etter at du er ferdig.</li><li>Du blir mer attraktiv i markedet.</li></ul>\n<!-- /wp:list -->', 'Kurs i AutoCAD LT', '', 'inherit', 'closed', 'closed', '', '57-revision-v1', '', '', '2021-05-21 05:55:31', '2021-05-21 05:55:31', '', 57, 'https://www.e3click.com/?p=67', 0, 'revision', '', 0),
(69, 1, '2021-05-21 06:03:17', '2021-05-21 06:03:17', '<!-- wp:heading {\"level\":1} -->\n<h1>AUTOCAD LT</h1>\n<!-- /wp:heading -->\n\n<!-- wp:heading {\"level\":3} -->\n<h3>Kurs i AutoCAD LT for byggesøknader</h3>\n<!-- /wp:heading -->\n\n<!-- wp:heading {\"level\":3} -->\n<h3>Oppstart 21 Juni 2021</h3>\n<!-- /wp:heading -->\n\n<!-- wp:list -->\n<ul><li>Ordinær kurspris               Kr. 9 900.- </li><li>For medlemmer                  Kr. 7 900.- </li></ul>\n<!-- /wp:list -->\n\n<!-- wp:paragraph -->\n<p>AutoCAD LT er en lett versjon av AutoCAD, som er betydelig rimeligere enn fullversjonen. AutoCAD er lisensbasert, slik at du betaler årlig for å bruke denne programvaren.</p>\n<!-- /wp:paragraph -->\n\n<!-- wp:paragraph -->\n<p>Fullversjonen av AutoCAD koster ca. 20&nbsp;500 kr. Pr. år, og AutoCAD LT koster ca 5&nbsp;500 kr. Pr. år. Hovedforskjellen er at du med fullversjonen kan tegne i 3D.</p>\n<!-- /wp:paragraph -->\n\n<!-- wp:paragraph -->\n<p>Når du skal sende byggesøknader vil AutoCAD LT være mer enn godt nok. Du kan tegne Plantegninger, Fasadetegninger, Snittegninger og detaljtegninger like godt som i fullversjonen av AutoCAD.</p>\n<!-- /wp:paragraph -->\n\n<!-- wp:paragraph -->\n<p>Dette kurset er lagt opp slik at du kan tegne alt du trenger til byggesøknader. Alle verktøy og kommandoer som du har behov for gjennomgås.</p>\n<!-- /wp:paragraph -->\n\n<!-- wp:list -->\n<ul><li>Du trenger ikke ha noen forkunnskap.</li><li>Kurset handler om det du trenger i forhold til byggesak.</li><li>Du har tilgang til kurset etter at du er ferdig.</li><li>Du blir mer attraktiv i markedet.</li></ul>\n<!-- /wp:list -->', 'Kurs i AutoCAD LT', '', 'inherit', 'closed', 'closed', '', '57-revision-v1', '', '', '2021-05-21 06:03:17', '2021-05-21 06:03:17', '', 57, 'https://www.e3click.com/?p=69', 0, 'revision', '', 0),
(70, 1, '2021-05-21 06:30:50', '2021-05-21 06:30:50', '<!-- wp:heading {\"level\":1} -->\n<h1>AUTOCAD LT</h1>\n<!-- /wp:heading -->\n\n<!-- wp:heading {\"level\":3} -->\n<h3>Kurs i AutoCAD LT for byggesøknader</h3>\n<!-- /wp:heading -->\n\n<!-- wp:heading {\"level\":3} -->\n<h3>Oppstart 21 Juni 2021</h3>\n<!-- /wp:heading -->\n\n<!-- wp:list -->\n<ul><li>Ordinær kurspris &nbsp;&nbsp;&nbsp;&nbsp;&nbsp;&nbsp;&nbsp;&nbsp;&nbsp;&nbsp;&nbsp;&nbsp;&nbsp; Kr. 9&nbsp;900.- </li><li>For medlemmer &nbsp;&nbsp;&nbsp;&nbsp; &nbsp;&nbsp;&nbsp;&nbsp;&nbsp;&nbsp;&nbsp;&nbsp;&nbsp;   Kr. 7&nbsp;900.- </li></ul>\n<!-- /wp:list -->\n\n<!-- wp:paragraph -->\n<p>AutoCAD LT er en lett versjon av AutoCAD, som er betydelig rimeligere enn fullversjonen. AutoCAD er lisensbasert, slik at du betaler årlig for å bruke denne programvaren.</p>\n<!-- /wp:paragraph -->\n\n<!-- wp:paragraph -->\n<p>Fullversjonen av AutoCAD koster ca. 20&nbsp;500 kr. Pr. år, og AutoCAD LT koster ca 5&nbsp;500 kr. Pr. år. Hovedforskjellen er at du med fullversjonen kan tegne i 3D.</p>\n<!-- /wp:paragraph -->\n\n<!-- wp:paragraph -->\n<p>Når du skal sende byggesøknader vil AutoCAD LT være mer enn godt nok. Du kan tegne Plantegninger, Fasadetegninger, Snittegninger og detaljtegninger like godt som i fullversjonen av AutoCAD.</p>\n<!-- /wp:paragraph -->\n\n<!-- wp:paragraph -->\n<p>Dette kurset er lagt opp slik at du kan tegne alt du trenger til byggesøknader. Alle verktøy og kommandoer som du har behov for gjennomgås.</p>\n<!-- /wp:paragraph -->\n\n<!-- wp:list -->\n<ul><li>Du trenger ikke ha noen forkunnskap.</li><li>Kurset handler om det du trenger i forhold til byggesak.</li><li>Du har tilgang til kurset etter at du er ferdig.</li><li>Du blir mer attraktiv i markedet.</li></ul>\n<!-- /wp:list -->\n\n<!-- wp:paragraph {\"align\":\"center\"} -->\n<p class=\"has-text-align-center\"><a href=\"https://www.e3click.com/kurs-i-autocad-lt-2/\"><strong>PÅMELDING</strong></a></p>\n<!-- /wp:paragraph -->', 'Kurs i AutoCAD LT', '', 'inherit', 'closed', 'closed', '', '57-autosave-v1', '', '', '2021-05-21 06:30:50', '2021-05-21 06:30:50', '', 57, 'https://www.e3click.com/?p=70', 0, 'revision', '', 0),
(71, 1, '2021-05-21 06:31:15', '2021-05-21 06:31:15', '<!-- wp:heading {\"level\":1} -->\n<h1>AUTOCAD LT</h1>\n<!-- /wp:heading -->\n\n<!-- wp:heading {\"level\":3} -->\n<h3>Kurs i AutoCAD LT for byggesøknader</h3>\n<!-- /wp:heading -->\n\n<!-- wp:heading {\"level\":3} -->\n<h3>Oppstart 21 Juni 2021</h3>\n<!-- /wp:heading -->\n\n<!-- wp:list -->\n<ul><li>Ordinær kurspris &nbsp;&nbsp;&nbsp;&nbsp;&nbsp;&nbsp;&nbsp;&nbsp;&nbsp;&nbsp;&nbsp;&nbsp;&nbsp; Kr. 9&nbsp;900.- </li><li>For medlemmer &nbsp;&nbsp;&nbsp;&nbsp; &nbsp;&nbsp;&nbsp;&nbsp;&nbsp;&nbsp;&nbsp;&nbsp;&nbsp;   Kr. 7&nbsp;900.- </li></ul>\n<!-- /wp:list -->\n\n<!-- wp:paragraph -->\n<p>AutoCAD LT er en lett versjon av AutoCAD, som er betydelig rimeligere enn fullversjonen. AutoCAD er lisensbasert, slik at du betaler årlig for å bruke denne programvaren.</p>\n<!-- /wp:paragraph -->\n\n<!-- wp:paragraph -->\n<p>Fullversjonen av AutoCAD koster ca. 20&nbsp;500 kr. Pr. år, og AutoCAD LT koster ca 5&nbsp;500 kr. Pr. år. Hovedforskjellen er at du med fullversjonen kan tegne i 3D.</p>\n<!-- /wp:paragraph -->\n\n<!-- wp:paragraph -->\n<p>Når du skal sende byggesøknader vil AutoCAD LT være mer enn godt nok. Du kan tegne Plantegninger, Fasadetegninger, Snittegninger og detaljtegninger like godt som i fullversjonen av AutoCAD.</p>\n<!-- /wp:paragraph -->\n\n<!-- wp:paragraph -->\n<p>Dette kurset er lagt opp slik at du kan tegne alt du trenger til byggesøknader. Alle verktøy og kommandoer som du har behov for gjennomgås.</p>\n<!-- /wp:paragraph -->\n\n<!-- wp:list -->\n<ul><li>Du trenger ikke ha noen forkunnskap.</li><li>Kurset handler om det du trenger i forhold til byggesak.</li><li>Du har tilgang til kurset etter at du er ferdig.</li><li>Du blir mer attraktiv i markedet.</li></ul>\n<!-- /wp:list -->\n\n<!-- wp:heading {\"textAlign\":\"right\",\"level\":1} -->\n<h1 class=\"has-text-align-right\"><a href=\"https://www.e3click.com/kurs-i-autocad-lt-2/\"><strong>PÅMELDING</strong></a></h1>\n<!-- /wp:heading -->', 'Kurs i AutoCAD LT', '', 'inherit', 'closed', 'closed', '', '57-revision-v1', '', '', '2021-05-21 06:31:15', '2021-05-21 06:31:15', '', 57, 'https://www.e3click.com/?p=71', 0, 'revision', '', 0),
(72, 1, '2021-05-21 06:32:08', '2021-05-21 06:32:08', '<!-- wp:heading {\"level\":1} -->\n<h1>AUTOCAD LT</h1>\n<!-- /wp:heading -->\n\n<!-- wp:heading {\"level\":3} -->\n<h3>Kurs i AutoCAD LT for byggesøknader</h3>\n<!-- /wp:heading -->\n\n<!-- wp:heading {\"level\":3} -->\n<h3>Oppstart 21 Juni 2021</h3>\n<!-- /wp:heading -->\n\n<!-- wp:list -->\n<ul><li>Ordinær kurspris &nbsp;&nbsp;&nbsp;&nbsp;&nbsp;&nbsp;&nbsp;&nbsp;&nbsp;&nbsp;&nbsp;&nbsp;&nbsp; Kr. 9&nbsp;900.- </li><li>For medlemmer &nbsp;&nbsp;&nbsp;&nbsp; &nbsp;&nbsp;&nbsp;&nbsp;&nbsp;&nbsp;&nbsp;&nbsp;&nbsp;   Kr. 7&nbsp;900.- </li></ul>\n<!-- /wp:list -->\n\n<!-- wp:paragraph -->\n<p>AutoCAD LT er en lett versjon av AutoCAD, som er betydelig rimeligere enn fullversjonen. AutoCAD er lisensbasert, slik at du betaler årlig for å bruke denne programvaren.</p>\n<!-- /wp:paragraph -->\n\n<!-- wp:paragraph -->\n<p>Fullversjonen av AutoCAD koster ca. 20&nbsp;500 kr. Pr. år, og AutoCAD LT koster ca 5&nbsp;500 kr. Pr. år. Hovedforskjellen er at du med fullversjonen kan tegne i 3D.</p>\n<!-- /wp:paragraph -->\n\n<!-- wp:paragraph -->\n<p>Når du skal sende byggesøknader vil AutoCAD LT være mer enn godt nok. Du kan tegne Plantegninger, Fasadetegninger, Snittegninger og detaljtegninger like godt som i fullversjonen av AutoCAD.</p>\n<!-- /wp:paragraph -->\n\n<!-- wp:paragraph -->\n<p>Dette kurset er lagt opp slik at du kan tegne alt du trenger til byggesøknader. Alle verktøy og kommandoer som du har behov for gjennomgås.</p>\n<!-- /wp:paragraph -->\n\n<!-- wp:list -->\n<ul><li>Du trenger ikke ha noen forkunnskap.</li><li>Kurset handler om det du trenger i forhold til byggesak.</li><li>Du har tilgang til kurset etter at du er ferdig.</li><li>Du blir mer attraktiv i markedet.</li></ul>\n<!-- /wp:list -->\n\n<!-- wp:heading {\"textAlign\":\"right\",\"level\":1} -->\n<h1 class=\"has-text-align-right\"><a href=\"https://www.e3click.com/pamelding/\"><strong>PÅMELDING</strong></a></h1>\n<!-- /wp:heading -->', 'Kurs i AutoCAD LT', '', 'inherit', 'closed', 'closed', '', '57-revision-v1', '', '', '2021-05-21 06:32:08', '2021-05-21 06:32:08', '', 57, 'https://www.e3click.com/?p=72', 0, 'revision', '', 0);

-- --------------------------------------------------------

--
-- Table structure for table `wp_nytaksttermmeta`
--

CREATE TABLE `wp_nytaksttermmeta` (
  `meta_id` bigint(20) UNSIGNED NOT NULL,
  `term_id` bigint(20) UNSIGNED NOT NULL DEFAULT '0',
  `meta_key` varchar(255) COLLATE utf8mb4_unicode_ci DEFAULT NULL,
  `meta_value` longtext COLLATE utf8mb4_unicode_ci
) ENGINE=MyISAM DEFAULT CHARSET=utf8mb4 COLLATE=utf8mb4_unicode_ci;

-- --------------------------------------------------------

--
-- Table structure for table `wp_nytakstterms`
--

CREATE TABLE `wp_nytakstterms` (
  `term_id` bigint(20) UNSIGNED NOT NULL,
  `name` varchar(200) COLLATE utf8mb4_unicode_ci NOT NULL DEFAULT '',
  `slug` varchar(200) COLLATE utf8mb4_unicode_ci NOT NULL DEFAULT '',
  `term_group` bigint(10) NOT NULL DEFAULT '0'
) ENGINE=MyISAM DEFAULT CHARSET=utf8mb4 COLLATE=utf8mb4_unicode_ci;

--
-- Dumping data for table `wp_nytakstterms`
--

INSERT INTO `wp_nytakstterms` (`term_id`, `name`, `slug`, `term_group`) VALUES
(1, 'Rapporter', 'rapporter', 0),
(2, 'Menu', 'menu', 0),
(3, 'admin', 'admin', 0);

-- --------------------------------------------------------

--
-- Table structure for table `wp_nytakstterm_relationships`
--

CREATE TABLE `wp_nytakstterm_relationships` (
  `object_id` bigint(20) UNSIGNED NOT NULL DEFAULT '0',
  `term_taxonomy_id` bigint(20) UNSIGNED NOT NULL DEFAULT '0',
  `term_order` int(11) NOT NULL DEFAULT '0'
) ENGINE=MyISAM DEFAULT CHARSET=utf8mb4 COLLATE=utf8mb4_unicode_ci;

--
-- Dumping data for table `wp_nytakstterm_relationships`
--

INSERT INTO `wp_nytakstterm_relationships` (`object_id`, `term_taxonomy_id`, `term_order`) VALUES
(1, 1, 0),
(6, 2, 0),
(12, 1, 0),
(29, 1, 0),
(32, 1, 0),
(52, 3, 0),
(51, 3, 0),
(53, 3, 0),
(54, 3, 0),
(61, 3, 0);

-- --------------------------------------------------------

--
-- Table structure for table `wp_nytakstterm_taxonomy`
--

CREATE TABLE `wp_nytakstterm_taxonomy` (
  `term_taxonomy_id` bigint(20) UNSIGNED NOT NULL,
  `term_id` bigint(20) UNSIGNED NOT NULL DEFAULT '0',
  `taxonomy` varchar(32) COLLATE utf8mb4_unicode_ci NOT NULL DEFAULT '',
  `description` longtext COLLATE utf8mb4_unicode_ci NOT NULL,
  `parent` bigint(20) UNSIGNED NOT NULL DEFAULT '0',
  `count` bigint(20) NOT NULL DEFAULT '0'
) ENGINE=MyISAM DEFAULT CHARSET=utf8mb4 COLLATE=utf8mb4_unicode_ci;

--
-- Dumping data for table `wp_nytakstterm_taxonomy`
--

INSERT INTO `wp_nytakstterm_taxonomy` (`term_taxonomy_id`, `term_id`, `taxonomy`, `description`, `parent`, `count`) VALUES
(1, 1, 'category', '', 0, 1),
(2, 2, 'nav_menu', '', 0, 1),
(3, 3, 'nav_menu', '', 0, 5);

-- --------------------------------------------------------

--
-- Table structure for table `wp_nytakstusermeta`
--

CREATE TABLE `wp_nytakstusermeta` (
  `umeta_id` bigint(20) UNSIGNED NOT NULL,
  `user_id` bigint(20) UNSIGNED NOT NULL DEFAULT '0',
  `meta_key` varchar(255) COLLATE utf8mb4_unicode_ci DEFAULT NULL,
  `meta_value` longtext COLLATE utf8mb4_unicode_ci
) ENGINE=MyISAM DEFAULT CHARSET=utf8mb4 COLLATE=utf8mb4_unicode_ci;

--
-- Dumping data for table `wp_nytakstusermeta`
--

INSERT INTO `wp_nytakstusermeta` (`umeta_id`, `user_id`, `meta_key`, `meta_value`) VALUES
(1, 1, 'nickname', 'Administrator'),
(2, 1, 'first_name', ''),
(3, 1, 'last_name', ''),
(4, 1, 'description', ''),
(5, 1, 'rich_editing', 'true'),
(6, 1, 'comment_shortcuts', 'false'),
(7, 1, 'admin_color', 'fresh'),
(8, 1, 'use_ssl', '0'),
(9, 1, 'show_admin_bar_front', 'true'),
(10, 1, 'wp_nytakstcapabilities', 'a:1:{s:13:\"administrator\";b:1;}'),
(11, 1, 'wp_nytakstuser_level', '10'),
(12, 1, 'dismissed_wp_pointers', ''),
(13, 1, 'show_welcome_panel', '1'),
(14, 1, 'session_tokens', 'a:1:{s:64:\"20188a6ad2686e93da1e8f947d8c074676b885dd71bd5218e44961f04282bdcd\";a:4:{s:10:\"expiration\";i:1746969966;s:2:\"ip\";s:12:\"172.71.95.36\";s:2:\"ua\";s:111:\"Mozilla/5.0 (Windows NT 10.0; Win64; x64) AppleWebKit/537.36 (KHTML, like Gecko) Chrome/136.0.0.0 Safari/537.36\";s:5:\"login\";i:1746797166;}}'),
(15, 1, 'wp_nytakstdashboard_quick_press_last_post_id', '76'),
(16, 1, 'wporg_favorites', ''),
(17, 1, 'managenav-menuscolumnshidden', 'a:4:{i:0;s:15:\"title-attribute\";i:1;s:11:\"css-classes\";i:2;s:3:\"xfn\";i:3;s:11:\"description\";}'),
(18, 1, 'metaboxhidden_nav-menus', 'a:2:{i:0;s:12:\"add-post_tag\";i:1;s:15:\"add-post_format\";}'),
(19, 1, 'nav_menu_recently_edited', '3'),
(20, 1, 'wp_nytakstuser-settings', 'libraryContent=browse&editor=html'),
(21, 1, 'wp_nytakstuser-settings-time', '1454930754'),
(22, 1, 'default_password_nag', ''),
(25, 1, 'syntax_highlighting', 'true'),
(26, 1, 'locale', ''),
(23, 1, 'community-events-location', 'a:1:{s:2:\"ip\";s:20:\"2a04:6ec0:258:3960::\";}'),
(27, 1, 'wp_nytakstpersisted_preferences', 'a:2:{s:17:\"core/edit-widgets\";a:2:{s:26:\"isComplementaryAreaVisible\";b:1;s:12:\"welcomeGuide\";b:0;}s:9:\"_modified\";s:24:\"2025-05-09T13:34:11.860Z\";}');

-- --------------------------------------------------------

--
-- Table structure for table `wp_nytakstusers`
--

CREATE TABLE `wp_nytakstusers` (
  `ID` bigint(20) UNSIGNED NOT NULL,
  `user_login` varchar(60) COLLATE utf8mb4_unicode_ci NOT NULL DEFAULT '',
  `user_pass` varchar(255) COLLATE utf8mb4_unicode_ci NOT NULL DEFAULT '',
  `user_nicename` varchar(50) COLLATE utf8mb4_unicode_ci NOT NULL DEFAULT '',
  `user_email` varchar(100) COLLATE utf8mb4_unicode_ci NOT NULL DEFAULT '',
  `user_url` varchar(100) COLLATE utf8mb4_unicode_ci NOT NULL DEFAULT '',
  `user_registered` datetime NOT NULL DEFAULT '0000-00-00 00:00:00',
  `user_activation_key` varchar(255) COLLATE utf8mb4_unicode_ci NOT NULL DEFAULT '',
  `user_status` int(11) NOT NULL DEFAULT '0',
  `display_name` varchar(250) COLLATE utf8mb4_unicode_ci NOT NULL DEFAULT ''
) ENGINE=MyISAM DEFAULT CHARSET=utf8mb4 COLLATE=utf8mb4_unicode_ci;

--
-- Dumping data for table `wp_nytakstusers`
--

INSERT INTO `wp_nytakstusers` (`ID`, `user_login`, `user_pass`, `user_nicename`, `user_email`, `user_url`, `user_registered`, `user_activation_key`, `user_status`, `display_name`) VALUES
(1, 'Administrator', '$P$BR7LSQ.4hYaZpYX49JQk0f35xHcv2G0', 'administrator', 'frank@e3.no', '', '2016-01-07 20:56:16', '1706927521:$P$BV6opVvbiXCWH8Ab5O5QiEPSMQjUvK/', 0, 'Administrator');

-- --------------------------------------------------------

--
-- Table structure for table `wp_nytakstwpforms_entries`
--

CREATE TABLE `wp_nytakstwpforms_entries` (
  `entry_id` bigint(20) NOT NULL,
  `form_id` bigint(20) NOT NULL,
  `post_id` bigint(20) NOT NULL,
  `user_id` bigint(20) NOT NULL,
  `status` varchar(30) COLLATE utf8mb4_unicode_520_ci NOT NULL,
  `type` varchar(30) COLLATE utf8mb4_unicode_520_ci NOT NULL,
  `viewed` tinyint(1) DEFAULT '0',
  `starred` tinyint(1) DEFAULT '0',
  `fields` longtext COLLATE utf8mb4_unicode_520_ci NOT NULL,
  `meta` longtext COLLATE utf8mb4_unicode_520_ci NOT NULL,
  `date` datetime NOT NULL,
  `date_modified` datetime NOT NULL,
  `ip_address` varchar(128) COLLATE utf8mb4_unicode_520_ci NOT NULL,
  `user_agent` varchar(256) COLLATE utf8mb4_unicode_520_ci NOT NULL,
  `user_uuid` varchar(36) COLLATE utf8mb4_unicode_520_ci NOT NULL
) ENGINE=InnoDB DEFAULT CHARSET=utf8mb4 COLLATE=utf8mb4_unicode_520_ci;

--
-- Dumping data for table `wp_nytakstwpforms_entries`
--

INSERT INTO `wp_nytakstwpforms_entries` (`entry_id`, `form_id`, `post_id`, `user_id`, `status`, `type`, `viewed`, `starred`, `fields`, `meta`, `date`, `date_modified`, `ip_address`, `user_agent`, `user_uuid`) VALUES
(1, 55, 0, 1, '', '', 0, 0, '{\"0\":{\"name\":\"Navn\",\"value\":\"Frank\",\"id\":0,\"type\":\"name\",\"first\":\"\",\"middle\":\"\",\"last\":\"\"},\"7\":{\"name\":\"Adresse\",\"value\":\"Tester\",\"id\":7,\"type\":\"text\"},\"8\":{\"name\":\"Postnummer og poststed\",\"value\":\"4567\",\"id\":8,\"type\":\"text\"},\"1\":{\"name\":\"Email\",\"value\":\"frank@frx.no\",\"id\":1,\"type\":\"email\"},\"5\":{\"name\":\"Telefon\",\"value\":\"+4916091177666\",\"id\":5,\"type\":\"phone\"},\"3\":{\"name\":\"Medlemsrabatt\",\"value\":\"Medlem i BMTF\",\"value_raw\":\"Medlem i BMTF\",\"id\":3,\"type\":\"select\"}}', '', '2021-05-21 05:48:15', '2021-05-21 05:48:15', '217.248.195.1', 'Mozilla/5.0 (Windows NT 10.0; Win64; x64) AppleWebKit/537.36 (KHTML, like Gecko) Chrome/90.0.4430.212 Safari/537.36', 'a6a4a050-7cc1-443d-83c0-7bb1952b6fcf'),
(2, 55, 0, 1, '', '', 0, 0, '{\"0\":{\"name\":\"Navn\",\"value\":\"Frank\",\"id\":0,\"type\":\"name\",\"first\":\"\",\"middle\":\"\",\"last\":\"\"},\"7\":{\"name\":\"Adresse\",\"value\":\"Aalborg str\",\"id\":7,\"type\":\"text\"},\"8\":{\"name\":\"Postnummer og poststed\",\"value\":\"4567\",\"id\":8,\"type\":\"text\"},\"1\":{\"name\":\"Email\",\"value\":\"frank@dbare.de\",\"id\":1,\"type\":\"email\"},\"5\":{\"name\":\"Telefon\",\"value\":\"+4916091177666\",\"id\":5,\"type\":\"phone\"},\"3\":{\"name\":\"Medlemsrabatt\",\"value\":\"Medlem i BMTF\",\"value_raw\":\"Medlem i BMTF\",\"id\":3,\"type\":\"select\"}}', '', '2021-05-21 05:51:54', '2021-05-21 05:51:54', '217.248.195.1', 'Mozilla/5.0 (Windows NT 10.0; Win64; x64) AppleWebKit/537.36 (KHTML, like Gecko) Chrome/90.0.4430.212 Safari/537.36', 'a6a4a050-7cc1-443d-83c0-7bb1952b6fcf'),
(3, 55, 0, 1, '', '', 0, 0, '{\"0\":{\"name\":\"Navn\",\"value\":\"Frank\",\"id\":0,\"type\":\"name\",\"first\":\"\",\"middle\":\"\",\"last\":\"\"},\"7\":{\"name\":\"Adresse\",\"value\":\"Aalborg str\",\"id\":7,\"type\":\"text\"},\"8\":{\"name\":\"Postnummer og poststed\",\"value\":\"4567\",\"id\":8,\"type\":\"text\"},\"1\":{\"name\":\"Email\",\"value\":\"frank@dbare.de\",\"id\":1,\"type\":\"email\"},\"5\":{\"name\":\"Telefon\",\"value\":\"+4916091177666\",\"id\":5,\"type\":\"phone\"},\"3\":{\"name\":\"Medlemsrabatt\",\"value\":\"Medlem i BMTF\",\"value_raw\":\"Medlem i BMTF\",\"id\":3,\"type\":\"select\"}}', '', '2021-05-21 05:53:20', '2021-05-21 05:53:20', '217.248.195.1', 'Mozilla/5.0 (Windows NT 10.0; Win64; x64) AppleWebKit/537.36 (KHTML, like Gecko) Chrome/90.0.4430.212 Safari/537.36', 'a6a4a050-7cc1-443d-83c0-7bb1952b6fcf');

-- --------------------------------------------------------

--
-- Table structure for table `wp_nytakstwpforms_entry_fields`
--

CREATE TABLE `wp_nytakstwpforms_entry_fields` (
  `id` bigint(20) NOT NULL,
  `entry_id` bigint(20) NOT NULL,
  `form_id` bigint(20) NOT NULL,
  `field_id` int(11) NOT NULL,
  `value` longtext COLLATE utf8mb4_unicode_520_ci NOT NULL,
  `date` datetime NOT NULL
) ENGINE=InnoDB DEFAULT CHARSET=utf8mb4 COLLATE=utf8mb4_unicode_520_ci;

--
-- Dumping data for table `wp_nytakstwpforms_entry_fields`
--

INSERT INTO `wp_nytakstwpforms_entry_fields` (`id`, `entry_id`, `form_id`, `field_id`, `value`, `date`) VALUES
(1, 1, 55, 0, 'Frank', '2021-05-21 05:48:15'),
(2, 1, 55, 7, 'Tester', '2021-05-21 05:48:15'),
(3, 1, 55, 8, '4567', '2021-05-21 05:48:15'),
(4, 1, 55, 1, 'frank@frx.no', '2021-05-21 05:48:15'),
(5, 1, 55, 5, '+4916091177666', '2021-05-21 05:48:15'),
(6, 1, 55, 3, 'Medlem i BMTF', '2021-05-21 05:48:15'),
(7, 2, 55, 0, 'Frank', '2021-05-21 05:51:54'),
(8, 2, 55, 7, 'Aalborg str', '2021-05-21 05:51:54'),
(9, 2, 55, 8, '4567', '2021-05-21 05:51:54'),
(10, 2, 55, 1, 'frank@dbare.de', '2021-05-21 05:51:54'),
(11, 2, 55, 5, '+4916091177666', '2021-05-21 05:51:54'),
(12, 2, 55, 3, 'Medlem i BMTF', '2021-05-21 05:51:54'),
(13, 3, 55, 0, 'Frank', '2021-05-21 05:53:20'),
(14, 3, 55, 7, 'Aalborg str', '2021-05-21 05:53:20'),
(15, 3, 55, 8, '4567', '2021-05-21 05:53:20'),
(16, 3, 55, 1, 'frank@dbare.de', '2021-05-21 05:53:20'),
(17, 3, 55, 5, '+4916091177666', '2021-05-21 05:53:20'),
(18, 3, 55, 3, 'Medlem i BMTF', '2021-05-21 05:53:20');

-- --------------------------------------------------------

--
-- Table structure for table `wp_nytakstwpforms_entry_meta`
--

CREATE TABLE `wp_nytakstwpforms_entry_meta` (
  `id` bigint(20) NOT NULL,
  `entry_id` bigint(20) NOT NULL,
  `form_id` bigint(20) NOT NULL,
  `user_id` bigint(20) NOT NULL,
  `status` varchar(30) COLLATE utf8mb4_unicode_520_ci NOT NULL,
  `type` varchar(30) COLLATE utf8mb4_unicode_520_ci NOT NULL,
  `data` longtext COLLATE utf8mb4_unicode_520_ci NOT NULL,
  `date` datetime NOT NULL
) ENGINE=InnoDB DEFAULT CHARSET=utf8mb4 COLLATE=utf8mb4_unicode_520_ci;

-- --------------------------------------------------------

--
-- Table structure for table `wp_nytakstwpforms_tasks_meta`
--

CREATE TABLE `wp_nytakstwpforms_tasks_meta` (
  `id` bigint(20) NOT NULL,
  `action` varchar(255) COLLATE utf8mb4_unicode_520_ci NOT NULL,
  `data` longtext COLLATE utf8mb4_unicode_520_ci NOT NULL,
  `date` datetime NOT NULL
) ENGINE=InnoDB DEFAULT CHARSET=utf8mb4 COLLATE=utf8mb4_unicode_520_ci;

--
-- Dumping data for table `wp_nytakstwpforms_tasks_meta`
--

INSERT INTO `wp_nytakstwpforms_tasks_meta` (`id`, `action`, `data`, `date`) VALUES
(1, 'wpforms_process_entry_emails_meta_cleanup', 'Wzg2NDAwXQ==', '2021-05-21 04:40:01'),
(2, 'wpforms_admin_addons_cache_update', 'W10=', '2021-05-21 04:40:01'),
(3, 'wpforms_admin_notifications_update', 'W10=', '2021-05-21 04:50:03'),
(4, 'wpforms_builder_help_cache_update', 'W10=', '2021-05-21 04:50:35'),
(5, 'wpforms_process_entry_emails_meta_cleanup', 'Wzg2NDAwXQ==', '2021-05-21 04:54:55'),
(6, 'wpforms_admin_addons_cache_update', 'W10=', '2021-05-21 04:59:08'),
(7, 'wpforms_builder_help_cache_update', 'W10=', '2021-05-21 04:59:26'),
(8, 'wpforms_admin_notifications_update', 'W10=', '2021-07-26 15:01:22'),
(9, 'wpforms_admin_notifications_update', 'W10=', '2025-05-09 13:26:11');

--
-- Indexes for dumped tables
--

--
-- Indexes for table `wp_nytakstactionscheduler_actions`
--
ALTER TABLE `wp_nytakstactionscheduler_actions`
  ADD PRIMARY KEY (`action_id`),
  ADD KEY `hook` (`hook`),
  ADD KEY `status` (`status`),
  ADD KEY `scheduled_date_gmt` (`scheduled_date_gmt`),
  ADD KEY `args` (`args`),
  ADD KEY `group_id` (`group_id`),
  ADD KEY `last_attempt_gmt` (`last_attempt_gmt`),
  ADD KEY `claim_id` (`claim_id`);

--
-- Indexes for table `wp_nytakstactionscheduler_claims`
--
ALTER TABLE `wp_nytakstactionscheduler_claims`
  ADD PRIMARY KEY (`claim_id`),
  ADD KEY `date_created_gmt` (`date_created_gmt`);

--
-- Indexes for table `wp_nytakstactionscheduler_groups`
--
ALTER TABLE `wp_nytakstactionscheduler_groups`
  ADD PRIMARY KEY (`group_id`),
  ADD KEY `slug` (`slug`(191));

--
-- Indexes for table `wp_nytakstactionscheduler_logs`
--
ALTER TABLE `wp_nytakstactionscheduler_logs`
  ADD PRIMARY KEY (`log_id`),
  ADD KEY `action_id` (`action_id`),
  ADD KEY `log_date_gmt` (`log_date_gmt`);

--
-- Indexes for table `wp_nytakstcommentmeta`
--
ALTER TABLE `wp_nytakstcommentmeta`
  ADD PRIMARY KEY (`meta_id`),
  ADD KEY `comment_id` (`comment_id`),
  ADD KEY `meta_key` (`meta_key`(191));

--
-- Indexes for table `wp_nytakstcomments`
--
ALTER TABLE `wp_nytakstcomments`
  ADD PRIMARY KEY (`comment_ID`),
  ADD KEY `comment_post_ID` (`comment_post_ID`),
  ADD KEY `comment_approved_date_gmt` (`comment_approved`,`comment_date_gmt`),
  ADD KEY `comment_date_gmt` (`comment_date_gmt`),
  ADD KEY `comment_parent` (`comment_parent`),
  ADD KEY `comment_author_email` (`comment_author_email`(10));

--
-- Indexes for table `wp_nytakstlinks`
--
ALTER TABLE `wp_nytakstlinks`
  ADD PRIMARY KEY (`link_id`),
  ADD KEY `link_visible` (`link_visible`);

--
-- Indexes for table `wp_nytakstoptions`
--
ALTER TABLE `wp_nytakstoptions`
  ADD PRIMARY KEY (`option_id`),
  ADD UNIQUE KEY `option_name` (`option_name`),
  ADD KEY `autoload` (`autoload`);

--
-- Indexes for table `wp_nytakstpostmeta`
--
ALTER TABLE `wp_nytakstpostmeta`
  ADD PRIMARY KEY (`meta_id`),
  ADD KEY `post_id` (`post_id`),
  ADD KEY `meta_key` (`meta_key`(191));

--
-- Indexes for table `wp_nytakstposts`
--
ALTER TABLE `wp_nytakstposts`
  ADD PRIMARY KEY (`ID`),
  ADD KEY `post_name` (`post_name`(191)),
  ADD KEY `type_status_date` (`post_type`,`post_status`,`post_date`,`ID`),
  ADD KEY `post_parent` (`post_parent`),
  ADD KEY `post_author` (`post_author`);

--
-- Indexes for table `wp_nytaksttermmeta`
--
ALTER TABLE `wp_nytaksttermmeta`
  ADD PRIMARY KEY (`meta_id`),
  ADD KEY `term_id` (`term_id`),
  ADD KEY `meta_key` (`meta_key`(191));

--
-- Indexes for table `wp_nytakstterms`
--
ALTER TABLE `wp_nytakstterms`
  ADD PRIMARY KEY (`term_id`),
  ADD KEY `slug` (`slug`(191)),
  ADD KEY `name` (`name`(191));

--
-- Indexes for table `wp_nytakstterm_relationships`
--
ALTER TABLE `wp_nytakstterm_relationships`
  ADD PRIMARY KEY (`object_id`,`term_taxonomy_id`),
  ADD KEY `term_taxonomy_id` (`term_taxonomy_id`);

--
-- Indexes for table `wp_nytakstterm_taxonomy`
--
ALTER TABLE `wp_nytakstterm_taxonomy`
  ADD PRIMARY KEY (`term_taxonomy_id`),
  ADD UNIQUE KEY `term_id_taxonomy` (`term_id`,`taxonomy`),
  ADD KEY `taxonomy` (`taxonomy`);

--
-- Indexes for table `wp_nytakstusermeta`
--
ALTER TABLE `wp_nytakstusermeta`
  ADD PRIMARY KEY (`umeta_id`),
  ADD KEY `user_id` (`user_id`),
  ADD KEY `meta_key` (`meta_key`(191));

--
-- Indexes for table `wp_nytakstusers`
--
ALTER TABLE `wp_nytakstusers`
  ADD PRIMARY KEY (`ID`),
  ADD KEY `user_login_key` (`user_login`),
  ADD KEY `user_nicename` (`user_nicename`),
  ADD KEY `user_email` (`user_email`);

--
-- Indexes for table `wp_nytakstwpforms_entries`
--
ALTER TABLE `wp_nytakstwpforms_entries`
  ADD PRIMARY KEY (`entry_id`),
  ADD KEY `form_id` (`form_id`);

--
-- Indexes for table `wp_nytakstwpforms_entry_fields`
--
ALTER TABLE `wp_nytakstwpforms_entry_fields`
  ADD PRIMARY KEY (`id`),
  ADD KEY `entry_id` (`entry_id`),
  ADD KEY `form_id` (`form_id`),
  ADD KEY `field_id` (`field_id`);

--
-- Indexes for table `wp_nytakstwpforms_entry_meta`
--
ALTER TABLE `wp_nytakstwpforms_entry_meta`
  ADD PRIMARY KEY (`id`),
  ADD KEY `entry_id` (`entry_id`);

--
-- Indexes for table `wp_nytakstwpforms_tasks_meta`
--
ALTER TABLE `wp_nytakstwpforms_tasks_meta`
  ADD PRIMARY KEY (`id`);

--
-- AUTO_INCREMENT for dumped tables
--

--
-- AUTO_INCREMENT for table `wp_nytakstactionscheduler_actions`
--
ALTER TABLE `wp_nytakstactionscheduler_actions`
  MODIFY `action_id` bigint(20) UNSIGNED NOT NULL AUTO_INCREMENT, AUTO_INCREMENT=2687;

--
-- AUTO_INCREMENT for table `wp_nytakstactionscheduler_claims`
--
ALTER TABLE `wp_nytakstactionscheduler_claims`
  MODIFY `claim_id` bigint(20) UNSIGNED NOT NULL AUTO_INCREMENT, AUTO_INCREMENT=4826;

--
-- AUTO_INCREMENT for table `wp_nytakstactionscheduler_groups`
--
ALTER TABLE `wp_nytakstactionscheduler_groups`
  MODIFY `group_id` bigint(20) UNSIGNED NOT NULL AUTO_INCREMENT, AUTO_INCREMENT=3;

--
-- AUTO_INCREMENT for table `wp_nytakstactionscheduler_logs`
--
ALTER TABLE `wp_nytakstactionscheduler_logs`
  MODIFY `log_id` bigint(20) UNSIGNED NOT NULL AUTO_INCREMENT, AUTO_INCREMENT=7880;

--
-- AUTO_INCREMENT for table `wp_nytakstcommentmeta`
--
ALTER TABLE `wp_nytakstcommentmeta`
  MODIFY `meta_id` bigint(20) UNSIGNED NOT NULL AUTO_INCREMENT, AUTO_INCREMENT=39;

--
-- AUTO_INCREMENT for table `wp_nytakstcomments`
--
ALTER TABLE `wp_nytakstcomments`
  MODIFY `comment_ID` bigint(20) UNSIGNED NOT NULL AUTO_INCREMENT, AUTO_INCREMENT=20;

--
-- AUTO_INCREMENT for table `wp_nytakstlinks`
--
ALTER TABLE `wp_nytakstlinks`
  MODIFY `link_id` bigint(20) UNSIGNED NOT NULL AUTO_INCREMENT;

--
-- AUTO_INCREMENT for table `wp_nytakstoptions`
--
ALTER TABLE `wp_nytakstoptions`
  MODIFY `option_id` bigint(20) UNSIGNED NOT NULL AUTO_INCREMENT, AUTO_INCREMENT=686681;

--
-- AUTO_INCREMENT for table `wp_nytakstpostmeta`
--
ALTER TABLE `wp_nytakstpostmeta`
  MODIFY `meta_id` bigint(20) UNSIGNED NOT NULL AUTO_INCREMENT, AUTO_INCREMENT=204;

--
-- AUTO_INCREMENT for table `wp_nytakstposts`
--
ALTER TABLE `wp_nytakstposts`
  MODIFY `ID` bigint(20) UNSIGNED NOT NULL AUTO_INCREMENT, AUTO_INCREMENT=77;

--
-- AUTO_INCREMENT for table `wp_nytaksttermmeta`
--
ALTER TABLE `wp_nytaksttermmeta`
  MODIFY `meta_id` bigint(20) UNSIGNED NOT NULL AUTO_INCREMENT;

--
-- AUTO_INCREMENT for table `wp_nytakstterms`
--
ALTER TABLE `wp_nytakstterms`
  MODIFY `term_id` bigint(20) UNSIGNED NOT NULL AUTO_INCREMENT, AUTO_INCREMENT=4;

--
-- AUTO_INCREMENT for table `wp_nytakstterm_taxonomy`
--
ALTER TABLE `wp_nytakstterm_taxonomy`
  MODIFY `term_taxonomy_id` bigint(20) UNSIGNED NOT NULL AUTO_INCREMENT, AUTO_INCREMENT=4;

--
-- AUTO_INCREMENT for table `wp_nytakstusermeta`
--
ALTER TABLE `wp_nytakstusermeta`
  MODIFY `umeta_id` bigint(20) UNSIGNED NOT NULL AUTO_INCREMENT, AUTO_INCREMENT=28;

--
-- AUTO_INCREMENT for table `wp_nytakstusers`
--
ALTER TABLE `wp_nytakstusers`
  MODIFY `ID` bigint(20) UNSIGNED NOT NULL AUTO_INCREMENT, AUTO_INCREMENT=2;

--
-- AUTO_INCREMENT for table `wp_nytakstwpforms_entries`
--
ALTER TABLE `wp_nytakstwpforms_entries`
  MODIFY `entry_id` bigint(20) NOT NULL AUTO_INCREMENT, AUTO_INCREMENT=4;

--
-- AUTO_INCREMENT for table `wp_nytakstwpforms_entry_fields`
--
ALTER TABLE `wp_nytakstwpforms_entry_fields`
  MODIFY `id` bigint(20) NOT NULL AUTO_INCREMENT, AUTO_INCREMENT=19;

--
-- AUTO_INCREMENT for table `wp_nytakstwpforms_entry_meta`
--
ALTER TABLE `wp_nytakstwpforms_entry_meta`
  MODIFY `id` bigint(20) NOT NULL AUTO_INCREMENT;

--
-- AUTO_INCREMENT for table `wp_nytakstwpforms_tasks_meta`
--
ALTER TABLE `wp_nytakstwpforms_tasks_meta`
  MODIFY `id` bigint(20) NOT NULL AUTO_INCREMENT, AUTO_INCREMENT=10;
COMMIT;

