-- https://www.phpmyadmin.net/
--

START TRANSACTION;



--
-- Database: `nytakst_wp`
--

-- --------------------------------------------------------

--
-- Table structure for table `wp_nytakstactionscheduler_actions`
--

CREATE TABLE `wp_nytakstactionscheduler_actions` (
  `action_id` bigint(20) UNSIGNED NOT NULL,
  `hook` varchar(191) COLLATE utf8mb4_unicode_520_ci NOT NULL,
  `status` varchar(20) COLLATE utf8mb4_unicode_520_ci NOT NULL,
  `scheduled_date_gmt` datetime NOT NULL DEFAULT '0000-00-00 00:00:00',
  `scheduled_date_local` datetime NOT NULL DEFAULT '0000-00-00 00:00:00',
  `args` varchar(191) COLLATE utf8mb4_unicode_520_ci DEFAULT NULL,
  `schedule` longtext COLLATE utf8mb4_unicode_520_ci,
  `group_id` bigint(20) UNSIGNED NOT NULL DEFAULT '0',
  `attempts` int(11) NOT NULL DEFAULT '0',
  `last_attempt_gmt` datetime NOT NULL DEFAULT '0000-00-00 00:00:00',
  `last_attempt_local` datetime NOT NULL DEFAULT '0000-00-00 00:00:00',
  `claim_id` bigint(20) UNSIGNED NOT NULL DEFAULT '0',
  `extended_args` varchar(8000) COLLATE utf8mb4_unicode_520_ci DEFAULT NULL
) ENGINE=InnoDB DEFAULT CHARSET=utf8mb4 COLLATE=utf8mb4_unicode_520_ci;

--
-- Dumping data for table `wp_nytakstactionscheduler_actions`
--

INSERT INTO `wp_nytakstactionscheduler_actions` (`action_id`, `hook`, `status`, `scheduled_date_gmt`, `scheduled_date_local`, `args`, `schedule`, `group_id`, `attempts`, `last_attempt_gmt`, `last_attempt_local`, `claim_id`, `extended_args`) VALUES
(2626, 'wpforms_send_usage_data', 'complete', '2025-04-25 11:52:26', '2025-04-25 11:52:26', '{\"tasks_meta_id\":null}', 'O:32:\"ActionScheduler_IntervalSchedule\":5:{s:22:\"\0*\0scheduled_timestamp\";i:1745581946;s:18:\"\0*\0first_timestamp\";i:1622168952;s:13:\"\0*\0recurrence\";i:604800;s:49:\"\0ActionScheduler_IntervalSchedule\0start_timestamp\";i:1745581946;s:53:\"\0ActionScheduler_IntervalSchedule\0interval_in_seconds\";i:604800;}', 2, 1, '2025-04-25 11:54:12', '2025-04-25 11:54:12', 0, NULL),
(2627, 'wpforms_email_summaries_fetch_info_blocks', 'complete', '2025-04-25 13:22:58', '2025-04-25 13:22:58', '{\"tasks_meta_id\":null}', 'O:32:\"ActionScheduler_IntervalSchedule\":5:{s:22:\"\0*\0scheduled_timestamp\";i:1745587378;s:18:\"\0*\0first_timestamp\";i:1621571433;s:13:\"\0*\0recurrence\";i:604800;s:49:\"\0ActionScheduler_IntervalSchedule\0start_timestamp\";i:1745587378;s:53:\"\0ActionScheduler_IntervalSchedule\0interval_in_seconds\";i:604800;}', 2, 1, '2025-04-25 13:26:03', '2025-04-25 13:26:03', 0, NULL),
(2628, 'wpforms_admin_addons_cache_update', 'complete', '2025-04-25 13:22:59', '2025-04-25 13:22:59', '{\"tasks_meta_id\":6}', 'O:32:\"ActionScheduler_IntervalSchedule\":5:{s:22:\"\0*\0scheduled_timestamp\";i:1745587379;s:18:\"\0*\0first_timestamp\";i:1622177948;s:13:\"\0*\0recurrence\";i:604800;s:49:\"\0ActionScheduler_IntervalSchedule\0start_timestamp\";i:1745587379;s:53:\"\0ActionScheduler_IntervalSchedule\0interval_in_seconds\";i:604800;}', 2, 1, '2025-04-25 13:26:03', '2025-04-25 13:26:03', 0, NULL),
(2629, 'wpforms_builder_help_cache_update', 'complete', '2025-04-25 13:22:59', '2025-04-25 13:22:59', '{\"tasks_meta_id\":7}', 'O:32:\"ActionScheduler_IntervalSchedule\":5:{s:22:\"\0*\0scheduled_timestamp\";i:1745587379;s:18:\"\0*\0first_timestamp\";i:1622177966;s:13:\"\0*\0recurrence\";i:604800;s:49:\"\0ActionScheduler_IntervalSchedule\0start_timestamp\";i:1745587379;s:53:\"\0ActionScheduler_IntervalSchedule\0interval_in_seconds\";i:604800;}', 2, 1, '2025-04-25 13:26:03', '2025-04-25 13:26:03', 0, NULL),
(2631, 'wpforms_process_entry_emails_meta_cleanup', 'complete', '2025-04-21 10:00:00', '2025-04-21 10:00:00', '{\"tasks_meta_id\":5}', 'O:32:\"ActionScheduler_IntervalSchedule\":5:{s:22:\"\0*\0scheduled_timestamp\";i:1745229600;s:18:\"\0*\0first_timestamp\";i:1621641600;s:13:\"\0*\0recurrence\";i:86400;s:49:\"\0ActionScheduler_IntervalSchedule\0start_timestamp\";i:1745229600;s:53:\"\0ActionScheduler_IntervalSchedule\0interval_in_seconds\";i:86400;}', 2, 1, '2025-04-21 10:03:52', '2025-04-21 10:03:52', 0, NULL),
(2632, 'wpforms_process_entry_emails_meta_cleanup', 'complete', '2025-04-22 10:03:52', '2025-04-22 10:03:52', '{\"tasks_meta_id\":5}', 'O:32:\"ActionScheduler_IntervalSchedule\":5:{s:22:\"\0*\0scheduled_timestamp\";i:1745316232;s:18:\"\0*\0first_timestamp\";i:1621641600;s:13:\"\0*\0recurrence\";i:86400;s:49:\"\0ActionScheduler_IntervalSchedule\0start_timestamp\";i:1745316232;s:53:\"\0ActionScheduler_IntervalSchedule\0interval_in_seconds\";i:86400;}', 2, 1, '2025-04-22 10:05:52', '2025-04-22 10:05:52', 0, NULL),
(2633, 'wpforms_process_entry_emails_meta_cleanup', 'complete', '2025-04-23 10:05:52', '2025-04-23 10:05:52', '{\"tasks_meta_id\":5}', 'O:32:\"ActionScheduler_IntervalSchedule\":5:{s:22:\"\0*\0scheduled_timestamp\";i:1745402752;s:18:\"\0*\0first_timestamp\";i:1621641600;s:13:\"\0*\0recurrence\";i:86400;s:49:\"\0ActionScheduler_IntervalSchedule\0start_timestamp\";i:1745402752;s:53:\"\0ActionScheduler_IntervalSchedule\0interval_in_seconds\";i:86400;}', 2, 1, '2025-04-23 10:07:07', '2025-04-23 10:07:07', 0, NULL),
(2634, 'wpforms_process_entry_emails_meta_cleanup', 'complete', '2025-04-24 10:07:07', '2025-04-24 10:07:07', '{\"tasks_meta_id\":5}', 'O:32:\"ActionScheduler_IntervalSchedule\":5:{s:22:\"\0*\0scheduled_timestamp\";i:1745489227;s:18:\"\0*\0first_timestamp\";i:1621641600;s:13:\"\0*\0recurrence\";i:86400;s:49:\"\0ActionScheduler_IntervalSchedule\0start_timestamp\";i:1745489227;s:53:\"\0ActionScheduler_IntervalSchedule\0interval_in_seconds\";i:86400;}', 2, 1, '2025-04-24 10:08:37', '2025-04-24 10:08:37', 0, NULL),
(2635, 'wpforms_process_entry_emails_meta_cleanup', 'complete', '2025-04-25 10:08:37', '2025-04-25 10:08:37', '{\"tasks_meta_id\":5}', 'O:32:\"ActionScheduler_IntervalSchedule\":5:{s:22:\"\0*\0scheduled_timestamp\";i:1745575717;s:18:\"\0*\0first_timestamp\";i:1621641600;s:13:\"\0*\0recurrence\";i:86400;s:49:\"\0ActionScheduler_IntervalSchedule\0start_timestamp\";i:1745575717;s:53:\"\0ActionScheduler_IntervalSchedule\0interval_in_seconds\";i:86400;}', 2, 1, '2025-04-25 10:09:28', '2025-04-25 10:09:28', 0, NULL),
(2636, 'wpforms_process_entry_emails_meta_cleanup', 'complete', '2025-04-26 10:09:28', '2025-04-26 10:09:28', '{\"tasks_meta_id\":5}', 'O:32:\"ActionScheduler_IntervalSchedule\":5:{s:22:\"\0*\0scheduled_timestamp\";i:1745662168;s:18:\"\0*\0first_timestamp\";i:1621641600;s:13:\"\0*\0recurrence\";i:86400;s:49:\"\0ActionScheduler_IntervalSchedule\0start_timestamp\";i:1745662168;s:53:\"\0ActionScheduler_IntervalSchedule\0interval_in_seconds\";i:86400;}', 2, 1, '2025-04-26 10:10:15', '2025-04-26 10:10:15', 0, NULL),
(2637, 'wpforms_send_usage_data', 'complete', '2025-05-02 11:54:12', '2025-05-02 11:54:12', '{\"tasks_meta_id\":null}', 'O:32:\"ActionScheduler_IntervalSchedule\":5:{s:22:\"\0*\0scheduled_timestamp\";i:1746186852;s:18:\"\0*\0first_timestamp\";i:1622168952;s:13:\"\0*\0recurrence\";i:604800;s:49:\"\0ActionScheduler_IntervalSchedule\0start_timestamp\";i:1746186852;s:53:\"\0ActionScheduler_IntervalSchedule\0interval_in_seconds\";i:604800;}', 2, 1, '2025-05-02 11:54:36', '2025-05-02 11:54:36', 0, NULL),
(2638, 'wpforms_email_summaries_fetch_info_blocks', 'complete', '2025-05-02 13:26:03', '2025-05-02 13:26:03', '{\"tasks_meta_id\":null}', 'O:32:\"ActionScheduler_IntervalSchedule\":5:{s:22:\"\0*\0scheduled_timestamp\";i:1746192363;s:18:\"\0*\0first_timestamp\";i:1621571433;s:13:\"\0*\0recurrence\";i:604800;s:49:\"\0ActionScheduler_IntervalSchedule\0start_timestamp\";i:1746192363;s:53:\"\0ActionScheduler_IntervalSchedule\0interval_in_seconds\";i:604800;}', 2, 1, '2025-05-02 13:27:15', '2025-05-02 13:27:15', 0, NULL),
(2639, 'wpforms_admin_addons_cache_update', 'complete', '2025-05-02 13:26:03', '2025-05-02 13:26:03', '{\"tasks_meta_id\":6}', 'O:32:\"ActionScheduler_IntervalSchedule\":5:{s:22:\"\0*\0scheduled_timestamp\";i:1746192363;s:18:\"\0*\0first_timestamp\";i:1622177948;s:13:\"\0*\0recurrence\";i:604800;s:49:\"\0ActionScheduler_IntervalSchedule\0start_timestamp\";i:1746192363;s:53:\"\0ActionScheduler_IntervalSchedule\0interval_in_seconds\";i:604800;}', 2, 1, '2025-05-02 13:27:15', '2025-05-02 13:27:15', 0, NULL),
(2640, 'wpforms_builder_help_cache_update', 'complete', '2025-05-02 13:26:03', '2025-05-02 13:26:03', '{\"tasks_meta_id\":7}', 'O:32:\"ActionScheduler_IntervalSchedule\":5:{s:22:\"\0*\0scheduled_timestamp\";i:1746192363;s:18:\"\0*\0first_timestamp\";i:1622177966;s:13:\"\0*\0recurrence\";i:604800;s:49:\"\0ActionScheduler_IntervalSchedule\0start_timestamp\";i:1746192363;s:53:\"\0ActionScheduler_IntervalSchedule\0interval_in_seconds\";i:604800;}', 2, 1, '2025-05-02 13:27:15', '2025-05-02 13:27:15', 0, NULL),
(2641, 'wpforms_process_entry_emails_meta_cleanup', 'complete', '2025-04-27 10:10:15', '2025-04-27 10:10:15', '{\"tasks_meta_id\":5}', 'O:32:\"ActionScheduler_IntervalSchedule\":5:{s:22:\"\0*\0scheduled_timestamp\";i:1745748615;s:18:\"\0*\0first_timestamp\";i:1621641600;s:13:\"\0*\0recurrence\";i:86400;s:49:\"\0ActionScheduler_IntervalSchedule\0start_timestamp\";i:1745748615;s:53:\"\0ActionScheduler_IntervalSchedule\0interval_in_seconds\";i:86400;}', 2, 1, '2025-04-27 10:10:51', '2025-04-27 10:10:51', 0, NULL),
(2642, 'wpforms_process_entry_emails_meta_cleanup', 'complete', '2025-04-28 10:10:51', '2025-04-28 10:10:51', '{\"tasks_meta_id\":5}', 'O:32:\"ActionScheduler_IntervalSchedule\":5:{s:22:\"\0*\0scheduled_timestamp\";i:1745835051;s:18:\"\0*\0first_timestamp\";i:1621641600;s:13:\"\0*\0recurrence\";i:86400;s:49:\"\0ActionScheduler_IntervalSchedule\0start_timestamp\";i:1745835051;s:53:\"\0ActionScheduler_IntervalSchedule\0interval_in_seconds\";i:86400;}', 2, 1, '2025-04-28 10:17:48', '2025-04-28 10:17:48', 0, NULL),
(2643, 'wpforms_process_entry_emails_meta_cleanup', 'complete', '2025-04-29 10:17:48', '2025-04-29 10:17:48', '{\"tasks_meta_id\":5}', 'O:32:\"ActionScheduler_IntervalSchedule\":5:{s:22:\"\0*\0scheduled_timestamp\";i:1745921868;s:18:\"\0*\0first_timestamp\";i:1621641600;s:13:\"\0*\0recurrence\";i:86400;s:49:\"\0ActionScheduler_IntervalSchedule\0start_timestamp\";i:1745921868;s:53:\"\0ActionScheduler_IntervalSchedule\0interval_in_seconds\";i:86400;}', 2, 1, '2025-04-29 10:18:24', '2025-04-29 10:18:24', 0, NULL),
(2644, 'wpforms_process_entry_emails_meta_cleanup', 'complete', '2025-04-30 10:18:24', '2025-04-30 10:18:24', '{\"tasks_meta_id\":5}', 'O:32:\"ActionScheduler_IntervalSchedule\":5:{s:22:\"\0*\0scheduled_timestamp\";i:1746008304;s:18:\"\0*\0first_timestamp\";i:1621641600;s:13:\"\0*\0recurrence\";i:86400;s:49:\"\0ActionScheduler_IntervalSchedule\0start_timestamp\";i:1746008304;s:53:\"\0ActionScheduler_IntervalSchedule\0interval_in_seconds\";i:86400;}', 2, 1, '2025-04-30 10:20:30', '2025-04-30 10:20:30', 0, NULL),
(2645, 'wpforms_process_entry_emails_meta_cleanup', 'complete', '2025-05-01 10:20:30', '2025-05-01 10:20:30', '{\"tasks_meta_id\":5}', 'O:32:\"ActionScheduler_IntervalSchedule\":5:{s:22:\"\0*\0scheduled_timestamp\";i:1746094830;s:18:\"\0*\0first_timestamp\";i:1621641600;s:13:\"\0*\0recurrence\";i:86400;s:49:\"\0ActionScheduler_IntervalSchedule\0start_timestamp\";i:1746094830;s:53:\"\0ActionScheduler_IntervalSchedule\0interval_in_seconds\";i:86400;}', 2, 1, '2025-05-01 10:23:29', '2025-05-01 10:23:29', 0, NULL),
(2646, 'wpforms_process_entry_emails_meta_cleanup', 'complete', '2025-05-02 10:23:29', '2025-05-02 10:23:29', '{\"tasks_meta_id\":5}', 'O:32:\"ActionScheduler_IntervalSchedule\":5:{s:22:\"\0*\0scheduled_timestamp\";i:1746181409;s:18:\"\0*\0first_timestamp\";i:1621641600;s:13:\"\0*\0recurrence\";i:86400;s:49:\"\0ActionScheduler_IntervalSchedule\0start_timestamp\";i:1746181409;s:53:\"\0ActionScheduler_IntervalSchedule\0interval_in_seconds\";i:86400;}', 2, 1, '2025-05-02 10:27:06', '2025-05-02 10:27:06', 0, NULL),
(2647, 'wpforms_process_entry_emails_meta_cleanup', 'complete', '2025-05-03 10:27:06', '2025-05-03 10:27:06', '{\"tasks_meta_id\":5}', 'O:32:\"ActionScheduler_IntervalSchedule\":5:{s:22:\"\0*\0scheduled_timestamp\";i:1746268026;s:18:\"\0*\0first_timestamp\";i:1621641600;s:13:\"\0*\0recurrence\";i:86400;s:49:\"\0ActionScheduler_IntervalSchedule\0start_timestamp\";i:1746268026;s:53:\"\0ActionScheduler_IntervalSchedule\0interval_in_seconds\";i:86400;}', 2, 1, '2025-05-03 10:29:09', '2025-05-03 10:29:09', 0, NULL),
(2648, 'wpforms_send_usage_data', 'complete', '2025-05-09 11:54:36', '2025-05-09 11:54:36', '{\"tasks_meta_id\":null}', 'O:32:\"ActionScheduler_IntervalSchedule\":5:{s:22:\"\0*\0scheduled_timestamp\";i:1746791676;s:18:\"\0*\0first_timestamp\";i:1622168952;s:13:\"\0*\0recurrence\";i:604800;s:49:\"\0ActionScheduler_IntervalSchedule\0start_timestamp\";i:1746791676;s:53:\"\0ActionScheduler_IntervalSchedule\0interval_in_seconds\";i:604800;}', 2, 1, '2025-05-10 17:55:10', '2025-05-10 17:55:10', 0, NULL),
(2649, 'wpforms_email_summaries_fetch_info_blocks', 'complete', '2025-05-09 13:27:15', '2025-05-09 13:27:15', '{\"tasks_meta_id\":null}', 'O:32:\"ActionScheduler_IntervalSchedule\":5:{s:22:\"\0*\0scheduled_timestamp\";i:1746797235;s:18:\"\0*\0first_timestamp\";i:1621571433;s:13:\"\0*\0recurrence\";i:604800;s:49:\"\0ActionScheduler_IntervalSchedule\0start_timestamp\";i:1746797235;s:53:\"\0ActionScheduler_IntervalSchedule\0interval_in_seconds\";i:604800;}', 2, 1, '2025-05-10 17:56:20', '2025-05-10 17:56:20', 0, NULL),
(2650, 'wpforms_admin_addons_cache_update', 'complete', '2025-05-09 13:27:15', '2025-05-09 13:27:15', '{\"tasks_meta_id\":6}', 'O:32:\"ActionScheduler_IntervalSchedule\":5:{s:22:\"\0*\0scheduled_timestamp\";i:1746797235;s:18:\"\0*\0first_timestamp\";i:1622177948;s:13:\"\0*\0recurrence\";i:604800;s:49:\"\0ActionScheduler_IntervalSchedule\0start_timestamp\";i:1746797235;s:53:\"\0ActionScheduler_IntervalSchedule\0interval_in_seconds\";i:604800;}', 2, 1, '2025-05-10 17:56:20', '2025-05-10 17:56:20', 0, NULL),
(2651, 'wpforms_builder_help_cache_update', 'complete', '2025-05-09 13:27:15', '2025-05-09 13:27:15', '{\"tasks_meta_id\":7}', 'O:32:\"ActionScheduler_IntervalSchedule\":5:{s:22:\"\0*\0scheduled_timestamp\";i:1746797235;s:18:\"\0*\0first_timestamp\";i:1622177966;s:13:\"\0*\0recurrence\";i:604800;s:49:\"\0ActionScheduler_IntervalSchedule\0start_timestamp\";i:1746797235;s:53:\"\0ActionScheduler_IntervalSchedule\0interval_in_seconds\";i:604800;}', 2, 1, '2025-05-10 17:56:20', '2025-05-10 17:56:20', 0, NULL),
(2652, 'wpforms_process_entry_emails_meta_cleanup', 'complete', '2025-05-04 10:29:09', '2025-05-04 10:29:09', '{\"tasks_meta_id\":5}', 'O:32:\"ActionScheduler_IntervalSchedule\":5:{s:22:\"\0*\0scheduled_timestamp\";i:1746354549;s:18:\"\0*\0first_timestamp\";i:1621641600;s:13:\"\0*\0recurrence\";i:86400;s:49:\"\0ActionScheduler_IntervalSchedule\0start_timestamp\";i:1746354549;s:53:\"\0ActionScheduler_IntervalSchedule\0interval_in_seconds\";i:86400;}', 2, 1, '2025-05-04 10:30:23', '2025-05-04 10:30:23', 0, NULL),
(2653, 'wpforms_process_entry_emails_meta_cleanup', 'complete', '2025-05-05 10:30:23', '2025-05-05 10:30:23', '{\"tasks_meta_id\":5}', 'O:32:\"ActionScheduler_IntervalSchedule\":5:{s:22:\"\0*\0scheduled_timestamp\";i:1746441023;s:18:\"\0*\0first_timestamp\";i:1621641600;s:13:\"\0*\0recurrence\";i:86400;s:49:\"\0ActionScheduler_IntervalSchedule\0start_timestamp\";i:1746441023;s:53:\"\0ActionScheduler_IntervalSchedule\0interval_in_seconds\";i:86400;}', 2, 1, '2025-05-05 10:30:23', '2025-05-05 10:30:23', 0, NULL),
(2654, 'wpforms_process_entry_emails_meta_cleanup', 'complete', '2025-05-05 10:30:23', '2025-05-05 10:30:23', '{\"tasks_meta_id\":5}', 'O:32:\"ActionScheduler_IntervalSchedule\":5:{s:22:\"\0*\0scheduled_timestamp\";i:1746441023;s:18:\"\0*\0first_timestamp\";i:1621641600;s:13:\"\0*\0recurrence\";i:86400;s:49:\"\0ActionScheduler_IntervalSchedule\0start_timestamp\";i:1746441023;s:53:\"\0ActionScheduler_IntervalSchedule\0interval_in_seconds\";i:86400;}', 2, 1, '2025-05-05 10:30:23', '2025-05-05 10:30:23', 0, NULL),
(2655, 'wpforms_process_entry_emails_meta_cleanup', 'complete', '2025-05-05 10:30:23', '2025-05-05 10:30:23', '{\"tasks_meta_id\":5}', 'O:32:\"ActionScheduler_IntervalSchedule\":5:{s:22:\"\0*\0scheduled_timestamp\";i:1746441023;s:18:\"\0*\0first_timestamp\";i:1621641600;s:13:\"\0*\0recurrence\";i:86400;s:49:\"\0ActionScheduler_IntervalSchedule\0start_timestamp\";i:1746441023;s:53:\"\0ActionScheduler_IntervalSchedule\0interval_in_seconds\";i:86400;}', 2, 1, '2025-05-05 10:30:23', '2025-05-05 10:30:23', 0, NULL),
(2656, 'wpforms_process_entry_emails_meta_cleanup', 'complete', '2025-05-05 10:30:23', '2025-05-05 10:30:23', '{\"tasks_meta_id\":5}', 'O:32:\"ActionScheduler_IntervalSchedule\":5:{s:22:\"\0*\0scheduled_timestamp\";i:1746441023;s:18:\"\0*\0first_timestamp\";i:1621641600;s:13:\"\0*\0recurrence\";i:86400;s:49:\"\0ActionScheduler_IntervalSchedule\0start_timestamp\";i:1746441023;s:53:\"\0ActionScheduler_IntervalSchedule\0interval_in_seconds\";i:86400;}', 2, 1, '2025-05-05 10:30:23', '2025-05-05 10:30:23', 0, NULL),
(2657, 'wpforms_process_entry_emails_meta_cleanup', 'complete', '2025-05-05 10:30:23', '2025-05-05 10:30:23', '{\"tasks_meta_id\":5}', 'O:32:\"ActionScheduler_IntervalSchedule\":5:{s:22:\"\0*\0scheduled_timestamp\";i:1746441023;s:18:\"\0*\0first_timestamp\";i:1621641600;s:13:\"\0*\0recurrence\";i:86400;s:49:\"\0ActionScheduler_IntervalSchedule\0start_timestamp\";i:1746441023;s:53:\"\0ActionScheduler_IntervalSchedule\0interval_in_seconds\";i:86400;}', 2, 1, '2025-05-05 10:30:23', '2025-05-05 10:30:23', 0, NULL),
(2658, 'wpforms_process_entry_emails_meta_cleanup', 'complete', '2025-05-05 10:30:23', '2025-05-05 10:30:23', '{\"tasks_meta_id\":5}', 'O:32:\"ActionScheduler_IntervalSchedule\":5:{s:22:\"\0*\0scheduled_timestamp\";i:1746441023;s:18:\"\0*\0first_timestamp\";i:1621641600;s:13:\"\0*\0recurrence\";i:86400;s:49:\"\0ActionScheduler_IntervalSchedule\0start_timestamp\";i:1746441023;s:53:\"\0ActionScheduler_IntervalSchedule\0interval_in_seconds\";i:86400;}', 2, 1, '2025-05-05 10:30:23', '2025-05-05 10:30:23', 0, NULL),
(2659, 'wpforms_process_entry_emails_meta_cleanup', 'complete', '2025-05-05 10:30:23', '2025-05-05 10:30:23', '{\"tasks_meta_id\":5}', 'O:32:\"ActionScheduler_IntervalSchedule\":5:{s:22:\"\0*\0scheduled_timestamp\";i:1746441023;s:18:\"\0*\0first_timestamp\";i:1621641600;s:13:\"\0*\0recurrence\";i:86400;s:49:\"\0ActionScheduler_IntervalSchedule\0start_timestamp\";i:1746441023;s:53:\"\0ActionScheduler_IntervalSchedule\0interval_in_seconds\";i:86400;}', 2, 1, '2025-05-05 10:30:23', '2025-05-05 10:30:23', 0, NULL),
(2660, 'wpforms_process_entry_emails_meta_cleanup', 'complete', '2025-05-05 10:30:23', '2025-05-05 10:30:23', '{\"tasks_meta_id\":5}', 'O:32:\"ActionScheduler_IntervalSchedule\":5:{s:22:\"\0*\0scheduled_timestamp\";i:1746441023;s:18:\"\0*\0first_timestamp\";i:1621641600;s:13:\"\0*\0recurrence\";i:86400;s:49:\"\0ActionScheduler_IntervalSchedule\0start_timestamp\";i:1746441023;s:53:\"\0ActionScheduler_IntervalSchedule\0interval_in_seconds\";i:86400;}', 2, 1, '2025-05-05 10:30:23', '2025-05-05 10:30:23', 0, NULL),
(2661, 'wpforms_process_entry_emails_meta_cleanup', 'complete', '2025-05-05 10:30:23', '2025-05-05 10:30:23', '{\"tasks_meta_id\":5}', 'O:32:\"ActionScheduler_IntervalSchedule\":5:{s:22:\"\0*\0scheduled_timestamp\";i:1746441023;s:18:\"\0*\0first_timestamp\";i:1621641600;s:13:\"\0*\0recurrence\";i:86400;s:49:\"\0ActionScheduler_IntervalSchedule\0start_timestamp\";i:1746441023;s:53:\"\0ActionScheduler_IntervalSchedule\0interval_in_seconds\";i:86400;}', 2, 1, '2025-05-05 10:30:23', '2025-05-05 10:30:23', 0, NULL),
(2662, 'wpforms_process_entry_emails_meta_cleanup', 'complete', '2025-05-05 10:30:23', '2025-05-05 10:30:23', '{\"tasks_meta_id\":5}', 'O:32:\"ActionScheduler_IntervalSchedule\":5:{s:22:\"\0*\0scheduled_timestamp\";i:1746441023;s:18:\"\0*\0first_timestamp\";i:1621641600;s:13:\"\0*\0recurrence\";i:86400;s:49:\"\0ActionScheduler_IntervalSchedule\0start_timestamp\";i:1746441023;s:53:\"\0ActionScheduler_IntervalSchedule\0interval_in_seconds\";i:86400;}', 2, 1, '2025-05-05 10:30:23', '2025-05-05 10:30:23', 0, NULL),
(2663, 'wpforms_process_entry_emails_meta_cleanup', 'complete', '2025-05-05 10:30:23', '2025-05-05 10:30:23', '{\"tasks_meta_id\":5}', 'O:32:\"ActionScheduler_IntervalSchedule\":5:{s:22:\"\0*\0scheduled_timestamp\";i:1746441023;s:18:\"\0*\0first_timestamp\";i:1621641600;s:13:\"\0*\0recurrence\";i:86400;s:49:\"\0ActionScheduler_IntervalSchedule\0start_timestamp\";i:1746441023;s:53:\"\0ActionScheduler_IntervalSchedule\0interval_in_seconds\";i:86400;}', 2, 1, '2025-05-05 10:30:24', '2025-05-05 10:30:24', 0, NULL),
(2664, 'wpforms_process_entry_emails_meta_cleanup', 'complete', '2025-05-06 10:30:24', '2025-05-06 10:30:24', '{\"tasks_meta_id\":5}', 'O:32:\"ActionScheduler_IntervalSchedule\":5:{s:22:\"\0*\0scheduled_timestamp\";i:1746527424;s:18:\"\0*\0first_timestamp\";i:1621641600;s:13:\"\0*\0recurrence\";i:86400;s:49:\"\0ActionScheduler_IntervalSchedule\0start_timestamp\";i:1746527424;s:53:\"\0ActionScheduler_IntervalSchedule\0interval_in_seconds\";i:86400;}', 2, 1, '2025-05-06 10:30:53', '2025-05-06 10:30:53', 0, NULL),
(2665, 'wpforms_process_entry_emails_meta_cleanup', 'complete', '2025-05-07 10:30:53', '2025-05-07 10:30:53', '{\"tasks_meta_id\":5}', 'O:32:\"ActionScheduler_IntervalSchedule\":5:{s:22:\"\0*\0scheduled_timestamp\";i:1746613853;s:18:\"\0*\0first_timestamp\";i:1621641600;s:13:\"\0*\0recurrence\";i:86400;s:49:\"\0ActionScheduler_IntervalSchedule\0start_timestamp\";i:1746613853;s:53:\"\0ActionScheduler_IntervalSchedule\0interval_in_seconds\";i:86400;}', 2, 1, '2025-05-07 10:31:55', '2025-05-07 10:31:55', 0, NULL),
(2666, 'wpforms_process_entry_emails_meta_cleanup', 'complete', '2025-05-08 10:31:55', '2025-05-08 10:31:55', '{\"tasks_meta_id\":5}', 'O:32:\"ActionScheduler_IntervalSchedule\":5:{s:22:\"\0*\0scheduled_timestamp\";i:1746700315;s:18:\"\0*\0first_timestamp\";i:1621641600;s:13:\"\0*\0recurrence\";i:86400;s:49:\"\0ActionScheduler_IntervalSchedule\0start_timestamp\";i:1746700315;s:53:\"\0ActionScheduler_IntervalSchedule\0interval_in_seconds\";i:86400;}', 2, 1, '2025-05-10 17:56:20', '2025-05-10 17:56:20', 0, NULL),
(2667, 'wpforms_admin_notifications_update', 'complete', '0000-00-00 00:00:00', '0000-00-00 00:00:00', '{\"tasks_meta_id\":9}', 'O:28:\"ActionScheduler_NullSchedule\":0:{}', 2, 1, '2025-05-10 17:56:20', '2025-05-10 17:56:20', 0, NULL),
(2668, 'wpforms_send_usage_data', 'complete', '2025-05-17 17:55:10', '2025-05-17 17:55:10', '{\"tasks_meta_id\":null}', 'O:32:\"ActionScheduler_IntervalSchedule\":5:{s:22:\"\0*\0scheduled_timestamp\";i:1747504510;s:18:\"\0*\0first_timestamp\";i:1622168952;s:13:\"\0*\0recurrence\";i:604800;s:49:\"\0ActionScheduler_IntervalSchedule\0start_timestamp\";i:1747504510;s:53:\"\0ActionScheduler_IntervalSchedule\0interval_in_seconds\";i:604800;}', 2, 1, '2025-05-17 18:00:05', '2025-05-17 18:00:05', 0, NULL),
(2669, 'wpforms_email_summaries_fetch_info_blocks', 'complete', '2025-05-17 17:56:20', '2025-05-17 17:56:20', '{\"tasks_meta_id\":null}', 'O:32:\"ActionScheduler_IntervalSchedule\":5:{s:22:\"\0*\0scheduled_timestamp\";i:1747504580;s:18:\"\0*\0first_timestamp\";i:1621571433;s:13:\"\0*\0recurrence\";i:604800;s:49:\"\0ActionScheduler_IntervalSchedule\0start_timestamp\";i:1747504580;s:53:\"\0ActionScheduler_IntervalSchedule\0interval_in_seconds\";i:604800;}', 2, 1, '2025-05-17 18:00:05', '2025-05-17 18:00:05', 0, NULL),
(2670, 'wpforms_admin_addons_cache_update', 'complete', '2025-05-17 17:56:20', '2025-05-17 17:56:20', '{\"tasks_meta_id\":6}', 'O:32:\"ActionScheduler_IntervalSchedule\":5:{s:22:\"\0*\0scheduled_timestamp\";i:1747504580;s:18:\"\0*\0first_timestamp\";i:1622177948;s:13:\"\0*\0recurrence\";i:604800;s:49:\"\0ActionScheduler_IntervalSchedule\0start_timestamp\";i:1747504580;s:53:\"\0ActionScheduler_IntervalSchedule\0interval_in_seconds\";i:604800;}', 2, 1, '2025-05-17 18:00:05', '2025-05-17 18:00:05', 0, NULL),
(2671, 'wpforms_builder_help_cache_update', 'complete', '2025-05-17 17:56:20', '2025-05-17 17:56:20', '{\"tasks_meta_id\":7}', 'O:32:\"ActionScheduler_IntervalSchedule\":5:{s:22:\"\0*\0scheduled_timestamp\";i:1747504580;s:18:\"\0*\0first_timestamp\";i:1622177966;s:13:\"\0*\0recurrence\";i:604800;s:49:\"\0ActionScheduler_IntervalSchedule\0start_timestamp\";i:1747504580;s:53:\"\0ActionScheduler_IntervalSchedule\0interval_in_seconds\";i:604800;}', 2, 1, '2025-05-17 18:00:05', '2025-05-17 18:00:05', 0, NULL),
(2672, 'wpforms_process_entry_emails_meta_cleanup', 'complete', '2025-05-11 17:56:20', '2025-05-11 17:56:20', '{\"tasks_meta_id\":5}', 'O:32:\"ActionScheduler_IntervalSchedule\":5:{s:22:\"\0*\0scheduled_timestamp\";i:1746986180;s:18:\"\0*\0first_timestamp\";i:1621641600;s:13:\"\0*\0recurrence\";i:86400;s:49:\"\0ActionScheduler_IntervalSchedule\0start_timestamp\";i:1746986180;s:53:\"\0ActionScheduler_IntervalSchedule\0interval_in_seconds\";i:86400;}', 2, 1, '2025-05-11 17:56:21', '2025-05-11 17:56:21', 0, NULL),
(2673, 'wpforms_process_entry_emails_meta_cleanup', 'complete', '2025-05-12 17:56:21', '2025-05-12 17:56:21', '{\"tasks_meta_id\":5}', 'O:32:\"ActionScheduler_IntervalSchedule\":5:{s:22:\"\0*\0scheduled_timestamp\";i:1747072581;s:18:\"\0*\0first_timestamp\";i:1621641600;s:13:\"\0*\0recurrence\";i:86400;s:49:\"\0ActionScheduler_IntervalSchedule\0start_timestamp\";i:1747072581;s:53:\"\0ActionScheduler_IntervalSchedule\0interval_in_seconds\";i:86400;}', 2, 1, '2025-05-12 17:56:23', '2025-05-12 17:56:23', 0, NULL),
(2674, 'wpforms_process_entry_emails_meta_cleanup', 'complete', '2025-05-13 17:56:23', '2025-05-13 17:56:23', '{\"tasks_meta_id\":5}', 'O:32:\"ActionScheduler_IntervalSchedule\":5:{s:22:\"\0*\0scheduled_timestamp\";i:1747158983;s:18:\"\0*\0first_timestamp\";i:1621641600;s:13:\"\0*\0recurrence\";i:86400;s:49:\"\0ActionScheduler_IntervalSchedule\0start_timestamp\";i:1747158983;s:53:\"\0ActionScheduler_IntervalSchedule\0interval_in_seconds\";i:86400;}', 2, 1, '2025-05-13 17:56:35', '2025-05-13 17:56:35', 0, NULL),
(2675, 'wpforms_process_entry_emails_meta_cleanup', 'complete', '2025-05-14 17:56:35', '2025-05-14 17:56:35', '{\"tasks_meta_id\":5}', 'O:32:\"ActionScheduler_IntervalSchedule\":5:{s:22:\"\0*\0scheduled_timestamp\";i:1747245395;s:18:\"\0*\0first_timestamp\";i:1621641600;s:13:\"\0*\0recurrence\";i:86400;s:49:\"\0ActionScheduler_IntervalSchedule\0start_timestamp\";i:1747245395;s:53:\"\0ActionScheduler_IntervalSchedule\0interval_in_seconds\";i:86400;}', 2, 1, '2025-05-14 17:57:14', '2025-05-14 17:57:14', 0, NULL),
(2676, 'wpforms_process_entry_emails_meta_cleanup', 'complete', '2025-05-15 17:57:14', '2025-05-15 17:57:14', '{\"tasks_meta_id\":5}', 'O:32:\"ActionScheduler_IntervalSchedule\":5:{s:22:\"\0*\0scheduled_timestamp\";i:1747331834;s:18:\"\0*\0first_timestamp\";i:1621641600;s:13:\"\0*\0recurrence\";i:86400;s:49:\"\0ActionScheduler_IntervalSchedule\0start_timestamp\";i:1747331834;s:53:\"\0ActionScheduler_IntervalSchedule\0interval_in_seconds\";i:86400;}', 2, 1, '2025-05-15 18:04:35', '2025-05-15 18:04:35', 0, NULL),
(2677, 'wpforms_process_entry_emails_meta_cleanup', 'complete', '2025-05-16 18:04:35', '2025-05-16 18:04:35', '{\"tasks_meta_id\":5}', 'O:32:\"ActionScheduler_IntervalSchedule\":5:{s:22:\"\0*\0scheduled_timestamp\";i:1747418675;s:18:\"\0*\0first_timestamp\";i:1621641600;s:13:\"\0*\0recurrence\";i:86400;s:49:\"\0ActionScheduler_IntervalSchedule\0start_timestamp\";i:1747418675;s:53:\"\0ActionScheduler_IntervalSchedule\0interval_in_seconds\";i:86400;}', 2, 1, '2025-05-16 18:11:02', '2025-05-16 18:11:02', 0, NULL),
(2678, 'wpforms_process_entry_emails_meta_cleanup', 'complete', '2025-05-17 18:11:02', '2025-05-17 18:11:02', '{\"tasks_meta_id\":5}', 'O:32:\"ActionScheduler_IntervalSchedule\":5:{s:22:\"\0*\0scheduled_timestamp\";i:1747505462;s:18:\"\0*\0first_timestamp\";i:1621641600;s:13:\"\0*\0recurrence\";i:86400;s:49:\"\0ActionScheduler_IntervalSchedule\0start_timestamp\";i:1747505462;s:53:\"\0ActionScheduler_IntervalSchedule\0interval_in_seconds\";i:86400;}', 2, 1, '2025-05-17 18:25:24', '2025-05-17 18:25:24', 0, NULL),
(2679, 'wpforms_send_usage_data', 'pending', '2025-05-24 18:00:05', '2025-05-24 18:00:05', '{\"tasks_meta_id\":null}', 'O:32:\"ActionScheduler_IntervalSchedule\":5:{s:22:\"\0*\0scheduled_timestamp\";i:1748109605;s:18:\"\0*\0first_timestamp\";i:1622168952;s:13:\"\0*\0recurrence\";i:604800;s:49:\"\0ActionScheduler_IntervalSchedule\0start_timestamp\";i:1748109605;s:53:\"\0ActionScheduler_IntervalSchedule\0interval_in_seconds\";i:604800;}', 2, 0, '0000-00-00 00:00:00', '0000-00-00 00:00:00', 0, NULL),
(2680, 'wpforms_email_summaries_fetch_info_blocks', 'pending', '2025-05-24 18:00:05', '2025-05-24 18:00:05', '{\"tasks_meta_id\":null}', 'O:32:\"ActionScheduler_IntervalSchedule\":5:{s:22:\"\0*\0scheduled_timestamp\";i:1748109605;s:18:\"\0*\0first_timestamp\";i:1621571433;s:13:\"\0*\0recurrence\";i:604800;s:49:\"\0ActionScheduler_IntervalSchedule\0start_timestamp\";i:1748109605;s:53:\"\0ActionScheduler_IntervalSchedule\0interval_in_seconds\";i:604800;}', 2, 0, '0000-00-00 00:00:00', '0000-00-00 00:00:00', 0, NULL),
(2681, 'wpforms_admin_addons_cache_update', 'pending', '2025-05-24 18:00:05', '2025-05-24 18:00:05', '{\"tasks_meta_id\":6}', 'O:32:\"ActionScheduler_IntervalSchedule\":5:{s:22:\"\0*\0scheduled_timestamp\";i:1748109605;s:18:\"\0*\0first_timestamp\";i:1622177948;s:13:\"\0*\0recurrence\";i:604800;s:49:\"\0ActionScheduler_IntervalSchedule\0start_timestamp\";i:1748109605;s:53:\"\0ActionScheduler_IntervalSchedule\0interval_in_seconds\";i:604800;}', 2, 0, '0000-00-00 00:00:00', '0000-00-00 00:00:00', 0, NULL),
(2682, 'wpforms_builder_help_cache_update', 'pending', '2025-05-24 18:00:05', '2025-05-24 18:00:05', '{\"tasks_meta_id\":7}', 'O:32:\"ActionScheduler_IntervalSchedule\":5:{s:22:\"\0*\0scheduled_timestamp\";i:1748109605;s:18:\"\0*\0first_timestamp\";i:1622177966;s:13:\"\0*\0recurrence\";i:604800;s:49:\"\0ActionScheduler_IntervalSchedule\0start_timestamp\";i:1748109605;s:53:\"\0ActionScheduler_IntervalSchedule\0interval_in_seconds\";i:604800;}', 2, 0, '0000-00-00 00:00:00', '0000-00-00 00:00:00', 0, NULL),
(2683, 'wpforms_process_entry_emails_meta_cleanup', 'complete', '2025-05-18 18:25:24', '2025-05-18 18:25:24', '{\"tasks_meta_id\":5}', 'O:32:\"ActionScheduler_IntervalSchedule\":5:{s:22:\"\0*\0scheduled_timestamp\";i:1747592724;s:18:\"\0*\0first_timestamp\";i:1621641600;s:13:\"\0*\0recurrence\";i:86400;s:49:\"\0ActionScheduler_IntervalSchedule\0start_timestamp\";i:1747592724;s:53:\"\0ActionScheduler_IntervalSchedule\0interval_in_seconds\";i:86400;}', 2, 1, '2025-05-18 18:27:08', '2025-05-18 18:27:08', 0, NULL),
(2684, 'wpforms_process_entry_emails_meta_cleanup', 'complete', '2025-05-19 18:27:08', '2025-05-19 18:27:08', '{\"tasks_meta_id\":5}', 'O:32:\"ActionScheduler_IntervalSchedule\":5:{s:22:\"\0*\0scheduled_timestamp\";i:1747679228;s:18:\"\0*\0first_timestamp\";i:1621641600;s:13:\"\0*\0recurrence\";i:86400;s:49:\"\0ActionScheduler_IntervalSchedule\0start_timestamp\";i:1747679228;s:53:\"\0ActionScheduler_IntervalSchedule\0interval_in_seconds\";i:86400;}', 2, 1, '2025-05-19 18:27:20', '2025-05-19 18:27:20', 0, NULL),
(2685, 'wpforms_process_entry_emails_meta_cleanup', 'complete', '2025-05-20 18:27:20', '2025-05-20 18:27:20', '{\"tasks_meta_id\":5}', 'O:32:\"ActionScheduler_IntervalSchedule\":5:{s:22:\"\0*\0scheduled_timestamp\";i:1747765640;s:18:\"\0*\0first_timestamp\";i:1621641600;s:13:\"\0*\0recurrence\";i:86400;s:49:\"\0ActionScheduler_IntervalSchedule\0start_timestamp\";i:1747765640;s:53:\"\0ActionScheduler_IntervalSchedule\0interval_in_seconds\";i:86400;}', 2, 1, '2025-05-20 18:27:40', '2025-05-20 18:27:40', 0, NULL),
(2686, 'wpforms_process_entry_emails_meta_cleanup', 'pending', '2025-05-21 18:27:40', '2025-05-21 18:27:40', '{\"tasks_meta_id\":5}', 'O:32:\"ActionScheduler_IntervalSchedule\":5:{s:22:\"\0*\0scheduled_timestamp\";i:1747852060;s:18:\"\0*\0first_timestamp\";i:1621641600;s:13:\"\0*\0recurrence\";i:86400;s:49:\"\0ActionScheduler_IntervalSchedule\0start_timestamp\";i:1747852060;s:53:\"\0ActionScheduler_IntervalSchedule\0interval_in_seconds\";i:86400;}', 2, 0, '0000-00-00 00:00:00', '0000-00-00 00:00:00', 0, NULL);

-- --------------------------------------------------------

--
-- Table structure for table `wp_nytakstactionscheduler_claims`
--

CREATE TABLE `wp_nytakstactionscheduler_claims` (
  `claim_id` bigint(20) UNSIGNED NOT NULL,
  `date_created_gmt` datetime NOT NULL DEFAULT '0000-00-00 00:00:00'
) ENGINE=InnoDB DEFAULT CHARSET=utf8mb4 COLLATE=utf8mb4_unicode_520_ci;

-- --------------------------------------------------------

--
-- Table structure for table `wp_nytakstactionscheduler_groups`
--

CREATE TABLE `wp_nytakstactionscheduler_groups` (
  `group_id` bigint(20) UNSIGNED NOT NULL,
  `slug` varchar(255) COLLATE utf8mb4_unicode_520_ci NOT NULL
) ENGINE=InnoDB DEFAULT CHARSET=utf8mb4 COLLATE=utf8mb4_unicode_520_ci;

--
-- Dumping data for table `wp_nytakstactionscheduler_groups`
--

INSERT INTO `wp_nytakstactionscheduler_groups` (`group_id`, `slug`) VALUES
(1, 'action-scheduler-migration'),
(2, 'wpforms');

-- --------------------------------------------------------

--
-- Table structure for table `wp_nytakstactionscheduler_logs`
--

CREATE TABLE `wp_nytakstactionscheduler_logs` (
  `log_id` bigint(20) UNSIGNED NOT NULL,
  `action_id` bigint(20) UNSIGNED NOT NULL,
  `message` text COLLATE utf8mb4_unicode_520_ci NOT NULL,
  `log_date_gmt` datetime NOT NULL DEFAULT '0000-00-00 00:00:00',
  `log_date_local` datetime NOT NULL DEFAULT '0000-00-00 00:00:00'
) ENGINE=InnoDB DEFAULT CHARSET=utf8mb4 COLLATE=utf8mb4_unicode_520_ci;

--
-- Dumping data for table `wp_nytakstactionscheduler_logs`
--

INSERT INTO `wp_nytakstactionscheduler_logs` (`log_id`, `action_id`, `message`, `log_date_gmt`, `log_date_local`) VALUES
(7699, 2626, 'action created', '2025-04-18 11:52:26', '2025-04-18 11:52:26'),
(7702, 2627, 'action created', '2025-04-18 13:22:58', '2025-04-18 13:22:58'),
(7705, 2628, 'action created', '2025-04-18 13:22:59', '2025-04-18 13:22:59'),
(7708, 2629, 'action created', '2025-04-18 13:22:59', '2025-04-18 13:22:59'),
(7714, 2631, 'action created', '2025-04-20 10:00:00', '2025-04-20 10:00:00'),
(7715, 2631, 'action started via WP Cron', '2025-04-21 10:03:52', '2025-04-21 10:03:52'),
(7716, 2631, 'action complete via WP Cron', '2025-04-21 10:03:52', '2025-04-21 10:03:52'),
(7717, 2632, 'action created', '2025-04-21 10:03:52', '2025-04-21 10:03:52'),
(7718, 2632, 'action started via WP Cron', '2025-04-22 10:05:52', '2025-04-22 10:05:52'),
(7719, 2632, 'action complete via WP Cron', '2025-04-22 10:05:52', '2025-04-22 10:05:52'),
(7720, 2633, 'action created', '2025-04-22 10:05:52', '2025-04-22 10:05:52'),
(7721, 2633, 'action started via WP Cron', '2025-04-23 10:07:07', '2025-04-23 10:07:07'),
(7722, 2633, 'action complete via WP Cron', '2025-04-23 10:07:07', '2025-04-23 10:07:07'),
(7723, 2634, 'action created', '2025-04-23 10:07:07', '2025-04-23 10:07:07'),
(7724, 2634, 'action started via WP Cron', '2025-04-24 10:08:36', '2025-04-24 10:08:36'),
(7725, 2634, 'action complete via WP Cron', '2025-04-24 10:08:37', '2025-04-24 10:08:37'),
(7726, 2635, 'action created', '2025-04-24 10:08:37', '2025-04-24 10:08:37'),
(7727, 2635, 'action started via WP Cron', '2025-04-25 10:09:28', '2025-04-25 10:09:28'),
(7728, 2635, 'action complete via WP Cron', '2025-04-25 10:09:28', '2025-04-25 10:09:28'),
(7729, 2636, 'action created', '2025-04-25 10:09:28', '2025-04-25 10:09:28'),
(7730, 2626, 'action started via WP Cron', '2025-04-25 11:54:11', '2025-04-25 11:54:11'),
(7731, 2626, 'action complete via WP Cron', '2025-04-25 11:54:12', '2025-04-25 11:54:12'),
(7732, 2637, 'action created', '2025-04-25 11:54:12', '2025-04-25 11:54:12'),
(7733, 2627, 'action started via WP Cron', '2025-04-25 13:26:03', '2025-04-25 13:26:03'),
(7734, 2627, 'action complete via WP Cron', '2025-04-25 13:26:03', '2025-04-25 13:26:03'),
(7735, 2638, 'action created', '2025-04-25 13:26:03', '2025-04-25 13:26:03'),
(7736, 2628, 'action started via WP Cron', '2025-04-25 13:26:03', '2025-04-25 13:26:03'),
(7737, 2628, 'action complete via WP Cron', '2025-04-25 13:26:03', '2025-04-25 13:26:03'),
(7738, 2639, 'action created', '2025-04-25 13:26:03', '2025-04-25 13:26:03'),
(7739, 2629, 'action started via WP Cron', '2025-04-25 13:26:03', '2025-04-25 13:26:03'),
(7740, 2629, 'action complete via WP Cron', '2025-04-25 13:26:03', '2025-04-25 13:26:03'),
(7741, 2640, 'action created', '2025-04-25 13:26:03', '2025-04-25 13:26:03'),
(7742, 2636, 'action started via WP Cron', '2025-04-26 10:10:15', '2025-04-26 10:10:15'),
(7743, 2636, 'action complete via WP Cron', '2025-04-26 10:10:15', '2025-04-26 10:10:15'),
(7744, 2641, 'action created', '2025-04-26 10:10:15', '2025-04-26 10:10:15'),
(7745, 2641, 'action started via WP Cron', '2025-04-27 10:10:51', '2025-04-27 10:10:51'),
(7746, 2641, 'action complete via WP Cron', '2025-04-27 10:10:51', '2025-04-27 10:10:51'),
(7747, 2642, 'action created', '2025-04-27 10:10:51', '2025-04-27 10:10:51'),
(7748, 2642, 'action started via WP Cron', '2025-04-28 10:17:48', '2025-04-28 10:17:48'),
(7749, 2642, 'action complete via WP Cron', '2025-04-28 10:17:48', '2025-04-28 10:17:48'),
(7750, 2643, 'action created', '2025-04-28 10:17:48', '2025-04-28 10:17:48'),
(7751, 2643, 'action started via WP Cron', '2025-04-29 10:18:24', '2025-04-29 10:18:24'),
(7752, 2643, 'action complete via WP Cron', '2025-04-29 10:18:24', '2025-04-29 10:18:24'),
(7753, 2644, 'action created', '2025-04-29 10:18:24', '2025-04-29 10:18:24'),
(7754, 2644, 'action started via WP Cron', '2025-04-30 10:20:30', '2025-04-30 10:20:30'),
(7755, 2644, 'action complete via WP Cron', '2025-04-30 10:20:30', '2025-04-30 10:20:30'),
(7756, 2645, 'action created', '2025-04-30 10:20:30', '2025-04-30 10:20:30'),
(7757, 2645, 'action started via WP Cron', '2025-05-01 10:23:29', '2025-05-01 10:23:29'),
(7758, 2645, 'action complete via WP Cron', '2025-05-01 10:23:29', '2025-05-01 10:23:29'),
(7759, 2646, 'action created', '2025-05-01 10:23:29', '2025-05-01 10:23:29'),
(7760, 2646, 'action started via WP Cron', '2025-05-02 10:27:06', '2025-05-02 10:27:06'),
(7761, 2646, 'action complete via WP Cron', '2025-05-02 10:27:06', '2025-05-02 10:27:06'),
(7762, 2647, 'action created', '2025-05-02 10:27:06', '2025-05-02 10:27:06'),
(7763, 2637, 'action started via WP Cron', '2025-05-02 11:54:36', '2025-05-02 11:54:36'),
(7764, 2637, 'action complete via WP Cron', '2025-05-02 11:54:36', '2025-05-02 11:54:36'),
(7765, 2648, 'action created', '2025-05-02 11:54:36', '2025-05-02 11:54:36'),
(7766, 2638, 'action started via WP Cron', '2025-05-02 13:27:15', '2025-05-02 13:27:15'),
(7767, 2638, 'action complete via WP Cron', '2025-05-02 13:27:15', '2025-05-02 13:27:15'),
(7768, 2649, 'action created', '2025-05-02 13:27:15', '2025-05-02 13:27:15'),
(7769, 2639, 'action started via WP Cron', '2025-05-02 13:27:15', '2025-05-02 13:27:15'),
(7770, 2639, 'action complete via WP Cron', '2025-05-02 13:27:15', '2025-05-02 13:27:15'),
(7771, 2650, 'action created', '2025-05-02 13:27:15', '2025-05-02 13:27:15'),
(7772, 2640, 'action started via WP Cron', '2025-05-02 13:27:15', '2025-05-02 13:27:15'),
(7773, 2640, 'action complete via WP Cron', '2025-05-02 13:27:15', '2025-05-02 13:27:15'),
(7774, 2651, 'action created', '2025-05-02 13:27:15', '2025-05-02 13:27:15'),
(7775, 2647, 'action started via WP Cron', '2025-05-03 10:29:09', '2025-05-03 10:29:09'),
(7776, 2647, 'action complete via WP Cron', '2025-05-03 10:29:09', '2025-05-03 10:29:09'),
(7777, 2652, 'action created', '2025-05-03 10:29:09', '2025-05-03 10:29:09'),
(7778, 2652, 'action started via WP Cron', '2025-05-04 10:30:23', '2025-05-04 10:30:23'),
(7779, 2652, 'action complete via WP Cron', '2025-05-04 10:30:23', '2025-05-04 10:30:23'),
(7780, 2653, 'action created', '2025-05-04 10:30:23', '2025-05-04 10:30:23'),
(7781, 2653, 'action started via WP Cron', '2025-05-05 10:30:23', '2025-05-05 10:30:23'),
(7782, 2653, 'action complete via WP Cron', '2025-05-05 10:30:23', '2025-05-05 10:30:23'),
(7783, 2654, 'action created', '2025-05-05 10:30:23', '2025-05-05 10:30:23'),
(7784, 2654, 'action started via WP Cron', '2025-05-05 10:30:23', '2025-05-05 10:30:23'),
(7785, 2654, 'action complete via WP Cron', '2025-05-05 10:30:23', '2025-05-05 10:30:23'),
(7786, 2655, 'action created', '2025-05-05 10:30:23', '2025-05-05 10:30:23'),
(7787, 2655, 'action started via WP Cron', '2025-05-05 10:30:23', '2025-05-05 10:30:23'),
(7788, 2655, 'action complete via WP Cron', '2025-05-05 10:30:23', '2025-05-05 10:30:23'),
(7789, 2656, 'action created', '2025-05-05 10:30:23', '2025-05-05 10:30:23'),
(7790, 2656, 'action started via WP Cron', '2025-05-05 10:30:23', '2025-05-05 10:30:23'),
(7791, 2656, 'action complete via WP Cron', '2025-05-05 10:30:23', '2025-05-05 10:30:23'),
(7792, 2657, 'action created', '2025-05-05 10:30:23', '2025-05-05 10:30:23'),
(7793, 2657, 'action started via WP Cron', '2025-05-05 10:30:23', '2025-05-05 10:30:23'),
(7794, 2657, 'action complete via WP Cron', '2025-05-05 10:30:23', '2025-05-05 10:30:23'),
(7795, 2658, 'action created', '2025-05-05 10:30:23', '2025-05-05 10:30:23'),
(7796, 2658, 'action started via WP Cron', '2025-05-05 10:30:23', '2025-05-05 10:30:23'),
(7797, 2658, 'action complete via WP Cron', '2025-05-05 10:30:23', '2025-05-05 10:30:23'),
(7798, 2659, 'action created', '2025-05-05 10:30:23', '2025-05-05 10:30:23'),
(7799, 2659, 'action started via WP Cron', '2025-05-05 10:30:23', '2025-05-05 10:30:23'),
(7800, 2659, 'action complete via WP Cron', '2025-05-05 10:30:23', '2025-05-05 10:30:23'),
(7801, 2660, 'action created', '2025-05-05 10:30:23', '2025-05-05 10:30:23'),
(7802, 2660, 'action started via WP Cron', '2025-05-05 10:30:23', '2025-05-05 10:30:23'),
(7803, 2660, 'action complete via WP Cron', '2025-05-05 10:30:23', '2025-05-05 10:30:23'),
(7804, 2661, 'action created', '2025-05-05 10:30:23', '2025-05-05 10:30:23'),
(7805, 2661, 'action started via WP Cron', '2025-05-05 10:30:23', '2025-05-05 10:30:23'),
(7806, 2661, 'action complete via WP Cron', '2025-05-05 10:30:23', '2025-05-05 10:30:23'),
(7807, 2662, 'action created', '2025-05-05 10:30:23', '2025-05-05 10:30:23'),
(7808, 2662, 'action started via WP Cron', '2025-05-05 10:30:23', '2025-05-05 10:30:23'),
(7809, 2662, 'action complete via WP Cron', '2025-05-05 10:30:23', '2025-05-05 10:30:23'),
(7810, 2663, 'action created', '2025-05-05 10:30:23', '2025-05-05 10:30:23'),
(7811, 2663, 'action started via WP Cron', '2025-05-05 10:30:23', '2025-05-05 10:30:23'),
(7812, 2663, 'action complete via WP Cron', '2025-05-05 10:30:23', '2025-05-05 10:30:23'),
(7813, 2664, 'action created', '2025-05-05 10:30:24', '2025-05-05 10:30:24'),
(7814, 2664, 'action started via WP Cron', '2025-05-06 10:30:53', '2025-05-06 10:30:53'),
(7815, 2664, 'action complete via WP Cron', '2025-05-06 10:30:53', '2025-05-06 10:30:53'),
(7816, 2665, 'action created', '2025-05-06 10:30:53', '2025-05-06 10:30:53'),
(7817, 2665, 'action started via WP Cron', '2025-05-07 10:31:55', '2025-05-07 10:31:55'),
(7818, 2665, 'action complete via WP Cron', '2025-05-07 10:31:55', '2025-05-07 10:31:55'),
(7819, 2666, 'action created', '2025-05-07 10:31:55', '2025-05-07 10:31:55'),
(7820, 2667, 'action created', '2025-05-09 13:26:11', '2025-05-09 13:26:11'),
(7821, 2648, 'action started via WP Cron', '2025-05-10 17:55:10', '2025-05-10 17:55:10'),
(7822, 2648, 'action complete via WP Cron', '2025-05-10 17:55:10', '2025-05-10 17:55:10'),
(7823, 2668, 'action created', '2025-05-10 17:55:10', '2025-05-10 17:55:10'),
(7824, 2649, 'action started via WP Cron', '2025-05-10 17:56:19', '2025-05-10 17:56:19'),
(7825, 2649, 'action complete via WP Cron', '2025-05-10 17:56:20', '2025-05-10 17:56:20'),
(7826, 2669, 'action created', '2025-05-10 17:56:20', '2025-05-10 17:56:20'),
(7827, 2650, 'action started via WP Cron', '2025-05-10 17:56:20', '2025-05-10 17:56:20'),
(7828, 2650, 'action complete via WP Cron', '2025-05-10 17:56:20', '2025-05-10 17:56:20'),
(7829, 2670, 'action created', '2025-05-10 17:56:20', '2025-05-10 17:56:20'),
(7830, 2651, 'action started via WP Cron', '2025-05-10 17:56:20', '2025-05-10 17:56:20'),
(7831, 2651, 'action complete via WP Cron', '2025-05-10 17:56:20', '2025-05-10 17:56:20'),
(7832, 2671, 'action created', '2025-05-10 17:56:20', '2025-05-10 17:56:20'),
(7833, 2666, 'action started via WP Cron', '2025-05-10 17:56:20', '2025-05-10 17:56:20'),
(7834, 2666, 'action complete via WP Cron', '2025-05-10 17:56:20', '2025-05-10 17:56:20'),
(7835, 2672, 'action created', '2025-05-10 17:56:20', '2025-05-10 17:56:20'),
(7836, 2667, 'action started via WP Cron', '2025-05-10 17:56:20', '2025-05-10 17:56:20'),
(7837, 2667, 'action complete via WP Cron', '2025-05-10 17:56:20', '2025-05-10 17:56:20'),
(7838, 2672, 'action started via WP Cron', '2025-05-11 17:56:21', '2025-05-11 17:56:21'),
(7839, 2672, 'action complete via WP Cron', '2025-05-11 17:56:21', '2025-05-11 17:56:21'),
(7840, 2673, 'action created', '2025-05-11 17:56:21', '2025-05-11 17:56:21'),
(7841, 2673, 'action started via WP Cron', '2025-05-12 17:56:23', '2025-05-12 17:56:23'),
(7842, 2673, 'action complete via WP Cron', '2025-05-12 17:56:23', '2025-05-12 17:56:23'),
(7843, 2674, 'action created', '2025-05-12 17:56:23', '2025-05-12 17:56:23'),
(7844, 2674, 'action started via WP Cron', '2025-05-13 17:56:35', '2025-05-13 17:56:35'),
(7845, 2674, 'action complete via WP Cron', '2025-05-13 17:56:35', '2025-05-13 17:56:35'),
(7846, 2675, 'action created', '2025-05-13 17:56:35', '2025-05-13 17:56:35'),
(7847, 2675, 'action started via WP Cron', '2025-05-14 17:57:14', '2025-05-14 17:57:14'),
(7848, 2675, 'action complete via WP Cron', '2025-05-14 17:57:14', '2025-05-14 17:57:14'),
(7849, 2676, 'action created', '2025-05-14 17:57:14', '2025-05-14 17:57:14'),
(7850, 2676, 'action started via WP Cron', '2025-05-15 18:04:35', '2025-05-15 18:04:35'),
(7851, 2676, 'action complete via WP Cron', '2025-05-15 18:04:35', '2025-05-15 18:04:35'),
(7852, 2677, 'action created', '2025-05-15 18:04:35', '2025-05-15 18:04:35'),
(7853, 2677, 'action started via WP Cron', '2025-05-16 18:11:02', '2025-05-16 18:11:02'),
(7854, 2677, 'action complete via WP Cron', '2025-05-16 18:11:02', '2025-05-16 18:11:02'),
(7855, 2678, 'action created', '2025-05-16 18:11:02', '2025-05-16 18:11:02'),
(7856, 2668, 'action started via WP Cron', '2025-05-17 18:00:05', '2025-05-17 18:00:05'),
(7857, 2668, 'action complete via WP Cron', '2025-05-17 18:00:05', '2025-05-17 18:00:05'),
(7858, 2679, 'action created', '2025-05-17 18:00:05', '2025-05-17 18:00:05'),
(7859, 2669, 'action started via WP Cron', '2025-05-17 18:00:05', '2025-05-17 18:00:05'),
(7860, 2669, 'action complete via WP Cron', '2025-05-17 18:00:05', '2025-05-17 18:00:05'),
(7861, 2680, 'action created', '2025-05-17 18:00:05', '2025-05-17 18:00:05'),
(7862, 2670, 'action started via WP Cron', '2025-05-17 18:00:05', '2025-05-17 18:00:05'),
(7863, 2670, 'action complete via WP Cron', '2025-05-17 18:00:05', '2025-05-17 18:00:05'),
(7864, 2681, 'action created', '2025-05-17 18:00:05', '2025-05-17 18:00:05'),
(7865, 2671, 'action started via WP Cron', '2025-05-17 18:00:05', '2025-05-17 18:00:05'),
(7866, 2671, 'action complete via WP Cron', '2025-05-17 18:00:05', '2025-05-17 18:00:05'),
(7867, 2682, 'action created', '2025-05-17 18:00:06', '2025-05-17 18:00:06'),
(7868, 2678, 'action started via WP Cron', '2025-05-17 18:25:24', '2025-05-17 18:25:24'),
(7869, 2678, 'action complete via WP Cron', '2025-05-17 18:25:24', '2025-05-17 18:25:24'),
(7870, 2683, 'action created', '2025-05-17 18:25:24', '2025-05-17 18:25:24'),
(7871, 2683, 'action started via WP Cron', '2025-05-18 18:27:08', '2025-05-18 18:27:08'),
(7872, 2683, 'action complete via WP Cron', '2025-05-18 18:27:08', '2025-05-18 18:27:08'),
(7873, 2684, 'action created', '2025-05-18 18:27:08', '2025-05-18 18:27:08'),
(7874, 2684, 'action started via WP Cron', '2025-05-19 18:27:20', '2025-05-19 18:27:20'),
(7875, 2684, 'action complete via WP Cron', '2025-05-19 18:27:20', '2025-05-19 18:27:20'),
(7876, 2685, 'action created', '2025-05-19 18:27:20', '2025-05-19 18:27:20'),
(7877, 2685, 'action started via WP Cron', '2025-05-20 18:27:40', '2025-05-20 18:27:40'),
(7878, 2685, 'action complete via WP Cron', '2025-05-20 18:27:40', '2025-05-20 18:27:40'),
(7879, 2686, 'action created', '2025-05-20 18:27:40', '2025-05-20 18:27:40');

-- --------------------------------------------------------

--
-- Table structure for table `wp_nytakstcommentmeta`
--

CREATE TABLE `wp_nytakstcommentmeta` (
  `meta_id` bigint(20) UNSIGNED NOT NULL,
  `comment_id` bigint(20) UNSIGNED NOT NULL DEFAULT '0',
  `meta_key` varchar(255) COLLATE utf8mb4_unicode_ci DEFAULT NULL,
  `meta_value` longtext COLLATE utf8mb4_unicode_ci
) ENGINE=MyISAM DEFAULT CHARSET=utf8mb4 COLLATE=utf8mb4_unicode_ci;

--
-- Dumping data for table `wp_nytakstcommentmeta`
--

INSERT INTO `wp_nytakstcommentmeta` (`meta_id`, `comment_id`, `meta_key`, `meta_value`) VALUES
(3, 19, '_wp_trash_meta_status', '0'),
(4, 19, '_wp_trash_meta_time', '1746797417'),
(5, 18, '_wp_trash_meta_status', '0'),
(6, 18, '_wp_trash_meta_time', '1746797417'),
(7, 17, '_wp_trash_meta_status', '0'),
(8, 17, '_wp_trash_meta_time', '1746797417'),
(9, 16, '_wp_trash_meta_status', '0'),
(10, 16, '_wp_trash_meta_time', '1746797417'),
(11, 15, '_wp_trash_meta_status', '0'),
(12, 15, '_wp_trash_meta_time', '1746797417'),
(13, 14, '_wp_trash_meta_status', '0'),
(14, 14, '_wp_trash_meta_time', '1746797417'),
(15, 13, '_wp_trash_meta_status', '0'),
(16, 13, '_wp_trash_meta_time', '1746797417'),
(17, 12, '_wp_trash_meta_status', '0'),
(18, 12, '_wp_trash_meta_time', '1746797417'),
(19, 11, '_wp_trash_meta_status', '0'),
(20, 11, '_wp_trash_meta_time', '1746797417'),
(21, 10, '_wp_trash_meta_status', '0'),
(22, 10, '_wp_trash_meta_time', '1746797417'),
(23, 9, '_wp_trash_meta_status', '0'),
(24, 9, '_wp_trash_meta_time', '1746797417'),
(25, 8, '_wp_trash_meta_status', '0'),
(26, 8, '_wp_trash_meta_time', '1746797417'),
(27, 7, '_wp_trash_meta_status', '0'),
(28, 7, '_wp_trash_meta_time', '1746797417'),
(29, 6, '_wp_trash_meta_status', '0'),
(30, 6, '_wp_trash_meta_time', '1746797417'),
(31, 5, '_wp_trash_meta_status', '0'),
(32, 5, '_wp_trash_meta_time', '1746797417'),
(33, 4, '_wp_trash_meta_status', '0'),
(34, 4, '_wp_trash_meta_time', '1746797417'),
(35, 3, '_wp_trash_meta_status', '0'),
(36, 3, '_wp_trash_meta_time', '1746797417'),
(37, 2, '_wp_trash_meta_status', '0'),
(38, 2, '_wp_trash_meta_time', '1746797417');

-- --------------------------------------------------------

--
-- Table structure for table `wp_nytakstcomments`
--

CREATE TABLE `wp_nytakstcomments` (
  `comment_ID` bigint(20) UNSIGNED NOT NULL,
  `comment_post_ID` bigint(20) UNSIGNED NOT NULL DEFAULT '0',
  `comment_author` tinytext COLLATE utf8mb4_unicode_ci NOT NULL,
  `comment_author_email` varchar(100) COLLATE utf8mb4_unicode_ci NOT NULL DEFAULT '',
  `comment_author_url` varchar(200) COLLATE utf8mb4_unicode_ci NOT NULL DEFAULT '',
  `comment_author_IP` varchar(100) COLLATE utf8mb4_unicode_ci NOT NULL DEFAULT '',
  `comment_date` datetime NOT NULL DEFAULT '0000-00-00 00:00:00',
  `comment_date_gmt` datetime NOT NULL DEFAULT '0000-00-00 00:00:00',
  `comment_content` text COLLATE utf8mb4_unicode_ci NOT NULL,
  `comment_karma` int(11) NOT NULL DEFAULT '0',
  `comment_approved` varchar(20) COLLATE utf8mb4_unicode_ci NOT NULL DEFAULT '1',
  `comment_agent` varchar(255) COLLATE utf8mb4_unicode_ci NOT NULL DEFAULT '',
  `comment_type` varchar(20) COLLATE utf8mb4_unicode_ci NOT NULL DEFAULT 'comment',
  `comment_parent` bigint(20) UNSIGNED NOT NULL DEFAULT '0',
  `user_id` bigint(20) UNSIGNED NOT NULL DEFAULT '0'
) ENGINE=MyISAM DEFAULT CHARSET=utf8mb4 COLLATE=utf8mb4_unicode_ci;

--
-- Dumping data for table `wp_nytakstcomments`
--

INSERT INTO `wp_nytakstcomments` (`comment_ID`, `comment_post_ID`, `comment_author`, `comment_author_email`, `comment_author_url`, `comment_author_IP`, `comment_date`, `comment_date_gmt`, `comment_content`, `comment_karma`, `comment_approved`, `comment_agent`, `comment_type`, `comment_parent`, `user_id`) VALUES
(2, 7, 'zelma', '35276@gmail.com', 'http://bitly.ws/znHX', '45.158.48.52', '2023-01-27 09:38:08', '2023-01-27 09:38:08', 'Waiting patiently for you to come home and fuck me! http://bitly.ws/znHX', 0, 'trash', 'Mozilla/5.0 (Windows NT 6.3; Win64; x64) AppleWebKit/537.36 (KHTML, like Gecko) Chrome/91.0.4472.114 Safari/537.36', 'comment', 0, 0),
(3, 29, 'plinko casino game real money', '', 'https://onlinecasinoareal.com/', '179.60.183.250', '2023-02-08 06:44:33', '2023-02-08 06:44:33', '[&#8230;] real money casino pa [&#8230;]', 0, 'trash', 'Mozilla/5.0 (Macintosh; Intel Mac OS X 10_13) AppleWebKit/603.1.13 (KHTML, like Gecko) Version/10.1 Safari/603.1.13', 'pingback', 0, 0),
(4, 8, 'jeannette', '87821@gmail.com', 'https://is.gd/dBsd60', '37.139.179.19', '2023-02-25 18:04:52', '2023-02-25 18:04:52', 'Play with my tits? https://is.gd/dBsd60', 0, 'trash', 'Mozilla/5.0 (Windows NT 6.3; Win64; x64) AppleWebKit/537.36 (KHTML, like Gecko) Chrome/91.0.4472.114 Safari/537.36', 'comment', 0, 0),
(5, 9, 'erica', '5640@gmail.com', 'https://is.gd/dBsd60', '91.244.13.58', '2023-02-28 11:25:14', '2023-02-28 11:25:14', 'I\'m ready for you https://is.gd/dBsd60', 0, 'trash', 'Mozilla/5.0 (Windows NT 6.3; Win64; x64) AppleWebKit/537.36 (KHTML, like Gecko) Chrome/91.0.4472.114 Safari/537.36', 'comment', 0, 0),
(6, 9, 'lois', '59251@gmail.com', 'https://is.gd/dBsd60', '91.244.13.58', '2023-03-05 22:32:44', '2023-03-05 22:32:44', 'Join me in the shower Daddy, I need your strong hands to scrub me down! https://is.gd/dBsd60', 0, 'trash', 'Mozilla/5.0 (Windows NT 6.3; Win64; x64) AppleWebKit/537.36 (KHTML, like Gecko) Chrome/91.0.4472.114 Safari/537.36', 'comment', 0, 0),
(7, 8, 'marcella', '26131@gmail.com', 'http://tiny.cc/gz35vz', '91.244.13.58', '2023-03-11 04:08:43', '2023-03-11 04:08:43', 'I’ll spread my legs if you’ll spread my pussy http://tiny.cc/gz35vz', 0, 'trash', 'Mozilla/5.0 (Windows NT 6.3; Win64; x64) AppleWebKit/537.36 (KHTML, like Gecko) Chrome/91.0.4472.114 Safari/537.36', 'comment', 0, 0),
(8, 9, 'marylou', '78492@gmail.com', 'http://tiny.cc/gz35vz', '91.244.13.58', '2023-03-13 17:57:49', '2023-03-13 17:57:49', 'Would you let me bounce up and down on your cock? http://tiny.cc/gz35vz', 0, 'trash', 'Mozilla/5.0 (Windows NT 6.3; Win64; x64) AppleWebKit/537.36 (KHTML, like Gecko) Chrome/91.0.4472.114 Safari/537.36', 'comment', 0, 0),
(9, 8, 'odessa', '5768@gmail.com', 'http://prephe.ro/y6sn', '91.244.13.58', '2023-03-16 08:07:01', '2023-03-16 08:07:01', 'Feel free to join me on a naked nature walk. http://prephe.ro/y6sn', 0, 'trash', 'Mozilla/5.0 (Windows NT 6.3; Win64; x64) AppleWebKit/537.36 (KHTML, like Gecko) Chrome/91.0.4472.114 Safari/537.36', 'comment', 0, 0),
(10, 9, 'sara', '82830@gmail.com', 'http://prephe.ro/Bdsn', '91.244.13.247', '2023-03-25 00:29:09', '2023-03-25 00:29:09', 'May I borrow your tongue? http://prephe.ro/Bdsn', 0, 'trash', 'Mozilla/5.0 (Windows NT 6.3; Win64; x64) AppleWebKit/537.36 (KHTML, like Gecko) Chrome/91.0.4472.114 Safari/537.36', 'comment', 0, 0),
(11, 8, 'kate', '6440@gmail.com', 'http://prephe.ro/Bdsn', '92.43.80.160', '2023-03-27 13:54:48', '2023-03-27 13:54:48', 'When I think about you I touch myself http://prephe.ro/Bdsn', 0, 'trash', 'Mozilla/5.0 (Windows NT 6.3; Win64; x64) AppleWebKit/537.36 (KHTML, like Gecko) Chrome/91.0.4472.114 Safari/537.36', 'comment', 0, 0),
(12, 8, 'kristi', '64382@gmail.com', 'http://prephe.ro/Bdsn', '91.244.12.175', '2023-04-03 08:54:32', '2023-04-03 08:54:32', 'Time to sit on you? http://prephe.ro/Bdsn', 0, 'trash', 'Mozilla/5.0 (Windows NT 6.3; Win64; x64) AppleWebKit/537.36 (KHTML, like Gecko) Chrome/91.0.4472.114 Safari/537.36', 'comment', 0, 0),
(13, 9, 'dominique', '49370@gmail.com', 'http://prephe.ro/Bdsn', '91.244.12.175', '2023-04-06 04:51:27', '2023-04-06 04:51:27', 'Cum on my tits or mouth? http://prephe.ro/Bdsn', 0, 'trash', 'Mozilla/5.0 (Windows NT 6.3; Win64; x64) AppleWebKit/537.36 (KHTML, like Gecko) Chrome/91.0.4472.114 Safari/537.36', 'comment', 0, 0),
(14, 7, 'edith', '65905@gmail.com', 'http://prephe.ro/naqn', '91.244.12.175', '2023-05-06 19:01:41', '2023-05-06 19:01:41', 'My room is a little nippy… can you tell http://prephe.ro/naqn', 0, 'trash', 'Mozilla/5.0 (Windows NT 6.3; Win64; x64) AppleWebKit/537.36 (KHTML, like Gecko) Chrome/91.0.4472.114 Safari/537.36', 'comment', 0, 0),
(15, 7, 'Extended Opportunity', '79515@gmail.com', '', '109.72.127.188', '2024-02-04 23:29:00', '2024-02-04 23:29:00', 'Hey Guys,\r\n\r\nWarning: From February 2024, all existing email autoresponders will become obsolete!\r\n\r\nIn fact, if you want to send marketing emails, promotional emails, or any other sort of emails starting in February 2024, you’ll need to comply with Gmail’s and Yahoo’s draconic new directives.\r\n \r\nThey require regular marketers like you and I to setup complex code on sending domains… and existing autoresponders like Aweber and GetResponse are not helping: they’re requesting you do all the work, and their training is filled with complex instructions and flowcharts… \r\n \r\nHow would you like to send unlimited emails at the push of a button all with done-for-you DMARC, DKIM, SPF, custom IPs and dedicated SMTP sending servers?\r\n\r\nWhat I mean by all of that tech talk above, is that with ProfitMarc, we give you pre-set, pre-configured, DONE-FOR-YOU email sending addresses you can just load up and mail straight away.\r\n\r\nWe don’t even have any “setup tutorials” like other autoresponders either, because guess what: we already did all the setup for you!\r\n\r\nAll of our built-in sending addresses and servers are already pre-warmed with Gmail and Yahoo and they’re loving us: 99% inbox rate is the average!\r\n \r\n⇒ Grab your copy here! ⇒ https://ext-opp.com/ProfitMarc', 0, 'trash', 'Mozilla/5.0 (Windows NT 6.3; Win64; x64) AppleWebKit/537.36 (KHTML, like Gecko) Chrome/91.0.4472.114 Safari/537.36', 'comment', 0, 0),
(16, 7, 'Extended Opportunity', '16461@gmail.com', '', '185.125.50.5', '2024-04-05 02:27:42', '2024-04-05 02:27:42', 'This Dude Creates Bitc0in Out Of Thin Air [CRAZY]\r\n\r\nI didn’t believe it either at first…\r\n\r\nUntil i saw it works in action &gt;&gt; https://ext-opp.com/Coinz\r\n\r\nYou see, Bitc0in and the entire Crypt0 market is about to go through the rough… \r\n\r\nSome smart people will get in now, and make massive gains,\r\nAnd some will stand and watch people make money… \r\n\r\nUltimately, I want you to get in now… \r\n\r\nBut here is the issue… \r\n\r\nIf you put any kind of money in it now, it would be a huge risk. \r\nEspecially if you put in money that you can’t afford to lose… \r\n\r\nBut what my friend, Seyi, did is insane… \r\n\r\nHe created the world’s first AI app that literally generates Bitc0in and ETH out of thin air… \r\n\r\nAll you need to do is just connect your wallet, and that’s it… \r\n\r\n- You don’t need to analyze the market \r\n- You don’t need mining equipments \r\n- You don’t need to trade \r\n- And you don’t need to invest even a penny\r\n\r\nTo create your account with Coinz, and start receiving daily Bitc0in &amp; etheruem for 100% free click here &gt;&gt; https://ext-opp.com/Coinz\r\n\r\nBut don’t delay, because the price of Coinz will double very soon… \r\n\r\nCheers', 0, 'trash', 'Mozilla/5.0 (Windows NT 6.3; Win64; x64) AppleWebKit/537.36 (KHTML, like Gecko) Chrome/91.0.4472.114 Safari/537.36', 'comment', 0, 0),
(17, 8, 'Extended Opportunity', '78059@gmail.com', '', '185.125.50.5', '2024-04-17 00:08:42', '2024-04-17 00:08:42', 'An Ultimate Web-Hosting Solution For Business Owners https://ext-opp.com/HostsMaster', 0, 'trash', 'Mozilla/5.0 (Windows NT 6.3; Win64; x64) AppleWebKit/537.36 (KHTML, like Gecko) Chrome/91.0.4472.114 Safari/537.36', 'comment', 0, 0),
(18, 7, 'Extended Opportunity', '17339@gmail.com', '', '185.125.50.5', '2024-04-25 23:37:30', '2024-04-25 23:37:30', 'Word\'s First NLP &amp; ML Based Email, Voice &amp; Video Marketing Autoresponder Thats Boost Email Delivery, Click &amp; Open Rates Instantly https://ext-opp.com/VidMailsAI', 0, 'trash', 'Mozilla/5.0 (Windows NT 6.3; Win64; x64) AppleWebKit/537.36 (KHTML, like Gecko) Chrome/91.0.4472.114 Safari/537.36', 'comment', 0, 0),
(19, 12, 'promethazine price', '', 'https://antiasthmameds.top/promethazine', '64.43.122.176', '2024-07-22 11:05:31', '2024-07-22 11:05:31', '[&#8230;] promethazine 25mg [&#8230;]', 0, 'trash', 'Mozilla/5.0 (Macintosh; Intel Mac OS X 10_13) AppleWebKit/603.1.13 (KHTML, like Gecko) Version/10.1 Safari/603.1.13', 'pingback', 0, 0);

-- --------------------------------------------------------

--
-- Table structure for table `wp_nytakstlinks`
--

CREATE TABLE `wp_nytakstlinks` (
  `link_id` bigint(20) UNSIGNED NOT NULL,
  `link_url` varchar(255) COLLATE utf8mb4_unicode_ci NOT NULL DEFAULT '',
  `link_name` varchar(255) COLLATE utf8mb4_unicode_ci NOT NULL DEFAULT '',
  `link_image` varchar(255) COLLATE utf8mb4_unicode_ci NOT NULL DEFAULT '',
  `link_target` varchar(25) COLLATE utf8mb4_unicode_ci NOT NULL DEFAULT '',
  `link_description` varchar(255) COLLATE utf8mb4_unicode_ci NOT NULL DEFAULT '',
  `link_visible` varchar(20) COLLATE utf8mb4_unicode_ci NOT NULL DEFAULT 'Y',
  `link_owner` bigint(20) UNSIGNED NOT NULL DEFAULT '1',
  `link_rating` int(11) NOT NULL DEFAULT '0',
  `link_updated` datetime NOT NULL DEFAULT '0000-00-00 00:00:00',
  `link_rel` varchar(255) COLLATE utf8mb4_unicode_ci NOT NULL DEFAULT '',
  `link_notes` mediumtext COLLATE utf8mb4_unicode_ci NOT NULL,
  `link_rss` varchar(255) COLLATE utf8mb4_unicode_ci NOT NULL DEFAULT ''
) ENGINE=MyISAM DEFAULT CHARSET=utf8mb4 COLLATE=utf8mb4_unicode_ci;

-- --------------------------------------------------------

--
-- Table structure for table `wp_nytakstoptions`
--

CREATE TABLE `wp_nytakstoptions` (
  `option_id` bigint(20) UNSIGNED NOT NULL,
  `option_name` varchar(191) COLLATE utf8mb4_unicode_ci DEFAULT NULL,
  `option_value` longtext COLLATE utf8mb4_unicode_ci,
  `autoload` varchar(20) COLLATE utf8mb4_unicode_ci NOT NULL DEFAULT 'yes'
) ENGINE=MyISAM DEFAULT CHARSET=utf8mb4 COLLATE=utf8mb4_unicode_ci;



-- --------------------------------------------------------

--
-- Table structure for table `wp_nytakstpostmeta`
--

CREATE TABLE `wp_nytakstpostmeta` (
  `meta_id` bigint(20) UNSIGNED NOT NULL,
  `post_id` bigint(20) UNSIGNED NOT NULL DEFAULT '0',
  `meta_key` varchar(255) COLLATE utf8mb4_unicode_ci DEFAULT NULL,
  `meta_value` longtext COLLATE utf8mb4_unicode_ci
) ENGINE=MyISAM DEFAULT CHARSET=utf8mb4 COLLATE=utf8mb4_unicode_ci;

--
-- Dumping data for table `wp_nytakstpostmeta`
--

INSERT INTO `wp_nytakstpostmeta` (`meta_id`, `post_id`, `meta_key`, `meta_value`) VALUES
(1, 2, '_wp_page_template', 'default'),
(2, 2, '_edit_last', '1'),
(3, 2, '_edit_lock', '1621410362:1'),
(4, 1, '_edit_last', '1'),
(7, 6, '_menu_item_type', 'custom'),
(6, 1, '_edit_lock', '1452209238:1'),
(8, 6, '_menu_item_menu_item_parent', '0'),
(9, 6, '_menu_item_object_id', '6'),
(10, 6, '_menu_item_object', 'custom'),
(11, 6, '_menu_item_target', ''),
(12, 6, '_menu_item_classes', 'a:1:{i:0;s:0:\"\";}'),
(13, 6, '_menu_item_xfn', ''),
(14, 6, '_menu_item_url', 'http://www.e3click.com/e/login.php'),
(16, 7, '_wp_attached_file', '2016/01/e3click.png'),
(17, 7, '_wp_attachment_metadata', 'a:5:{s:5:\"width\";i:1950;s:6:\"height\";i:850;s:4:\"file\";s:19:\"2016/01/e3click.png\";s:5:\"sizes\";a:6:{s:9:\"thumbnail\";a:4:{s:4:\"file\";s:19:\"e3click-150x150.png\";s:5:\"width\";i:150;s:6:\"height\";i:150;s:9:\"mime-type\";s:9:\"image/png\";}s:6:\"medium\";a:4:{s:4:\"file\";s:19:\"e3click-300x131.png\";s:5:\"width\";i:300;s:6:\"height\";i:131;s:9:\"mime-type\";s:9:\"image/png\";}s:12:\"medium_large\";a:4:{s:4:\"file\";s:19:\"e3click-768x335.png\";s:5:\"width\";i:768;s:6:\"height\";i:335;s:9:\"mime-type\";s:9:\"image/png\";}s:5:\"large\";a:4:{s:4:\"file\";s:20:\"e3click-1024x446.png\";s:5:\"width\";i:1024;s:6:\"height\";i:446;s:9:\"mime-type\";s:9:\"image/png\";}s:19:\"oblique-entry-thumb\";a:4:{s:4:\"file\";s:19:\"e3click-370x161.png\";s:5:\"width\";i:370;s:6:\"height\";i:161;s:9:\"mime-type\";s:9:\"image/png\";}s:20:\"oblique-single-thumb\";a:4:{s:4:\"file\";s:20:\"e3click-1040x453.png\";s:5:\"width\";i:1040;s:6:\"height\";i:453;s:9:\"mime-type\";s:9:\"image/png\";}}s:10:\"image_meta\";a:12:{s:8:\"aperture\";i:0;s:6:\"credit\";s:0:\"\";s:6:\"camera\";s:0:\"\";s:7:\"caption\";s:0:\"\";s:17:\"created_timestamp\";i:0;s:9:\"copyright\";s:0:\"\";s:12:\"focal_length\";i:0;s:3:\"iso\";i:0;s:13:\"shutter_speed\";i:0;s:5:\"title\";s:0:\"\";s:11:\"orientation\";i:0;s:8:\"keywords\";a:0:{}}}'),
(18, 8, '_wp_attached_file', '2016/01/cropped-e3click.png'),
(19, 8, '_wp_attachment_context', 'custom-header'),
(20, 8, '_wp_attachment_metadata', 'a:5:{s:5:\"width\";i:1920;s:6:\"height\";i:850;s:4:\"file\";s:27:\"2016/01/cropped-e3click.png\";s:5:\"sizes\";a:6:{s:9:\"thumbnail\";a:4:{s:4:\"file\";s:27:\"cropped-e3click-150x150.png\";s:5:\"width\";i:150;s:6:\"height\";i:150;s:9:\"mime-type\";s:9:\"image/png\";}s:6:\"medium\";a:4:{s:4:\"file\";s:27:\"cropped-e3click-300x133.png\";s:5:\"width\";i:300;s:6:\"height\";i:133;s:9:\"mime-type\";s:9:\"image/png\";}s:12:\"medium_large\";a:4:{s:4:\"file\";s:27:\"cropped-e3click-768x340.png\";s:5:\"width\";i:768;s:6:\"height\";i:340;s:9:\"mime-type\";s:9:\"image/png\";}s:5:\"large\";a:4:{s:4:\"file\";s:28:\"cropped-e3click-1024x453.png\";s:5:\"width\";i:1024;s:6:\"height\";i:453;s:9:\"mime-type\";s:9:\"image/png\";}s:19:\"oblique-entry-thumb\";a:4:{s:4:\"file\";s:27:\"cropped-e3click-370x164.png\";s:5:\"width\";i:370;s:6:\"height\";i:164;s:9:\"mime-type\";s:9:\"image/png\";}s:20:\"oblique-single-thumb\";a:4:{s:4:\"file\";s:28:\"cropped-e3click-1040x460.png\";s:5:\"width\";i:1040;s:6:\"height\";i:460;s:9:\"mime-type\";s:9:\"image/png\";}}s:10:\"image_meta\";a:12:{s:8:\"aperture\";i:0;s:6:\"credit\";s:0:\"\";s:6:\"camera\";s:0:\"\";s:7:\"caption\";s:0:\"\";s:17:\"created_timestamp\";i:0;s:9:\"copyright\";s:0:\"\";s:12:\"focal_length\";i:0;s:3:\"iso\";i:0;s:13:\"shutter_speed\";i:0;s:5:\"title\";s:0:\"\";s:11:\"orientation\";i:0;s:8:\"keywords\";a:0:{}}}'),
(21, 8, '_wp_attachment_custom_header_last_used_oblique', '1452202338'),
(22, 8, '_wp_attachment_is_custom_header', 'oblique'),
(23, 9, '_wp_attached_file', '2016/01/Untitled-1.gif'),
(24, 9, '_wp_attachment_metadata', 'a:5:{s:5:\"width\";i:1950;s:6:\"height\";i:850;s:4:\"file\";s:22:\"2016/01/Untitled-1.gif\";s:5:\"sizes\";a:6:{s:9:\"thumbnail\";a:4:{s:4:\"file\";s:22:\"Untitled-1-150x150.gif\";s:5:\"width\";i:150;s:6:\"height\";i:150;s:9:\"mime-type\";s:9:\"image/gif\";}s:6:\"medium\";a:4:{s:4:\"file\";s:22:\"Untitled-1-300x131.gif\";s:5:\"width\";i:300;s:6:\"height\";i:131;s:9:\"mime-type\";s:9:\"image/gif\";}s:12:\"medium_large\";a:4:{s:4:\"file\";s:22:\"Untitled-1-768x335.gif\";s:5:\"width\";i:768;s:6:\"height\";i:335;s:9:\"mime-type\";s:9:\"image/gif\";}s:5:\"large\";a:4:{s:4:\"file\";s:23:\"Untitled-1-1024x446.gif\";s:5:\"width\";i:1024;s:6:\"height\";i:446;s:9:\"mime-type\";s:9:\"image/gif\";}s:19:\"oblique-entry-thumb\";a:4:{s:4:\"file\";s:22:\"Untitled-1-370x161.gif\";s:5:\"width\";i:370;s:6:\"height\";i:161;s:9:\"mime-type\";s:9:\"image/gif\";}s:20:\"oblique-single-thumb\";a:4:{s:4:\"file\";s:23:\"Untitled-1-1040x453.gif\";s:5:\"width\";i:1040;s:6:\"height\";i:453;s:9:\"mime-type\";s:9:\"image/gif\";}}s:10:\"image_meta\";a:12:{s:8:\"aperture\";i:0;s:6:\"credit\";s:0:\"\";s:6:\"camera\";s:0:\"\";s:7:\"caption\";s:0:\"\";s:17:\"created_timestamp\";i:0;s:9:\"copyright\";s:0:\"\";s:12:\"focal_length\";i:0;s:3:\"iso\";i:0;s:13:\"shutter_speed\";i:0;s:5:\"title\";s:0:\"\";s:11:\"orientation\";i:0;s:8:\"keywords\";a:0:{}}}'),
(25, 10, '_wp_attached_file', '2016/01/cropped-Untitled-1.gif'),
(26, 10, '_wp_attachment_context', 'custom-header'),
(27, 10, '_wp_attachment_metadata', 'a:5:{s:5:\"width\";i:1920;s:6:\"height\";i:850;s:4:\"file\";s:30:\"2016/01/cropped-Untitled-1.gif\";s:5:\"sizes\";a:6:{s:9:\"thumbnail\";a:4:{s:4:\"file\";s:30:\"cropped-Untitled-1-150x150.gif\";s:5:\"width\";i:150;s:6:\"height\";i:150;s:9:\"mime-type\";s:9:\"image/gif\";}s:6:\"medium\";a:4:{s:4:\"file\";s:30:\"cropped-Untitled-1-300x133.gif\";s:5:\"width\";i:300;s:6:\"height\";i:133;s:9:\"mime-type\";s:9:\"image/gif\";}s:12:\"medium_large\";a:4:{s:4:\"file\";s:30:\"cropped-Untitled-1-768x340.gif\";s:5:\"width\";i:768;s:6:\"height\";i:340;s:9:\"mime-type\";s:9:\"image/gif\";}s:5:\"large\";a:4:{s:4:\"file\";s:31:\"cropped-Untitled-1-1024x453.gif\";s:5:\"width\";i:1024;s:6:\"height\";i:453;s:9:\"mime-type\";s:9:\"image/gif\";}s:19:\"oblique-entry-thumb\";a:4:{s:4:\"file\";s:30:\"cropped-Untitled-1-370x164.gif\";s:5:\"width\";i:370;s:6:\"height\";i:164;s:9:\"mime-type\";s:9:\"image/gif\";}s:20:\"oblique-single-thumb\";a:4:{s:4:\"file\";s:31:\"cropped-Untitled-1-1040x460.gif\";s:5:\"width\";i:1040;s:6:\"height\";i:460;s:9:\"mime-type\";s:9:\"image/gif\";}}s:10:\"image_meta\";a:12:{s:8:\"aperture\";i:0;s:6:\"credit\";s:0:\"\";s:6:\"camera\";s:0:\"\";s:7:\"caption\";s:0:\"\";s:17:\"created_timestamp\";i:0;s:9:\"copyright\";s:0:\"\";s:12:\"focal_length\";i:0;s:3:\"iso\";i:0;s:13:\"shutter_speed\";i:0;s:5:\"title\";s:0:\"\";s:11:\"orientation\";i:0;s:8:\"keywords\";a:0:{}}}'),
(28, 10, '_wp_attachment_custom_header_last_used_oblique', '1452202806'),
(29, 10, '_wp_attachment_is_custom_header', 'oblique'),
(32, 12, '_edit_last', '1'),
(31, 1, '_wp_old_slug', 'hello-world'),
(36, 14, '_wp_attached_file', '2016/01/E_Logo.png'),
(34, 12, '_edit_lock', '1746797324:1'),
(37, 14, '_wp_attachment_metadata', 'a:5:{s:5:\"width\";i:5000;s:6:\"height\";i:5000;s:4:\"file\";s:18:\"2016/01/E_Logo.png\";s:5:\"sizes\";a:6:{s:9:\"thumbnail\";a:4:{s:4:\"file\";s:18:\"E_Logo-150x150.png\";s:5:\"width\";i:150;s:6:\"height\";i:150;s:9:\"mime-type\";s:9:\"image/png\";}s:6:\"medium\";a:4:{s:4:\"file\";s:18:\"E_Logo-300x300.png\";s:5:\"width\";i:300;s:6:\"height\";i:300;s:9:\"mime-type\";s:9:\"image/png\";}s:12:\"medium_large\";a:4:{s:4:\"file\";s:18:\"E_Logo-768x768.png\";s:5:\"width\";i:768;s:6:\"height\";i:768;s:9:\"mime-type\";s:9:\"image/png\";}s:5:\"large\";a:4:{s:4:\"file\";s:20:\"E_Logo-1024x1024.png\";s:5:\"width\";i:1024;s:6:\"height\";i:1024;s:9:\"mime-type\";s:9:\"image/png\";}s:19:\"oblique-entry-thumb\";a:4:{s:4:\"file\";s:18:\"E_Logo-370x370.png\";s:5:\"width\";i:370;s:6:\"height\";i:370;s:9:\"mime-type\";s:9:\"image/png\";}s:20:\"oblique-single-thumb\";a:4:{s:4:\"file\";s:20:\"E_Logo-1040x1040.png\";s:5:\"width\";i:1040;s:6:\"height\";i:1040;s:9:\"mime-type\";s:9:\"image/png\";}}s:10:\"image_meta\";a:12:{s:8:\"aperture\";i:0;s:6:\"credit\";s:0:\"\";s:6:\"camera\";s:0:\"\";s:7:\"caption\";s:0:\"\";s:17:\"created_timestamp\";i:0;s:9:\"copyright\";s:0:\"\";s:12:\"focal_length\";i:0;s:3:\"iso\";i:0;s:13:\"shutter_speed\";i:0;s:5:\"title\";s:0:\"\";s:11:\"orientation\";i:0;s:8:\"keywords\";a:0:{}}}'),
(48, 20, '_wp_attached_file', '2016/01/600.png'),
(40, 16, '_wp_attached_file', '2016/01/E_Logo_500.png'),
(41, 16, '_wp_attachment_metadata', 'a:5:{s:5:\"width\";i:500;s:6:\"height\";i:500;s:4:\"file\";s:22:\"2016/01/E_Logo_500.png\";s:5:\"sizes\";a:2:{s:9:\"thumbnail\";a:4:{s:4:\"file\";s:22:\"E_Logo_500-150x150.png\";s:5:\"width\";i:150;s:6:\"height\";i:150;s:9:\"mime-type\";s:9:\"image/png\";}s:6:\"medium\";a:4:{s:4:\"file\";s:22:\"E_Logo_500-300x300.png\";s:5:\"width\";i:300;s:6:\"height\";i:300;s:9:\"mime-type\";s:9:\"image/png\";}}s:10:\"image_meta\";a:12:{s:8:\"aperture\";i:0;s:6:\"credit\";s:0:\"\";s:6:\"camera\";s:0:\"\";s:7:\"caption\";s:0:\"\";s:17:\"created_timestamp\";i:0;s:9:\"copyright\";s:0:\"\";s:12:\"focal_length\";i:0;s:3:\"iso\";i:0;s:13:\"shutter_speed\";i:0;s:5:\"title\";s:0:\"\";s:11:\"orientation\";i:0;s:8:\"keywords\";a:0:{}}}'),
(49, 20, '_wp_attachment_metadata', 'a:5:{s:5:\"width\";i:600;s:6:\"height\";i:600;s:4:\"file\";s:15:\"2016/01/600.png\";s:5:\"sizes\";a:2:{s:9:\"thumbnail\";a:4:{s:4:\"file\";s:15:\"600-150x150.png\";s:5:\"width\";i:150;s:6:\"height\";i:150;s:9:\"mime-type\";s:9:\"image/png\";}s:6:\"medium\";a:4:{s:4:\"file\";s:15:\"600-300x300.png\";s:5:\"width\";i:300;s:6:\"height\";i:300;s:9:\"mime-type\";s:9:\"image/png\";}}s:10:\"image_meta\";a:12:{s:8:\"aperture\";i:0;s:6:\"credit\";s:0:\"\";s:6:\"camera\";s:0:\"\";s:7:\"caption\";s:0:\"\";s:17:\"created_timestamp\";i:0;s:9:\"copyright\";s:0:\"\";s:12:\"focal_length\";i:0;s:3:\"iso\";i:0;s:13:\"shutter_speed\";i:0;s:5:\"title\";s:0:\"\";s:11:\"orientation\";i:0;s:8:\"keywords\";a:0:{}}}'),
(52, 21, '_wp_attached_file', '2016/01/300.png'),
(53, 21, '_wp_attachment_metadata', 'a:5:{s:5:\"width\";i:300;s:6:\"height\";i:300;s:4:\"file\";s:15:\"2016/01/300.png\";s:5:\"sizes\";a:1:{s:9:\"thumbnail\";a:4:{s:4:\"file\";s:15:\"300-150x150.png\";s:5:\"width\";i:150;s:6:\"height\";i:150;s:9:\"mime-type\";s:9:\"image/png\";}}s:10:\"image_meta\";a:12:{s:8:\"aperture\";i:0;s:6:\"credit\";s:0:\"\";s:6:\"camera\";s:0:\"\";s:7:\"caption\";s:0:\"\";s:17:\"created_timestamp\";i:0;s:9:\"copyright\";s:0:\"\";s:12:\"focal_length\";i:0;s:3:\"iso\";i:0;s:13:\"shutter_speed\";i:0;s:5:\"title\";s:0:\"\";s:11:\"orientation\";i:0;s:8:\"keywords\";a:0:{}}}'),
(69, 28, '_wp_attached_file', '2016/01/e3_logo.png'),
(56, 22, '_wp_attached_file', '2016/01/e3clickCom.png'),
(57, 22, '_wp_attachment_metadata', 'a:5:{s:5:\"width\";i:260;s:6:\"height\";i:32;s:4:\"file\";s:22:\"2016/01/e3clickCom.png\";s:5:\"sizes\";a:1:{s:9:\"thumbnail\";a:4:{s:4:\"file\";s:21:\"e3clickCom-150x32.png\";s:5:\"width\";i:150;s:6:\"height\";i:32;s:9:\"mime-type\";s:9:\"image/png\";}}s:10:\"image_meta\";a:12:{s:8:\"aperture\";i:0;s:6:\"credit\";s:0:\"\";s:6:\"camera\";s:0:\"\";s:7:\"caption\";s:0:\"\";s:17:\"created_timestamp\";i:0;s:9:\"copyright\";s:0:\"\";s:12:\"focal_length\";i:0;s:3:\"iso\";i:0;s:13:\"shutter_speed\";i:0;s:5:\"title\";s:0:\"\";s:11:\"orientation\";i:0;s:8:\"keywords\";a:0:{}}}'),
(58, 23, '_wp_attached_file', '2016/01/e3clickCom1.png'),
(59, 23, '_wp_attachment_metadata', 'a:5:{s:5:\"width\";i:179;s:6:\"height\";i:22;s:4:\"file\";s:23:\"2016/01/e3clickCom1.png\";s:5:\"sizes\";a:1:{s:9:\"thumbnail\";a:4:{s:4:\"file\";s:22:\"e3clickCom1-150x22.png\";s:5:\"width\";i:150;s:6:\"height\";i:22;s:9:\"mime-type\";s:9:\"image/png\";}}s:10:\"image_meta\";a:12:{s:8:\"aperture\";i:0;s:6:\"credit\";s:0:\"\";s:6:\"camera\";s:0:\"\";s:7:\"caption\";s:0:\"\";s:17:\"created_timestamp\";i:0;s:9:\"copyright\";s:0:\"\";s:12:\"focal_length\";i:0;s:3:\"iso\";i:0;s:13:\"shutter_speed\";i:0;s:5:\"title\";s:0:\"\";s:11:\"orientation\";i:0;s:8:\"keywords\";a:0:{}}}'),
(60, 24, '_wp_attached_file', '2016/01/black.png'),
(61, 24, '_wp_attachment_metadata', 'a:5:{s:5:\"width\";i:50;s:6:\"height\";i:50;s:4:\"file\";s:17:\"2016/01/black.png\";s:5:\"sizes\";a:0:{}s:10:\"image_meta\";a:12:{s:8:\"aperture\";i:0;s:6:\"credit\";s:0:\"\";s:6:\"camera\";s:0:\"\";s:7:\"caption\";s:0:\"\";s:17:\"created_timestamp\";i:0;s:9:\"copyright\";s:0:\"\";s:12:\"focal_length\";i:0;s:3:\"iso\";i:0;s:13:\"shutter_speed\";i:0;s:5:\"title\";s:0:\"\";s:11:\"orientation\";i:0;s:8:\"keywords\";a:0:{}}}'),
(62, 24, '_wp_attachment_is_custom_background', 'gk-portfolio'),
(63, 25, '_wp_attached_file', '2016/01/e3logo.png'),
(64, 25, '_wp_attachment_metadata', 'a:5:{s:5:\"width\";i:179;s:6:\"height\";i:34;s:4:\"file\";s:18:\"2016/01/e3logo.png\";s:5:\"sizes\";a:1:{s:9:\"thumbnail\";a:4:{s:4:\"file\";s:17:\"e3logo-150x34.png\";s:5:\"width\";i:150;s:6:\"height\";i:34;s:9:\"mime-type\";s:9:\"image/png\";}}s:10:\"image_meta\";a:12:{s:8:\"aperture\";i:0;s:6:\"credit\";s:0:\"\";s:6:\"camera\";s:0:\"\";s:7:\"caption\";s:0:\"\";s:17:\"created_timestamp\";i:0;s:9:\"copyright\";s:0:\"\";s:12:\"focal_length\";i:0;s:3:\"iso\";i:0;s:13:\"shutter_speed\";i:0;s:5:\"title\";s:0:\"\";s:11:\"orientation\";i:0;s:8:\"keywords\";a:0:{}}}'),
(65, 26, '_wp_attached_file', '2016/01/e3clickComLogo.png'),
(66, 26, '_wp_attachment_metadata', 'a:5:{s:5:\"width\";i:168;s:6:\"height\";i:40;s:4:\"file\";s:26:\"2016/01/e3clickComLogo.png\";s:5:\"sizes\";a:1:{s:9:\"thumbnail\";a:4:{s:4:\"file\";s:25:\"e3clickComLogo-150x40.png\";s:5:\"width\";i:150;s:6:\"height\";i:40;s:9:\"mime-type\";s:9:\"image/png\";}}s:10:\"image_meta\";a:12:{s:8:\"aperture\";i:0;s:6:\"credit\";s:0:\"\";s:6:\"camera\";s:0:\"\";s:7:\"caption\";s:0:\"\";s:17:\"created_timestamp\";i:0;s:9:\"copyright\";s:0:\"\";s:12:\"focal_length\";i:0;s:3:\"iso\";i:0;s:13:\"shutter_speed\";i:0;s:5:\"title\";s:0:\"\";s:11:\"orientation\";i:0;s:8:\"keywords\";a:0:{}}}'),
(68, 12, '_wp_old_slug', 'login'),
(70, 28, '_wp_attachment_metadata', 'a:5:{s:5:\"width\";i:600;s:6:\"height\";i:600;s:4:\"file\";s:19:\"2016/01/e3_logo.png\";s:5:\"sizes\";a:2:{s:9:\"thumbnail\";a:4:{s:4:\"file\";s:19:\"e3_logo-150x150.png\";s:5:\"width\";i:150;s:6:\"height\";i:150;s:9:\"mime-type\";s:9:\"image/png\";}s:6:\"medium\";a:4:{s:4:\"file\";s:19:\"e3_logo-300x300.png\";s:5:\"width\";i:300;s:6:\"height\";i:300;s:9:\"mime-type\";s:9:\"image/png\";}}s:10:\"image_meta\";a:12:{s:8:\"aperture\";i:0;s:6:\"credit\";s:0:\"\";s:6:\"camera\";s:0:\"\";s:7:\"caption\";s:0:\"\";s:17:\"created_timestamp\";i:0;s:9:\"copyright\";s:0:\"\";s:12:\"focal_length\";i:0;s:3:\"iso\";i:0;s:13:\"shutter_speed\";i:0;s:5:\"title\";s:0:\"\";s:11:\"orientation\";i:0;s:8:\"keywords\";a:0:{}}}'),
(71, 12, '_thumbnail_id', '28'),
(73, 1, '_thumbnail_id', '21'),
(77, 29, '_edit_last', '1'),
(78, 29, '_edit_lock', '1746797342:1'),
(79, 30, '_wp_attached_file', '2016/01/tgw.png'),
(80, 30, '_wp_attachment_metadata', 'a:5:{s:5:\"width\";i:600;s:6:\"height\";i:600;s:4:\"file\";s:15:\"2016/01/tgw.png\";s:5:\"sizes\";a:2:{s:9:\"thumbnail\";a:4:{s:4:\"file\";s:15:\"tgw-150x150.png\";s:5:\"width\";i:150;s:6:\"height\";i:150;s:9:\"mime-type\";s:9:\"image/png\";}s:6:\"medium\";a:4:{s:4:\"file\";s:15:\"tgw-300x300.png\";s:5:\"width\";i:300;s:6:\"height\";i:300;s:9:\"mime-type\";s:9:\"image/png\";}}s:10:\"image_meta\";a:12:{s:8:\"aperture\";i:0;s:6:\"credit\";s:0:\"\";s:6:\"camera\";s:0:\"\";s:7:\"caption\";s:0:\"\";s:17:\"created_timestamp\";i:0;s:9:\"copyright\";s:0:\"\";s:12:\"focal_length\";i:0;s:3:\"iso\";i:0;s:13:\"shutter_speed\";i:0;s:5:\"title\";s:0:\"\";s:11:\"orientation\";i:0;s:8:\"keywords\";a:0:{}}}'),
(81, 29, '_thumbnail_id', '30'),
(84, 32, '_edit_last', '1'),
(85, 32, '_edit_lock', '1746797355:1'),
(86, 33, '_wp_attached_file', '2016/01/efl.png'),
(87, 33, '_wp_attachment_metadata', 'a:5:{s:5:\"width\";i:600;s:6:\"height\";i:600;s:4:\"file\";s:15:\"2016/01/efl.png\";s:5:\"sizes\";a:2:{s:9:\"thumbnail\";a:4:{s:4:\"file\";s:15:\"efl-150x150.png\";s:5:\"width\";i:150;s:6:\"height\";i:150;s:9:\"mime-type\";s:9:\"image/png\";}s:6:\"medium\";a:4:{s:4:\"file\";s:15:\"efl-300x300.png\";s:5:\"width\";i:300;s:6:\"height\";i:300;s:9:\"mime-type\";s:9:\"image/png\";}}s:10:\"image_meta\";a:12:{s:8:\"aperture\";i:0;s:6:\"credit\";s:0:\"\";s:6:\"camera\";s:0:\"\";s:7:\"caption\";s:0:\"\";s:17:\"created_timestamp\";i:0;s:9:\"copyright\";s:0:\"\";s:12:\"focal_length\";i:0;s:3:\"iso\";i:0;s:13:\"shutter_speed\";i:0;s:5:\"title\";s:0:\"\";s:11:\"orientation\";i:0;s:8:\"keywords\";a:0:{}}}'),
(93, 35, '_wp_attached_file', '2016/01/efl_300.png'),
(94, 35, '_wp_attachment_metadata', 'a:5:{s:5:\"width\";i:300;s:6:\"height\";i:300;s:4:\"file\";s:19:\"2016/01/efl_300.png\";s:5:\"sizes\";a:1:{s:9:\"thumbnail\";a:4:{s:4:\"file\";s:19:\"efl_300-150x150.png\";s:5:\"width\";i:150;s:6:\"height\";i:150;s:9:\"mime-type\";s:9:\"image/png\";}}s:10:\"image_meta\";a:12:{s:8:\"aperture\";i:0;s:6:\"credit\";s:0:\"\";s:6:\"camera\";s:0:\"\";s:7:\"caption\";s:0:\"\";s:17:\"created_timestamp\";i:0;s:9:\"copyright\";s:0:\"\";s:12:\"focal_length\";i:0;s:3:\"iso\";i:0;s:13:\"shutter_speed\";i:0;s:5:\"title\";s:0:\"\";s:11:\"orientation\";i:0;s:8:\"keywords\";a:0:{}}}'),
(95, 32, '_thumbnail_id', '35'),
(97, 36, '_wp_attached_file', '2016/01/e3_logo_click.png'),
(98, 36, '_wp_attachment_metadata', 'a:5:{s:5:\"width\";i:400;s:6:\"height\";i:80;s:4:\"file\";s:25:\"2016/01/e3_logo_click.png\";s:5:\"sizes\";a:2:{s:9:\"thumbnail\";a:4:{s:4:\"file\";s:24:\"e3_logo_click-150x80.png\";s:5:\"width\";i:150;s:6:\"height\";i:80;s:9:\"mime-type\";s:9:\"image/png\";}s:6:\"medium\";a:4:{s:4:\"file\";s:24:\"e3_logo_click-300x60.png\";s:5:\"width\";i:300;s:6:\"height\";i:60;s:9:\"mime-type\";s:9:\"image/png\";}}s:10:\"image_meta\";a:12:{s:8:\"aperture\";i:0;s:6:\"credit\";s:0:\"\";s:6:\"camera\";s:0:\"\";s:7:\"caption\";s:0:\"\";s:17:\"created_timestamp\";i:0;s:9:\"copyright\";s:0:\"\";s:12:\"focal_length\";i:0;s:3:\"iso\";i:0;s:13:\"shutter_speed\";i:0;s:5:\"title\";s:0:\"\";s:11:\"orientation\";i:0;s:8:\"keywords\";a:0:{}}}'),
(199, 74, '_wp_attachment_metadata', 'a:5:{s:5:\"width\";i:512;s:6:\"height\";i:512;s:4:\"file\";s:23:\"2016/01/cropped-300.png\";s:5:\"sizes\";a:7:{s:6:\"medium\";a:4:{s:4:\"file\";s:23:\"cropped-300-300x300.png\";s:5:\"width\";i:300;s:6:\"height\";i:300;s:9:\"mime-type\";s:9:\"image/png\";}s:9:\"thumbnail\";a:4:{s:4:\"file\";s:23:\"cropped-300-150x150.png\";s:5:\"width\";i:150;s:6:\"height\";i:150;s:9:\"mime-type\";s:9:\"image/png\";}s:14:\"post-thumbnail\";a:4:{s:4:\"file\";s:23:\"cropped-300-512x372.png\";s:5:\"width\";i:512;s:6:\"height\";i:372;s:9:\"mime-type\";s:9:\"image/png\";}s:13:\"site_icon-270\";a:4:{s:4:\"file\";s:23:\"cropped-300-270x270.png\";s:5:\"width\";i:270;s:6:\"height\";i:270;s:9:\"mime-type\";s:9:\"image/png\";}s:13:\"site_icon-192\";a:4:{s:4:\"file\";s:23:\"cropped-300-192x192.png\";s:5:\"width\";i:192;s:6:\"height\";i:192;s:9:\"mime-type\";s:9:\"image/png\";}s:13:\"site_icon-180\";a:4:{s:4:\"file\";s:23:\"cropped-300-180x180.png\";s:5:\"width\";i:180;s:6:\"height\";i:180;s:9:\"mime-type\";s:9:\"image/png\";}s:12:\"site_icon-32\";a:4:{s:4:\"file\";s:21:\"cropped-300-32x32.png\";s:5:\"width\";i:32;s:6:\"height\";i:32;s:9:\"mime-type\";s:9:\"image/png\";}}s:10:\"image_meta\";a:12:{s:8:\"aperture\";s:1:\"0\";s:6:\"credit\";s:0:\"\";s:6:\"camera\";s:0:\"\";s:7:\"caption\";s:0:\"\";s:17:\"created_timestamp\";s:1:\"0\";s:9:\"copyright\";s:0:\"\";s:12:\"focal_length\";s:1:\"0\";s:3:\"iso\";s:1:\"0\";s:13:\"shutter_speed\";s:1:\"0\";s:5:\"title\";s:0:\"\";s:11:\"orientation\";s:1:\"0\";s:8:\"keywords\";a:0:{}}}'),
(198, 74, '_wp_attachment_context', 'site-icon'),
(140, 51, '_menu_item_url', 'https://bmtf.no/'),
(139, 51, '_menu_item_xfn', ''),
(138, 51, '_menu_item_classes', 'a:1:{i:0;s:0:\"\";}'),
(137, 51, '_menu_item_target', '_blank'),
(136, 51, '_menu_item_object', 'custom'),
(135, 51, '_menu_item_object_id', '51'),
(134, 51, '_menu_item_menu_item_parent', '0'),
(133, 51, '_menu_item_type', 'custom'),
(197, 74, '_wp_attached_file', '2016/01/cropped-300.png'),
(160, 54, '_menu_item_type', 'custom'),
(142, 52, '_menu_item_type', 'custom'),
(143, 52, '_menu_item_menu_item_parent', '0'),
(144, 52, '_menu_item_object_id', '52'),
(145, 52, '_menu_item_object', 'custom'),
(146, 52, '_menu_item_target', '_blank'),
(147, 52, '_menu_item_classes', 'a:1:{i:0;s:0:\"\";}'),
(148, 52, '_menu_item_xfn', ''),
(149, 52, '_menu_item_url', 'https://www.finn-takstmann.no/'),
(151, 53, '_menu_item_type', 'custom'),
(152, 53, '_menu_item_menu_item_parent', '0'),
(153, 53, '_menu_item_object_id', '53'),
(154, 53, '_menu_item_object', 'custom'),
(155, 53, '_menu_item_target', '_blank'),
(156, 53, '_menu_item_classes', 'a:1:{i:0;s:0:\"\";}'),
(157, 53, '_menu_item_xfn', ''),
(158, 53, '_menu_item_url', 'https://www.mesterskolen.no/'),
(161, 54, '_menu_item_menu_item_parent', '0'),
(162, 54, '_menu_item_object_id', '54'),
(163, 54, '_menu_item_object', 'custom'),
(164, 54, '_menu_item_target', '_blank'),
(165, 54, '_menu_item_classes', 'a:1:{i:0;s:0:\"\";}'),
(166, 54, '_menu_item_xfn', ''),
(167, 54, '_menu_item_url', 'https://www.eierskifterapport.no/'),
(172, 58, '_edit_lock', '1746797399:1'),
(171, 57, '_edit_lock', '1746797389:1'),
(173, 61, '_menu_item_type', 'post_type'),
(174, 61, '_menu_item_menu_item_parent', '0'),
(175, 61, '_menu_item_object_id', '57'),
(176, 61, '_menu_item_object', 'page'),
(177, 61, '_menu_item_target', ''),
(178, 61, '_menu_item_classes', 'a:1:{i:0;s:0:\"\";}'),
(179, 61, '_menu_item_xfn', ''),
(180, 61, '_menu_item_url', ''),
(186, 58, '_edit_last', '1'),
(182, 51, '_wp_old_date', '2021-05-19'),
(183, 52, '_wp_old_date', '2021-05-19'),
(184, 53, '_wp_old_date', '2021-05-19'),
(185, 54, '_wp_old_date', '2021-05-19'),
(187, 58, '_wp_page_template', 'default'),
(202, 57, '_edit_last', '1'),
(203, 57, '_wp_page_template', 'default');

-- --------------------------------------------------------

--
-- Table structure for table `wp_nytaksttermmeta`
--

CREATE TABLE `wp_nytaksttermmeta` (
  `meta_id` bigint(20) UNSIGNED NOT NULL,
  `term_id` bigint(20) UNSIGNED NOT NULL DEFAULT '0',
  `meta_key` varchar(255) COLLATE utf8mb4_unicode_ci DEFAULT NULL,
  `meta_value` longtext COLLATE utf8mb4_unicode_ci
) ENGINE=MyISAM DEFAULT CHARSET=utf8mb4 COLLATE=utf8mb4_unicode_ci;

-- --------------------------------------------------------

--
-- Table structure for table `wp_nytakstterms`
--

CREATE TABLE `wp_nytakstterms` (
  `term_id` bigint(20) UNSIGNED NOT NULL,
  `name` varchar(200) COLLATE utf8mb4_unicode_ci NOT NULL DEFAULT '',
  `slug` varchar(200) COLLATE utf8mb4_unicode_ci NOT NULL DEFAULT '',
  `term_group` bigint(10) NOT NULL DEFAULT '0'
) ENGINE=MyISAM DEFAULT CHARSET=utf8mb4 COLLATE=utf8mb4_unicode_ci;

--
-- Dumping data for table `wp_nytakstterms`
--

INSERT INTO `wp_nytakstterms` (`term_id`, `name`, `slug`, `term_group`) VALUES
(1, 'Rapporter', 'rapporter', 0),
(2, 'Menu', 'menu', 0),
(3, 'admin', 'admin', 0);

-- --------------------------------------------------------

--
-- Table structure for table `wp_nytakstterm_relationships`
--

CREATE TABLE `wp_nytakstterm_relationships` (
  `object_id` bigint(20) UNSIGNED NOT NULL DEFAULT '0',
  `term_taxonomy_id` bigint(20) UNSIGNED NOT NULL DEFAULT '0',
  `term_order` int(11) NOT NULL DEFAULT '0'
) ENGINE=MyISAM DEFAULT CHARSET=utf8mb4 COLLATE=utf8mb4_unicode_ci;

--
-- Dumping data for table `wp_nytakstterm_relationships`
--

INSERT INTO `wp_nytakstterm_relationships` (`object_id`, `term_taxonomy_id`, `term_order`) VALUES
(1, 1, 0),
(6, 2, 0),
(12, 1, 0),
(29, 1, 0),
(32, 1, 0),
(52, 3, 0),
(51, 3, 0),
(53, 3, 0),
(54, 3, 0),
(61, 3, 0);

-- --------------------------------------------------------

--
-- Table structure for table `wp_nytakstterm_taxonomy`
--

CREATE TABLE `wp_nytakstterm_taxonomy` (
  `term_taxonomy_id` bigint(20) UNSIGNED NOT NULL,
  `term_id` bigint(20) UNSIGNED NOT NULL DEFAULT '0',
  `taxonomy` varchar(32) COLLATE utf8mb4_unicode_ci NOT NULL DEFAULT '',
  `description` longtext COLLATE utf8mb4_unicode_ci NOT NULL,
  `parent` bigint(20) UNSIGNED NOT NULL DEFAULT '0',
  `count` bigint(20) NOT NULL DEFAULT '0'
) ENGINE=MyISAM DEFAULT CHARSET=utf8mb4 COLLATE=utf8mb4_unicode_ci;

--
-- Dumping data for table `wp_nytakstterm_taxonomy`
--

INSERT INTO `wp_nytakstterm_taxonomy` (`term_taxonomy_id`, `term_id`, `taxonomy`, `description`, `parent`, `count`) VALUES
(1, 1, 'category', '', 0, 1),
(2, 2, 'nav_menu', '', 0, 1),
(3, 3, 'nav_menu', '', 0, 5);

-- --------------------------------------------------------

--
-- Table structure for table `wp_nytakstusermeta`
--

CREATE TABLE `wp_nytakstusermeta` (
  `umeta_id` bigint(20) UNSIGNED NOT NULL,
  `user_id` bigint(20) UNSIGNED NOT NULL DEFAULT '0',
  `meta_key` varchar(255) COLLATE utf8mb4_unicode_ci DEFAULT NULL,
  `meta_value` longtext COLLATE utf8mb4_unicode_ci
) ENGINE=MyISAM DEFAULT CHARSET=utf8mb4 COLLATE=utf8mb4_unicode_ci;

--
-- Dumping data for table `wp_nytakstusermeta`
--

INSERT INTO `wp_nytakstusermeta` (`umeta_id`, `user_id`, `meta_key`, `meta_value`) VALUES
(1, 1, 'nickname', 'Administrator'),
(2, 1, 'first_name', ''),
(3, 1, 'last_name', ''),
(4, 1, 'description', ''),
(5, 1, 'rich_editing', 'true'),
(6, 1, 'comment_shortcuts', 'false'),
(7, 1, 'admin_color', 'fresh'),
(8, 1, 'use_ssl', '0'),
(9, 1, 'show_admin_bar_front', 'true'),
(10, 1, 'wp_nytakstcapabilities', 'a:1:{s:13:\"administrator\";b:1;}'),
(11, 1, 'wp_nytakstuser_level', '10'),
(12, 1, 'dismissed_wp_pointers', ''),
(13, 1, 'show_welcome_panel', '1'),
(14, 1, 'session_tokens', 'a:1:{s:64:\"20188a6ad2686e93da1e8f947d8c074676b885dd71bd5218e44961f04282bdcd\";a:4:{s:10:\"expiration\";i:1746969966;s:2:\"ip\";s:12:\"172.71.95.36\";s:2:\"ua\";s:111:\"Mozilla/5.0 (Windows NT 10.0; Win64; x64) AppleWebKit/537.36 (KHTML, like Gecko) Chrome/136.0.0.0 Safari/537.36\";s:5:\"login\";i:1746797166;}}'),
(15, 1, 'wp_nytakstdashboard_quick_press_last_post_id', '76'),
(16, 1, 'wporg_favorites', ''),
(17, 1, 'managenav-menuscolumnshidden', 'a:4:{i:0;s:15:\"title-attribute\";i:1;s:11:\"css-classes\";i:2;s:3:\"xfn\";i:3;s:11:\"description\";}'),
(18, 1, 'metaboxhidden_nav-menus', 'a:2:{i:0;s:12:\"add-post_tag\";i:1;s:15:\"add-post_format\";}'),
(19, 1, 'nav_menu_recently_edited', '3'),
(20, 1, 'wp_nytakstuser-settings', 'libraryContent=browse&editor=html'),
(21, 1, 'wp_nytakstuser-settings-time', '1454930754'),
(22, 1, 'default_password_nag', ''),
(25, 1, 'syntax_highlighting', 'true'),
(26, 1, 'locale', ''),
(23, 1, 'community-events-location', 'a:1:{s:2:\"ip\";s:20:\"2a04:6ec0:258:3960::\";}'),
(27, 1, 'wp_nytakstpersisted_preferences', 'a:2:{s:17:\"core/edit-widgets\";a:2:{s:26:\"isComplementaryAreaVisible\";b:1;s:12:\"welcomeGuide\";b:0;}s:9:\"_modified\";s:24:\"2025-05-09T13:34:11.860Z\";}');

-- --------------------------------------------------------

--
-- Table structure for table `wp_nytakstwpforms_entries`
--

CREATE TABLE `wp_nytakstwpforms_entries` (
  `entry_id` bigint(20) NOT NULL,
  `form_id` bigint(20) NOT NULL,
  `post_id` bigint(20) NOT NULL,
  `user_id` bigint(20) NOT NULL,
  `status` varchar(30) COLLATE utf8mb4_unicode_520_ci NOT NULL,
  `type` varchar(30) COLLATE utf8mb4_unicode_520_ci NOT NULL,
  `viewed` tinyint(1) DEFAULT '0',
  `starred` tinyint(1) DEFAULT '0',
  `fields` longtext COLLATE utf8mb4_unicode_520_ci NOT NULL,
  `meta` longtext COLLATE utf8mb4_unicode_520_ci NOT NULL,
  `date` datetime NOT NULL,
  `date_modified` datetime NOT NULL,
  `ip_address` varchar(128) COLLATE utf8mb4_unicode_520_ci NOT NULL,
  `user_agent` varchar(256) COLLATE utf8mb4_unicode_520_ci NOT NULL,
  `user_uuid` varchar(36) COLLATE utf8mb4_unicode_520_ci NOT NULL
) ENGINE=InnoDB DEFAULT CHARSET=utf8mb4 COLLATE=utf8mb4_unicode_520_ci;

--
-- Dumping data for table `wp_nytakstwpforms_entries`
--

INSERT INTO `wp_nytakstwpforms_entries` (`entry_id`, `form_id`, `post_id`, `user_id`, `status`, `type`, `viewed`, `starred`, `fields`, `meta`, `date`, `date_modified`, `ip_address`, `user_agent`, `user_uuid`) VALUES
(1, 55, 0, 1, '', '', 0, 0, '{\"0\":{\"name\":\"Navn\",\"value\":\"Frank\",\"id\":0,\"type\":\"name\",\"first\":\"\",\"middle\":\"\",\"last\":\"\"},\"7\":{\"name\":\"Adresse\",\"value\":\"Tester\",\"id\":7,\"type\":\"text\"},\"8\":{\"name\":\"Postnummer og poststed\",\"value\":\"4567\",\"id\":8,\"type\":\"text\"},\"1\":{\"name\":\"Email\",\"value\":\"frank@frx.no\",\"id\":1,\"type\":\"email\"},\"5\":{\"name\":\"Telefon\",\"value\":\"+4916091177666\",\"id\":5,\"type\":\"phone\"},\"3\":{\"name\":\"Medlemsrabatt\",\"value\":\"Medlem i BMTF\",\"value_raw\":\"Medlem i BMTF\",\"id\":3,\"type\":\"select\"}}', '', '2021-05-21 05:48:15', '2021-05-21 05:48:15', '217.248.195.1', 'Mozilla/5.0 (Windows NT 10.0; Win64; x64) AppleWebKit/537.36 (KHTML, like Gecko) Chrome/90.0.4430.212 Safari/537.36', 'a6a4a050-7cc1-443d-83c0-7bb1952b6fcf'),
(2, 55, 0, 1, '', '', 0, 0, '{\"0\":{\"name\":\"Navn\",\"value\":\"Frank\",\"id\":0,\"type\":\"name\",\"first\":\"\",\"middle\":\"\",\"last\":\"\"},\"7\":{\"name\":\"Adresse\",\"value\":\"Aalborg str\",\"id\":7,\"type\":\"text\"},\"8\":{\"name\":\"Postnummer og poststed\",\"value\":\"4567\",\"id\":8,\"type\":\"text\"},\"1\":{\"name\":\"Email\",\"value\":\"frank@dbare.de\",\"id\":1,\"type\":\"email\"},\"5\":{\"name\":\"Telefon\",\"value\":\"+4916091177666\",\"id\":5,\"type\":\"phone\"},\"3\":{\"name\":\"Medlemsrabatt\",\"value\":\"Medlem i BMTF\",\"value_raw\":\"Medlem i BMTF\",\"id\":3,\"type\":\"select\"}}', '', '2021-05-21 05:51:54', '2021-05-21 05:51:54', '217.248.195.1', 'Mozilla/5.0 (Windows NT 10.0; Win64; x64) AppleWebKit/537.36 (KHTML, like Gecko) Chrome/90.0.4430.212 Safari/537.36', 'a6a4a050-7cc1-443d-83c0-7bb1952b6fcf'),
(3, 55, 0, 1, '', '', 0, 0, '{\"0\":{\"name\":\"Navn\",\"value\":\"Frank\",\"id\":0,\"type\":\"name\",\"first\":\"\",\"middle\":\"\",\"last\":\"\"},\"7\":{\"name\":\"Adresse\",\"value\":\"Aalborg str\",\"id\":7,\"type\":\"text\"},\"8\":{\"name\":\"Postnummer og poststed\",\"value\":\"4567\",\"id\":8,\"type\":\"text\"},\"1\":{\"name\":\"Email\",\"value\":\"frank@dbare.de\",\"id\":1,\"type\":\"email\"},\"5\":{\"name\":\"Telefon\",\"value\":\"+4916091177666\",\"id\":5,\"type\":\"phone\"},\"3\":{\"name\":\"Medlemsrabatt\",\"value\":\"Medlem i BMTF\",\"value_raw\":\"Medlem i BMTF\",\"id\":3,\"type\":\"select\"}}', '', '2021-05-21 05:53:20', '2021-05-21 05:53:20', '217.248.195.1', 'Mozilla/5.0 (Windows NT 10.0; Win64; x64) AppleWebKit/537.36 (KHTML, like Gecko) Chrome/90.0.4430.212 Safari/537.36', 'a6a4a050-7cc1-443d-83c0-7bb1952b6fcf');

-- --------------------------------------------------------

--
-- Table structure for table `wp_nytakstwpforms_entry_fields`
--

CREATE TABLE `wp_nytakstwpforms_entry_fields` (
  `id` bigint(20) NOT NULL,
  `entry_id` bigint(20) NOT NULL,
  `form_id` bigint(20) NOT NULL,
  `field_id` int(11) NOT NULL,
  `value` longtext COLLATE utf8mb4_unicode_520_ci NOT NULL,
  `date` datetime NOT NULL
) ENGINE=InnoDB DEFAULT CHARSET=utf8mb4 COLLATE=utf8mb4_unicode_520_ci;

--
-- Dumping data for table `wp_nytakstwpforms_entry_fields`
--

INSERT INTO `wp_nytakstwpforms_entry_fields` (`id`, `entry_id`, `form_id`, `field_id`, `value`, `date`) VALUES
(1, 1, 55, 0, 'Frank', '2021-05-21 05:48:15'),
(2, 1, 55, 7, 'Tester', '2021-05-21 05:48:15'),
(3, 1, 55, 8, '4567', '2021-05-21 05:48:15'),
(4, 1, 55, 1, 'frank@frx.no', '2021-05-21 05:48:15'),
(5, 1, 55, 5, '+4916091177666', '2021-05-21 05:48:15'),
(6, 1, 55, 3, 'Medlem i BMTF', '2021-05-21 05:48:15'),
(7, 2, 55, 0, 'Frank', '2021-05-21 05:51:54'),
(8, 2, 55, 7, 'Aalborg str', '2021-05-21 05:51:54'),
(9, 2, 55, 8, '4567', '2021-05-21 05:51:54'),
(10, 2, 55, 1, 'frank@dbare.de', '2021-05-21 05:51:54'),
(11, 2, 55, 5, '+4916091177666', '2021-05-21 05:51:54'),
(12, 2, 55, 3, 'Medlem i BMTF', '2021-05-21 05:51:54'),
(13, 3, 55, 0, 'Frank', '2021-05-21 05:53:20'),
(14, 3, 55, 7, 'Aalborg str', '2021-05-21 05:53:20'),
(15, 3, 55, 8, '4567', '2021-05-21 05:53:20'),
(16, 3, 55, 1, 'frank@dbare.de', '2021-05-21 05:53:20'),
(17, 3, 55, 5, '+4916091177666', '2021-05-21 05:53:20'),
(18, 3, 55, 3, 'Medlem i BMTF', '2021-05-21 05:53:20');

-- --------------------------------------------------------

--
-- Table structure for table `wp_nytakstwpforms_entry_meta`
--

CREATE TABLE `wp_nytakstwpforms_entry_meta` (
  `id` bigint(20) NOT NULL,
  `entry_id` bigint(20) NOT NULL,
  `form_id` bigint(20) NOT NULL,
  `user_id` bigint(20) NOT NULL,
  `status` varchar(30) COLLATE utf8mb4_unicode_520_ci NOT NULL,
  `type` varchar(30) COLLATE utf8mb4_unicode_520_ci NOT NULL,
  `data` longtext COLLATE utf8mb4_unicode_520_ci NOT NULL,
  `date` datetime NOT NULL
) ENGINE=InnoDB DEFAULT CHARSET=utf8mb4 COLLATE=utf8mb4_unicode_520_ci;

-- --------------------------------------------------------

--
-- Table structure for table `wp_nytakstwpforms_tasks_meta`
--

CREATE TABLE `wp_nytakstwpforms_tasks_meta` (
  `id` bigint(20) NOT NULL,
  `action` varchar(255) COLLATE utf8mb4_unicode_520_ci NOT NULL,
  `data` longtext COLLATE utf8mb4_unicode_520_ci NOT NULL,
  `date` datetime NOT NULL
) ENGINE=InnoDB DEFAULT CHARSET=utf8mb4 COLLATE=utf8mb4_unicode_520_ci;

--
-- Dumping data for table `wp_nytakstwpforms_tasks_meta`
--

INSERT INTO `wp_nytakstwpforms_tasks_meta` (`id`, `action`, `data`, `date`) VALUES
(1, 'wpforms_process_entry_emails_meta_cleanup', 'Wzg2NDAwXQ==', '2021-05-21 04:40:01'),
(2, 'wpforms_admin_addons_cache_update', 'W10=', '2021-05-21 04:40:01'),
(3, 'wpforms_admin_notifications_update', 'W10=', '2021-05-21 04:50:03'),
(4, 'wpforms_builder_help_cache_update', 'W10=', '2021-05-21 04:50:35'),
(5, 'wpforms_process_entry_emails_meta_cleanup', 'Wzg2NDAwXQ==', '2021-05-21 04:54:55'),
(6, 'wpforms_admin_addons_cache_update', 'W10=', '2021-05-21 04:59:08'),
(7, 'wpforms_builder_help_cache_update', 'W10=', '2021-05-21 04:59:26'),
(8, 'wpforms_admin_notifications_update', 'W10=', '2021-07-26 15:01:22'),
(9, 'wpforms_admin_notifications_update', 'W10=', '2025-05-09 13:26:11');

--
-- Indexes for dumped tables
--

--
-- Indexes for table `wp_nytakstactionscheduler_actions`
--
ALTER TABLE `wp_nytakstactionscheduler_actions`
  ADD PRIMARY KEY (`action_id`),
  ADD KEY `hook` (`hook`),
  ADD KEY `status` (`status`),
  ADD KEY `scheduled_date_gmt` (`scheduled_date_gmt`),
  ADD KEY `args` (`args`),
  ADD KEY `group_id` (`group_id`),
  ADD KEY `last_attempt_gmt` (`last_attempt_gmt`),
  ADD KEY `claim_id` (`claim_id`);

--
-- Indexes for table `wp_nytakstactionscheduler_claims`
--
ALTER TABLE `wp_nytakstactionscheduler_claims`
  ADD PRIMARY KEY (`claim_id`),
  ADD KEY `date_created_gmt` (`date_created_gmt`);

--
-- Indexes for table `wp_nytakstactionscheduler_groups`
--
ALTER TABLE `wp_nytakstactionscheduler_groups`
  ADD PRIMARY KEY (`group_id`),
  ADD KEY `slug` (`slug`(191));

--
-- Indexes for table `wp_nytakstactionscheduler_logs`
--
ALTER TABLE `wp_nytakstactionscheduler_logs`
  ADD PRIMARY KEY (`log_id`),
  ADD KEY `action_id` (`action_id`),
  ADD KEY `log_date_gmt` (`log_date_gmt`);

--
-- Indexes for table `wp_nytakstcommentmeta`
--
ALTER TABLE `wp_nytakstcommentmeta`
  ADD PRIMARY KEY (`meta_id`),
  ADD KEY `comment_id` (`comment_id`),
  ADD KEY `meta_key` (`meta_key`(191));

--
-- Indexes for table `wp_nytakstcomments`
--
ALTER TABLE `wp_nytakstcomments`
  ADD PRIMARY KEY (`comment_ID`),
  ADD KEY `comment_post_ID` (`comment_post_ID`),
  ADD KEY `comment_approved_date_gmt` (`comment_approved`,`comment_date_gmt`),
  ADD KEY `comment_date_gmt` (`comment_date_gmt`),
  ADD KEY `comment_parent` (`comment_parent`),
  ADD KEY `comment_author_email` (`comment_author_email`(10));

--
-- Indexes for table `wp_nytakstlinks`
--
ALTER TABLE `wp_nytakstlinks`
  ADD PRIMARY KEY (`link_id`),
  ADD KEY `link_visible` (`link_visible`);

--
-- Indexes for table `wp_nytakstoptions`
--
ALTER TABLE `wp_nytakstoptions`
  ADD PRIMARY KEY (`option_id`),
  ADD UNIQUE KEY `option_name` (`option_name`),
  ADD KEY `autoload` (`autoload`);

--
-- Indexes for table `wp_nytakstpostmeta`
--
ALTER TABLE `wp_nytakstpostmeta`
  ADD PRIMARY KEY (`meta_id`),
  ADD KEY `post_id` (`post_id`),
  ADD KEY `meta_key` (`meta_key`(191));

--
-- Indexes for table `wp_nytaksttermmeta`
--
ALTER TABLE `wp_nytaksttermmeta`
  ADD PRIMARY KEY (`meta_id`),
  ADD KEY `term_id` (`term_id`),
  ADD KEY `meta_key` (`meta_key`(191));

--
-- Indexes for table `wp_nytakstterms`
--
ALTER TABLE `wp_nytakstterms`
  ADD PRIMARY KEY (`term_id`),
  ADD KEY `slug` (`slug`(191)),
  ADD KEY `name` (`name`(191));

--
-- Indexes for table `wp_nytakstterm_relationships`
--
ALTER TABLE `wp_nytakstterm_relationships`
  ADD PRIMARY KEY (`object_id`,`term_taxonomy_id`),
  ADD KEY `term_taxonomy_id` (`term_taxonomy_id`);

--
-- Indexes for table `wp_nytakstterm_taxonomy`
--
ALTER TABLE `wp_nytakstterm_taxonomy`
  ADD PRIMARY KEY (`term_taxonomy_id`),
  ADD UNIQUE KEY `term_id_taxonomy` (`term_id`,`taxonomy`),
  ADD KEY `taxonomy` (`taxonomy`);

--
-- Indexes for table `wp_nytakstusermeta`
--
ALTER TABLE `wp_nytakstusermeta`
  ADD PRIMARY KEY (`umeta_id`),
  ADD KEY `user_id` (`user_id`),
  ADD KEY `meta_key` (`meta_key`(191));

--
-- Indexes for table `wp_nytakstwpforms_entries`
--
ALTER TABLE `wp_nytakstwpforms_entries`
  ADD PRIMARY KEY (`entry_id`),
  ADD KEY `form_id` (`form_id`);

--
-- Indexes for table `wp_nytakstwpforms_entry_fields`
--
ALTER TABLE `wp_nytakstwpforms_entry_fields`
  ADD PRIMARY KEY (`id`),
  ADD KEY `entry_id` (`entry_id`),
  ADD KEY `form_id` (`form_id`),
  ADD KEY `field_id` (`field_id`);

--
-- Indexes for table `wp_nytakstwpforms_entry_meta`
--
ALTER TABLE `wp_nytakstwpforms_entry_meta`
  ADD PRIMARY KEY (`id`),
  ADD KEY `entry_id` (`entry_id`);

--
-- Indexes for table `wp_nytakstwpforms_tasks_meta`
--
ALTER TABLE `wp_nytakstwpforms_tasks_meta`
  ADD PRIMARY KEY (`id`);

--
-- AUTO_INCREMENT for dumped tables
--

--
-- AUTO_INCREMENT for table `wp_nytakstactionscheduler_actions`
--
ALTER TABLE `wp_nytakstactionscheduler_actions`
  MODIFY `action_id` bigint(20) UNSIGNED NOT NULL AUTO_INCREMENT, AUTO_INCREMENT=2687;

--
-- AUTO_INCREMENT for table `wp_nytakstactionscheduler_claims`
--
ALTER TABLE `wp_nytakstactionscheduler_claims`
  MODIFY `claim_id` bigint(20) UNSIGNED NOT NULL AUTO_INCREMENT, AUTO_INCREMENT=4826;

--
-- AUTO_INCREMENT for table `wp_nytakstactionscheduler_groups`
--
ALTER TABLE `wp_nytakstactionscheduler_groups`
  MODIFY `group_id` bigint(20) UNSIGNED NOT NULL AUTO_INCREMENT, AUTO_INCREMENT=3;

--
-- AUTO_INCREMENT for table `wp_nytakstactionscheduler_logs`
--
ALTER TABLE `wp_nytakstactionscheduler_logs`
  MODIFY `log_id` bigint(20) UNSIGNED NOT NULL AUTO_INCREMENT, AUTO_INCREMENT=7880;

--
-- AUTO_INCREMENT for table `wp_nytakstcommentmeta`
--
ALTER TABLE `wp_nytakstcommentmeta`
  MODIFY `meta_id` bigint(20) UNSIGNED NOT NULL AUTO_INCREMENT, AUTO_INCREMENT=39;

--
-- AUTO_INCREMENT for table `wp_nytakstcomments`
--
ALTER TABLE `wp_nytakstcomments`
  MODIFY `comment_ID` bigint(20) UNSIGNED NOT NULL AUTO_INCREMENT, AUTO_INCREMENT=20;

--
-- AUTO_INCREMENT for table `wp_nytakstlinks`
--
ALTER TABLE `wp_nytakstlinks`
  MODIFY `link_id` bigint(20) UNSIGNED NOT NULL AUTO_INCREMENT;

--
-- AUTO_INCREMENT for table `wp_nytakstoptions`
--
ALTER TABLE `wp_nytakstoptions`
  MODIFY `option_id` bigint(20) UNSIGNED NOT NULL AUTO_INCREMENT, AUTO_INCREMENT=686681;

--
-- AUTO_INCREMENT for table `wp_nytakstpostmeta`
--
ALTER TABLE `wp_nytakstpostmeta`
  MODIFY `meta_id` bigint(20) UNSIGNED NOT NULL AUTO_INCREMENT, AUTO_INCREMENT=204;

--
-- AUTO_INCREMENT for table `wp_nytaksttermmeta`
--
ALTER TABLE `wp_nytaksttermmeta`
  MODIFY `meta_id` bigint(20) UNSIGNED NOT NULL AUTO_INCREMENT;

--
-- AUTO_INCREMENT for table `wp_nytakstterms`
--
ALTER TABLE `wp_nytakstterms`
  MODIFY `term_id` bigint(20) UNSIGNED NOT NULL AUTO_INCREMENT, AUTO_INCREMENT=4;

--
-- AUTO_INCREMENT for table `wp_nytakstterm_taxonomy`
--
ALTER TABLE `wp_nytakstterm_taxonomy`
  MODIFY `term_taxonomy_id` bigint(20) UNSIGNED NOT NULL AUTO_INCREMENT, AUTO_INCREMENT=4;

--
-- AUTO_INCREMENT for table `wp_nytakstusermeta`
--
ALTER TABLE `wp_nytakstusermeta`
  MODIFY `umeta_id` bigint(20) UNSIGNED NOT NULL AUTO_INCREMENT, AUTO_INCREMENT=28;

--
-- AUTO_INCREMENT for table `wp_nytakstwpforms_entries`
--
ALTER TABLE `wp_nytakstwpforms_entries`
  MODIFY `entry_id` bigint(20) NOT NULL AUTO_INCREMENT, AUTO_INCREMENT=4;

--
-- AUTO_INCREMENT for table `wp_nytakstwpforms_entry_fields`
--
ALTER TABLE `wp_nytakstwpforms_entry_fields`
  MODIFY `id` bigint(20) NOT NULL AUTO_INCREMENT, AUTO_INCREMENT=19;

--
-- AUTO_INCREMENT for table `wp_nytakstwpforms_entry_meta`
--
ALTER TABLE `wp_nytakstwpforms_entry_meta`
  MODIFY `id` bigint(20) NOT NULL AUTO_INCREMENT;

--
-- AUTO_INCREMENT for table `wp_nytakstwpforms_tasks_meta`
--
ALTER TABLE `wp_nytakstwpforms_tasks_meta`
  MODIFY `id` bigint(20) NOT NULL AUTO_INCREMENT, AUTO_INCREMENT=10;
COMMIT;

